{"id":2543,"date":"2014-11-03T18:56:50","date_gmt":"2014-11-03T17:56:50","guid":{"rendered":"https:\/\/wordpress.famberg.de\/index.php\/produkt\/lava-garantieverlaengerung-von-2-auf-5-jahre-nur-direkt-beim-geraetekauf-moeglich\/"},"modified":"2026-02-03T14:11:40","modified_gmt":"2026-02-03T13:11:40","slug":"lava-garantieverlaengerung-von-2-auf-5-jahre-nur-direkt-beim-geraetekauf-moeglich","status":"publish","type":"product","link":"https:\/\/wordpress.famberg.de\/index.php\/produkt\/lava-garantieverlaengerung-von-2-auf-5-jahre-nur-direkt-beim-geraetekauf-moeglich\/","title":{"rendered":"Lava Garantieverl\u00e4ngerung von 2 auf 5 Jahre"},"content":{"rendered":"<p><b>5 Jahre Garantie f\u00fcr Ihr Lava<\/b><\/p><p>Verl\u00e4ngern Sie die Garantiezeit f\u00fcr Ihr Lava Vakuumierger\u00e4t von 2 auf 5 Jahre zum moderaten Mehrpreis.<\/p><p><b>Richtlinien &amp; Hinweise<\/b><\/p><p><span style=\"color: #008000;\"><strong>Garantieverl\u00e4ngerung nur direkt beim Ger\u00e4tekauf abschlie\u00dfbar.<\/strong><\/span> G\u00fcltig nur mit der vollst\u00e4ndig ausgef\u00fcllten &#8222;Lava- 5-Jahres-Garantiekarte&#8220;, welche jedem Produkt mit verl\u00e4ngerter Garantie beigef\u00fcgt ist (Fragen Sie unbedingt Ihren H\u00e4ndler). Ohne diese Garantiekarte ist die\u00a0 Anerkennung der 5-Jahres Garantie nicht m\u00f6glich.<\/p><p><b>Beschreibung der Garantieverl\u00e4ngerung:<\/b><\/p><p>Lava steht als Hersteller zu 100% hinter dem eigenen Produkt &#8211; Sie erhalten daher auf alle Vakuumierger\u00e4te bis zu 5 Jahre Garantie (gegen Mehrpreis bei Bestellung). Die Garantie beinhaltet alle elektrischen, beweglichen Bauteile der Vakuumierger\u00e4te wie Pumpe, Trafo, Elektronikplatine oder auch Schalter. Verschlei\u00dfteile wie beispielsweise Dichtungen oder auch Schwei\u00dfb\u00e4nder sind davon jedoch ausgenommen.<\/p>","protected":false},"excerpt":{"rendered":"<p>5 Jahre Garantie f\u00fcr Ihr LavaVerl\u00e4ngern Sie die Garantiezeit f\u00fcr Ihr Lava Vakuumierger\u00e4t von 2 auf 5 Jahre zum moderaten Mehrpreis.Richtlinien &amp; HinweiseGarantieverl\u00e4ngerung nur direkt beim Ger\u00e4tekauf abschlie\u00dfbar. G\u00fcltig nur mit der vollst\u00e4ndig ausgef\u00fcllten &#8222;Lava- 5-Jahres-Garantiekarte&#8220;, welche jedem Produkt mit verl\u00e4ngerter Garantie beigef\u00fcgt ist (Fragen Sie unbedingt Ihren H\u00e4ndler). Ohne diese Garantiekarte ist die\u00a0 Anerkennung [&hellip;]<\/p>\n","protected":false},"featured_media":5199,"template":"","meta":[],"product_brand":[],"product_cat":[126],"product_tag":[],"class_list":{"0":"post-2543","1":"product","2":"type-product","3":"status-publish","4":"has-post-thumbnail","6":"product_cat-vakuumiergeraete","7":"product_shipping_class-direkt-lava","9":"first","10":"instock","11":"taxable","12":"shipping-taxable","13":"purchasable","14":"product-type-variable"},"supplier_id":null,"supplier_sku":"","barcode":null,"atum_controlled":true,"out_stock_date":null,"out_stock_threshold":null,"inheritable":true,"inbound_stock":0,"stock_on_hold":0,"sold_today":null,"sales_last_days":null,"reserved_stock":0,"customer_returns":0,"warehouse_damage":0,"lost_in_post":0,"other_logs":0,"out_stock_days":null,"lost_sales":null,"has_location":false,"update_date":"2026-02-03T13:11:42","atum_locations":[],"atum_stock_status":"instock","restock_status":false,"low_stock_amount":"","sales_update_date":"2024-10-23T14:02:50","calc_backorders":null,"_links":{"self":[{"href":"https:\/\/wordpress.famberg.de\/index.php\/wp-json\/wp\/v2\/product\/2543","targetHints":{"allow":["GET"]}}],"collection":[{"href":"https:\/\/wordpress.famberg.de\/index.php\/wp-json\/wp\/v2\/product"}],"about":[{"href":"https:\/\/wordpress.famberg.de\/index.php\/wp-json\/wp\/v2\/types\/product"}],"wp:featuredmedia":[{"embeddable":true,"href":"https:\/\/wordpress.famberg.de\/index.php\/wp-json\/wp\/v2\/media\/5199"}],"wp:attachment":[{"href":"https:\/\/wordpress.famberg.de\/index.php\/wp-json\/wp\/v2\/media?parent=2543"}],"wp:term":[{"taxonomy":"product_brand","embeddable":true,"href":"https:\/\/wordpress.famberg.de\/index.php\/wp-json\/wp\/v2\/product_brand?post=2543"},{"taxonomy":"product_cat","embeddable":true,"href":"https:\/\/wordpress.famberg.de\/index.php\/wp-json\/wp\/v2\/product_cat?post=2543"},{"taxonomy":"product_tag","embeddable":true,"href":"https:\/\/wordpress.famberg.de\/index.php\/wp-json\/wp\/v2\/product_tag?post=2543"}],"curies":[{"name":"wp","href":"https:\/\/api.w.org\/{rel}","templated":true}]}}