{"id":2519,"date":"2015-03-27T17:18:12","date_gmt":"2015-03-27T16:18:12","guid":{"rendered":"https:\/\/wordpress.famberg.de\/index.php\/produkt\/lava-profi-vakuumiergeraet-v-400-premium-vakuumgeraet-profi-auch-fuer-gewerbe\/"},"modified":"2026-03-05T15:40:00","modified_gmt":"2026-03-05T14:40:00","slug":"lava-profi-vakuumiergeraet-v-400-premium-vakuumgeraet-profi-auch-fuer-gewerbe","status":"publish","type":"product","link":"https:\/\/wordpress.famberg.de\/index.php\/produkt\/lava-profi-vakuumiergeraet-v-400-premium-vakuumgeraet-profi-auch-fuer-gewerbe\/","title":{"rendered":"Lava Profi Vakuumierger\u00e4t V.400 Premium Vakuumger\u00e4t Profi auch f\u00fcr Gewerbe"},"content":{"rendered":"<p><span style=\"color: #009900; font-size: medium;\"><strong>Inklusive Absaugvorrichtung &amp; Beutel-Start-Set + Zubeh\u00f6r Gratiszugabe &#8211; siehe weiter unten aktuelle Aktion<\/strong><span style=\"color: #000000;\"><br \/><\/span><\/span><\/p><p><span style=\"color: #009900; font-size: medium;\"><strong><span style=\"color: #000000;\">W\u00e4hlen Sie aus welches Set Sie w\u00fcnschen oder teilen Sie uns bitte sp\u00e4testens am Versandtag bis 12 Uhr mit, welches Gratis-Set. Wenn Sie uns nichts mitteilen schicken wir automatisch Set 3.<\/span><\/strong><\/span><span style=\"font-size: medium;\"><br \/><\/span><\/p><p><b><span style=\"font-size: medium;\">Jetzt inklusive eingebaute Vakuum-Druckregulierung L+<\/span><span style=\"font-size: medium;\"><br \/><\/span><\/b><\/p><p><span style=\"font-size: medium;\">Das Profi &#8211; Vakuumierger\u00e4t V.400\u00ae Premium mit 3-fach Schwei\u00dfnaht (mit 46 cm Schwei\u00dfbandl\u00e4nge) ist das meistverkaufte Vakuumierger\u00e4t im Bereich Gewerbemaschinen. Die exakte Manometer-Anzeige, die Anfertigung starker<\/span><span style=\"font-size: medium;\"> Dreifachschwei\u00dfn\u00e4hte und das hochwertigen Edelstahlgeh\u00e4use erm\u00f6glicht den Einsatz im Kleingewerbe, der Gastronmie sowie in der Industrie. Ausger\u00fcstet mit der neuen Lava Turbo Pumpe (LTP) arbeitet dieses Ger\u00e4t nit einem <\/span><\/p><p><span style=\"font-size: medium;\">\u00a0\u00a0 Unterdruck von -0,90 bar bei starker 35 ltr.\/min. Pumpenleistung.<br \/><span style=\"font-family: Arial, Helvetica, sans-serif;\"><b><strong><br \/><\/strong>Auf dem Markt der Vakuumverpackung gibt es viele Anbieter- Warum Lava Vakuumierger\u00e4te?<\/b><br \/>Das Lava Vakuumierger\u00e4t<br \/><\/span><\/span><\/p><ul><li>hat eine lange Lebensdauer,<\/li><li>ist gefertigt in Deutschland,<\/li><li>ist geeignet f\u00fcr Gastronomie und Gewerbe,<\/li><li>ist f\u00fcr den Einsatz mit Beuteln und Beh\u00e4ltern geeignet,<\/li><li>ist f\u00fcr den t\u00e4glichen Dauereinsatz konzipiert,<\/li><li>kann auch f\u00fcr druckempfindliche Lebensmittel eingesetzt werden.<\/li><\/ul><p><span style=\"font-size: medium;\">Ein Lava-Vakuumierger\u00e4t ist eine langfristige Investition und hat eine durchschnittliche Lebensdauer von 15 Jahren! Herstellergarantie von 2 Jahren.<br \/><b>Hier im Shop optional erh\u00e4ltlich &#8211; Eine Garantieverl\u00e4ngerung auf 5 Jahre<\/b> ab 35,00 \u20ac. Wichtig: Garantie nur direkt beim Ger\u00e4tekauf abschlie\u00dfbar. G\u00fcltig nur mit der vollst\u00e4ndig ausgef\u00fcllten &#8218;Lava-5-Jahres-Garantiekarte&#8216;, welche jedem Produkt mit verl\u00e4ngerter Garantie beigef\u00fcgt ist (Fragen Sie unbedingt Ihren H\u00e4ndler). Ohne diese Garantiekarte ist die Anerkennung der 5-Jahres-Garantie nicht m\u00f6glich.<br \/><\/span><br \/><span style=\"font-size: medium;\"><img decoding=\"async\" src=\"https:\/\/ebaylayout.famberg.de\/userfiles\/LavaSets.png\" alt=\"Aktion\" align=\"none\" \/><\/span><span style=\"font-size: medium;\">FUNKTIONEN des Lava Vakuumierger\u00e4tes V400<\/span><\/p><ul><li><span style=\"font-size: medium;\">Vollautomatik: Automatischer Verschlie\u00df- Vakuumier- und Verschwei\u00dfvorgang. Inklusive Lava-Sensorsteuerung<\/span><\/li><li><span style=\"font-size: medium;\">Professionelles Vakuumieren und Verschwei\u00dfen von Lebensmitteln, Industrieteilen und sonstigen Gegenst\u00e4nden<\/span><\/li><li><span style=\"font-size: medium;\">Beutel oder Rollen verschwei\u00dfen und vakuumieren, umschaltbar zu jeder Zeit auch auf den Beh\u00e4lter-Modus<\/span><\/li><li><span style=\"font-size: medium;\">Individuell einstellbare Schwei\u00dfzeit &#8211; damit k\u00f6nnen Folien bis 200\u00b5 (Industriest\u00e4rke) mit einer Breite von bis zu 460 mm verschwei\u00dft werden<\/span><\/li><li><span style=\"font-size: medium;\">Herstellung von Folienbeuteln von individueller L\u00e4nge (Endlosrollen finden Sie in 6 Breiten im Lava Zubeh\u00f6rbereich)<\/span><\/li><li><span style=\"font-size: medium;\">Sanftes Vakuum: Exakte Druckregulierung beim V.400 Premium bereits eingebaut, zum Vakuumieren von druckempfindlichen Lebensmitteln<\/span><\/li><li><span style=\"font-size: medium;\">Keine Druckregulierung \u00fcber Stopp- Puls- Funktion oder &#8218;manuelles Verschwei\u00dfen&#8216; wie teilweise bei anderen Ger\u00e4ten der Fall<\/span><\/li><li><span style=\"font-size: medium;\">Vakuumieren von allen Vakuumbeh\u00e4ltern, T\u00f6pfen, Einmachgl\u00e4sern und Twist-Off Gl\u00e4sern durch Absaugvorrichtung und Beh\u00e4lter<\/span><\/li><li><span style=\"font-size: medium;\">Verschwei\u00dfen von Folienbeuteln bis zu 200\u00b5, damit ideal auch als reines Folienschwei\u00dfger\u00e4t einsetzbar<\/span><\/li><li><span style=\"font-size: medium;\">Vakuumieren und Einschwei\u00dfen von Fl\u00fcssigkeiten (mit der beim V.400 Premium bereits eingebauten L+ Druckregulierung oder vorgefroren)<\/span><\/li><li><span style=\"font-size: medium;\">Vakuumieren von glatten, Standard-Siegelrand-Vakuumfolien ab 120\u00b5 St\u00e4rke m\u00f6glich (Kostenersparnis!) <\/span><\/li><\/ul><h2><span style=\"font-size: medium;\">Lieferumfang des Lava Vakuumierger\u00e4tes V.400<\/span><\/h2><ul><li><span style=\"font-size: medium;\"><strong>Vakuumierger\u00e4t V.400 Premium<\/strong> (3-fach Verschwei\u00dfung)<\/span><\/li><li><b><span style=\"font-size: medium;\">Gratiszugabe im Wert von aktueller Aktion (Auswahl siehe oben)<\/span><\/b><\/li><li><span style=\"font-size: medium;\">Lava-Absaugvorrichtung f\u00fcr Beh\u00e4lter<br \/><\/span><\/li><li><span style=\"font-size: medium;\">Druckregulierung L+ f\u00fcr ein sanftes Vakuum<br \/><\/span><\/li><li><span style=\"font-size: medium;\">Startset verschiedener Vakuumbeutel<\/span><\/li><li><span style=\"font-size: medium;\">Ausf\u00fchrliche Bedienungsanleitung mit Garantieschein<\/span><\/li><li><span style=\"font-size: medium;\">Bundesweiter Lava Vor-Ort oder Pick-Up Service im Garantiefall<\/span><\/li><li><span style=\"font-size: medium;\">Versandkostenfrei innerhalb Deutschland &#8211; Lieferung mit DHL (Post)<\/span><\/li><\/ul><p><span style=\"font-size: medium;\">Durch die Herstellergarantie werden die gesetzlichen Rechte aus der Gew\u00e4hrleistung nicht eingeschr\u00e4nkt. Die Herstellergarantie wird von Manfred Landig Lava Vakuumverpackung, Valentinstra\u00dfe 35-1, 88348 Bad Saulgau getragen und gilt wenn nicht anders angegeben in Deutschland.<br \/><\/span><\/p><p><span style=\"font-size: medium;\"><b>5 Jahres Garantie bzw. Garantieverl\u00e4ngerung auf 5 Jahre<br \/><\/b><\/span><span style=\"font-size: medium;\">Lava steht als Hersteller zu 100% hinter dem eigenen Produkt. Sie erhalten daher auf alle Vakuumierger\u00e4te bis zu 5 Jahre Herstellergarantie (in der aktuellen Sonderaktion ausw\u00e4hlbar im Set 1 oder au\u00dferhalb der Sonderaktion gegen Mehrpreis bei der Bestellung &#8211; Preise siehe hier unten). Diese verl\u00e4ngerte Herstellergarantie beinhaltet alle elektrischen, beweglichen Bauteile der Vakuumierger\u00e4te wie Pumpe, Trafo, Elektronikplatine oder auch Schalter. Verschlei\u00dfteile wie beispielsweise Dichtungen oder auch Teflonb\u00e4nder sind davon jedoch ausgenommen.<br \/><\/span><\/p><p><span style=\"font-size: medium;\">V.100 Premium\u00a0 X \u00a0 25,- Euro<br \/>V.200 Premium \u00a0 X\u00a0 25,- Euro<br \/>V.300 Premium X \u00a0\u00a0 25,- Euro<br \/>V.300 Black\/White \u00a0\u00a0 25,- Euro<br \/>V.333 Premium \u00a0 70,- Euro<br \/>V.333 Black \u00a0\u00a0\u00a0 70,- Euro<br \/>V.350 Premium \u00a0\u00a0\u00a0 90,- Euro<br \/>V.400 Premium \u00a0\u00a0\u00a0 90,- Euro<br \/>V.500 Premium \u00a0\u00a0\u00a0 150,- Euro<br \/>V.500 Premium XXL \u00a0\u00a0\u00a0 300,- Euro<br \/><b><\/b><\/span><span style=\"font-size: medium;\"><b>Hier finden Sie Anleitungsvideos bei Youtube.<\/b><\/span><\/p><p><span style=\"font-size: medium;\">Rehr\u00fccken und Wildbret vakuumieren: <a title=\"Rehr\u00fccken und Wildbret\" href=\"https:\/\/youtu.be\/yaf_L7C6N6U\" target=\"_blank\" rel=\"noopener\">https:\/\/youtu.be\/yaf_L7C6N6U<\/a><br \/><\/span><\/p><p><span style=\"font-size: medium;\">Brot vakuumieren und l\u00e4nger aufbewahren: <a title=\"Brot vakuumieren\" href=\"https:\/\/youtu.be\/18ul9BNbVBQ\" target=\"_blank\" rel=\"noopener\">https:\/\/youtu.be\/18ul9BNbVBQ<\/a><br \/><\/span><\/p><p><span style=\"font-size: medium;\">Chilli vakuumieren mit glatten Siegelrandbeuteln: <a title=\"Chilli vakuumieren\" href=\"https:\/\/youtu.be\/rmHiCfqTSJc\" target=\"_blank\" rel=\"noopener\">https:\/\/youtu.be\/rmHiCfqTSJc<\/a><br \/><\/span><\/p><p><span style=\"font-size: medium;\">Fisch vakuumieren: <a title=\"Fisch vakuumieren\" href=\"https:\/\/youtu.be\/f71F8kBnlbc\" target=\"_blank\" rel=\"noopener\">https:\/\/youtu.be\/f71F8kBnlbc<\/a><br \/><\/span><\/p><p><span style=\"font-size: medium;\">K\u00e4se vakuumieren: <a title=\"K\u00e4se Vakuumieren\" href=\"https:\/\/youtu.be\/WFt1dapyhvk\" target=\"_blank\" rel=\"noopener\">https:\/\/youtu.be\/WFt1dapy<\/a><\/span><\/p><div><span style=\"font-family: Arial, Helvetica, sans-serif; font-size: medium;\"><strong>Die La.Va Modellreihe &#8211; Qualit\u00e4t Made in Germany<\/strong><\/span><\/div><p><span style=\"font-size: medium;\">Legende: \u2022 ja \u2013 nein<br \/><strong>LCS:<\/strong> Lava Close System, dem patentierten Verschlu\u00dfsystem muss die Vakuumklappe w\u00e4hrend des Unterdruck-Aufbaus nicht mehr gehalten oder eingerastet werden. Schnelleres Arbeiten &#8211; das Ger\u00e4t arbeitet alleine. Es kann sofort der n\u00e4chste Vakuumbeutel mit Ware gef\u00fcllt werden. Einfachere Bedienbarkeit, es entf\u00e4llt ein kompletter Arbeitsschrift.<br \/><strong>LTP:<\/strong> Lava TurboPumpsystem passiert auf den aktuell angebotenen Premium-Modellen auf von Lava entwickelten leistungsstarken, 2-fach kugelgelagerten Kolbenpumpen mit 35 ltr.\/Minute Pumpenleistung und -0,90 bar Unterdruck. Und as alles bei ener gewoht hohen Laufruhe und Zuverl\u00e4ssigkeit im t\u00e4glichen Einsatz. Sekundenschnelles Vakuumieren selbst bei einem gro\u00dfen Vakuumbeutel.<\/span><\/p><div class=\"guarantee\">Die Landig + Lava GmbH &amp; Co. KG (nachfolgend \u201eHersteller\u201c genannt) gew\u00e4hrt 2 Jahre Garantie (bzw. bis zu 5 Jahre Garantieverl\u00e4ngerung gegen Mehrpreis, Details im Angebot) auf die mit dem Garantieversprechen beworbene Ware. Die Frist f\u00fcr die Berechnung der Garantiedauer beginnt mit dem Lieferdatum zum Kunden. Die Garantieleistung des Herstellers erstreckt sich r\u00e4umlich auf das Land der Bundesrepublik Deutschland sowie allen L\u00e4ndern der Europ\u00e4ischen Union. Treten w\u00e4hrend dieses Zeitraums Material- oder Herstellungsfehler auf, gew\u00e4hrt der Hersteller als Garantiegeber im Rahmen der Garantie eine kostenfreie Reparatur der Ware. N\u00e4hre Angaben zur Garantie entnehmen Sie Ihre Unterlagen bei Lieferung.<br \/>Durch die Herstellergarantie werden die gesetzlichen Rechte aus der Gew\u00e4hrleistung nicht eingeschr\u00e4nkt.<\/div>","protected":false},"excerpt":{"rendered":"<p>Starterset + 70 \u20ac Gratiszubeh\u00f6r<\/p>\n","protected":false},"featured_media":2520,"template":"","meta":[],"product_brand":[],"product_cat":[126],"product_tag":[],"class_list":{"0":"post-2519","1":"product","2":"type-product","3":"status-publish","4":"has-post-thumbnail","6":"product_cat-vakuumiergeraete","7":"pa_herstellungsland-deutschland","8":"pa_schweissnaht-dreifach","9":"pa_set-individuell","10":"pa_set-set-1","11":"pa_set-set-2","12":"pa_set-set-3","14":"first","15":"instock","16":"taxable","17":"shipping-taxable","18":"purchasable","19":"product-type-variable"},"supplier_id":null,"supplier_sku":"","barcode":null,"atum_controlled":true,"out_stock_date":null,"out_stock_threshold":null,"inheritable":true,"inbound_stock":0,"stock_on_hold":0,"sold_today":0,"sales_last_days":1,"reserved_stock":null,"customer_returns":null,"warehouse_damage":null,"lost_in_post":null,"other_logs":null,"out_stock_days":null,"lost_sales":0,"has_location":false,"update_date":"2026-03-05T14:40:01","atum_locations":[],"atum_stock_status":"instock","restock_status":false,"low_stock_amount":"","sales_update_date":null,"calc_backorders":null,"_links":{"self":[{"href":"https:\/\/wordpress.famberg.de\/index.php\/wp-json\/wp\/v2\/product\/2519","targetHints":{"allow":["GET"]}}],"collection":[{"href":"https:\/\/wordpress.famberg.de\/index.php\/wp-json\/wp\/v2\/product"}],"about":[{"href":"https:\/\/wordpress.famberg.de\/index.php\/wp-json\/wp\/v2\/types\/product"}],"wp:featuredmedia":[{"embeddable":true,"href":"https:\/\/wordpress.famberg.de\/index.php\/wp-json\/wp\/v2\/media\/2520"}],"wp:attachment":[{"href":"https:\/\/wordpress.famberg.de\/index.php\/wp-json\/wp\/v2\/media?parent=2519"}],"wp:term":[{"taxonomy":"product_brand","embeddable":true,"href":"https:\/\/wordpress.famberg.de\/index.php\/wp-json\/wp\/v2\/product_brand?post=2519"},{"taxonomy":"product_cat","embeddable":true,"href":"https:\/\/wordpress.famberg.de\/index.php\/wp-json\/wp\/v2\/product_cat?post=2519"},{"taxonomy":"product_tag","embeddable":true,"href":"https:\/\/wordpress.famberg.de\/index.php\/wp-json\/wp\/v2\/product_tag?post=2519"}],"curies":[{"name":"wp","href":"https:\/\/api.w.org\/{rel}","templated":true}]}}