{"id":2491,"date":"2015-03-27T16:56:34","date_gmt":"2015-03-27T15:56:34","guid":{"rendered":"https:\/\/wordpress.famberg.de\/index.php\/produkt\/lava-profi-vakuumiergeraet-v333-black-edition-vakuumgeraet-profi-auch-fuer-gewerbe\/"},"modified":"2026-01-05T10:08:11","modified_gmt":"2026-01-05T09:08:11","slug":"lava-profi-vakuumiergeraet-v333-black-edition-vakuumgeraet-profi-auch-fuer-gewerbe","status":"publish","type":"product","link":"https:\/\/wordpress.famberg.de\/index.php\/produkt\/lava-profi-vakuumiergeraet-v333-black-edition-vakuumgeraet-profi-auch-fuer-gewerbe\/","title":{"rendered":"Lava Profi-Vakuumierger\u00e4t V333 Black Edition-Vakuumger\u00e4t -Profi auch f\u00fcr Gewerbe"},"content":{"rendered":"<p><span style=\"font-size: medium;\"><strong><span style=\"color: #009900;\">Inklusive Absaugvorrichtung &amp; Beutel-Start-Set + Gratiszugabe f\u00fcr Zubeh\u00f6r -siehe aktuelle Aktion weiter unten!<\/span><\/strong><\/span><\/p><p>W\u00e4hlen Sie aus welches Set Sie w\u00fcnschen oder teilen Sie uns bitte sp\u00e4testens am Versandtag bis 12 Uhr mit, welches Gratis-Set. Wenn Sie uns nichts mitteilen schicken wir automatisch Set 3.<br \/>Inklusive integrierter Vakuum-Druckregulierung L+<\/p><p>Das V.333 Black Edition mit 3 Schwei\u00dfn\u00e4hten besticht durch sein einzigartiges Chrom-Geh\u00e4use in Kombination mit schwarzem Klavierlack. Es unterscheidet sich durch seine Optik vom\u00a0 V.333 Premium. Technisch sind beide Modelle identisch (siehe Produktdaten).<\/p><p>Auf dem Markt der Vakuumverpackung gibt es viele Anbieter &#8211; hier erkl\u00e4ren wir Ihnen die grundlegegenden technischen Vorteile eines Lava Profi-Vakuumierger\u00e4tes. <strong>Alle Ger\u00e4te aus der Lava-Produktpalette finden Anwendung<\/strong><\/p><ul><li><span style=\"font-size: medium;\">im Haushalt<\/span><\/li><li><span style=\"font-size: medium;\">in der Gastronomie- und Lebensmittelbranche<\/span><\/li><li><span style=\"font-size: medium;\">auf Reisen oder im Campingbereich<\/span><\/li><li><span style=\"font-size: medium;\">im Bereich Selbstvermarktung<\/span><\/li><li><span style=\"font-size: medium;\">im Jagd- und Fischereibereich<\/span><\/li><li><span style=\"font-size: medium;\">im Kleingewerbe bis hin zur produzierenden Industrie, wie Verpackungstechnik und Metallbearbeitung<\/span><\/li><\/ul><p><span style=\"font-size: medium;\">Ein Lava-Vakuumierger\u00e4t ist eine langfristige Investition und hat eine durchschnittliche Lebensdauer von 15 Jahren! Herstellergarantie von 2 Jahren.<br \/><b>Hier im Shop optional erh\u00e4ltlich &#8211; Eine Garantieverl\u00e4ngerung auf 5 Jahre<\/b> ab 35,00 \u20ac oder w\u00e4hlen Sie einfach SET 1, dieses beinhaltet schon die Garantieverl\u00e4ngerung. Wichtig: Garantie nur direkt beim Ger\u00e4tekauf abschlie\u00dfbar. G\u00fcltig nur mit der vollst\u00e4ndig ausgef\u00fcllten &#8222;Lava-5-Jahres-Garantiekarte&#8220;, welche jedem Produkt mit verl\u00e4ngerter Garantie beigef\u00fcgt ist (Fragen Sie unbedingt Ihren H\u00e4ndler). Ohne diese Garantiekarte ist die Anerkennung der 5-Jahres-Garantie nicht m\u00f6glich. <\/span><\/p><p><span style=\"font-size: medium;\"><img decoding=\"async\" src=\"https:\/\/ebaylayout.famberg.de\/userfiles\/LavaSets.png\" alt=\"Aktion\" align=\"none\" \/><strong><br \/>Lieferumfang<\/strong><br \/><\/span><\/p><p><span style=\"font-size: medium;\">Das Profi &#8211; Vakuumierger\u00e4t wird geliefert in einem Start-Set, bestehend aus: &#8211; Vakuumierger\u00e4t <strong>V.333<sup>\u00ae<\/sup><\/strong>\u00a0 <strong><em>Black-Edition<\/em><\/strong> Design-Geh\u00e4use\u00a0(Kombination aus\u00a0edlem Chrom\u00a0und schwarzem Klavierlack)<br \/>&#8211; Gratiszugabe im Wert der aktuellen Aktion (siehe oben)<br \/>&#8211; I<span style=\"color: #ff0000;\">nklusive <\/span><span style=\"color: #ff0000;\">integrierter Vakuum-Druckregulierung L+<\/span><br \/>&#8211; Lava-Absaugvorrichtung f\u00fcr Beh\u00e4lter<br \/>&#8211; Startset verschiedener Vakuumbeutel<br \/>&#8211; Ausf\u00fchrliche Bedienungsanleitung<\/span><\/p><p><span style=\"font-size: medium;\">Durch die Herstellergarantie werden die gesetzlichen Rechte aus der Gew\u00e4hrleistung nicht eingeschr\u00e4nkt. Die Herstellergarantie wird von Manfred Landig Lava Vakuumverpackung, Valentinstra\u00dfe 35-1, 88348 Bad Saulgau getragen und gilt wenn nicht anders angegeben in Deutschland<\/span><\/p><p><span style=\"font-size: medium;\"><strong>Besonders hervorzuheben ist die exakte Manometer-Anzeige, die vollautomatische Arbeitsweise und der maximal erreichbare Unterdruck von -0,90 bar. Das Vakuumierger\u00e4t kommt sowohl im Haushalts-, Gastronomie- und Kleingewerbebereich, als auch in der Industrie zum Einsatz.<\/strong><\/span><\/p><p><span style=\"font-size: medium;\"><strong>Hier die Qualit\u00e4tsmerkmale der Weltneuheit V.333 &#8211; Black-Editon die auch Sie \u00fcberzeugen werden:<\/strong><strong><br \/><\/strong><\/span><\/p><ol><li><span style=\"font-size: medium;\"><strong>V.333<sup>\u00ae<\/sup><\/strong>\u00a0 <strong><em>Black-Edition<\/em><\/strong> ist geeignet f\u00fcr<strong> t\u00e4glichen Dauereinsatz<\/strong> in Privathaushalt, Gewerbe und Industre<br \/><\/span><\/li><li><span style=\"font-size: medium;\">Herstellung von Folienbeuteln von individueller L\u00e4nge (Endlosrollen finden Sie in 3 Breiten im Lava Zubeh\u00f6rbereich)<\/span><\/li><li><span style=\"font-size: medium;\">Problemlose Verwendung glatter Siegelrand-Vakuumbeutel (ab 120 my St\u00e4rke)<\/span><\/li><li><span style=\"font-size: medium;\">Vakuumieren von allen Vakuumbeh\u00e4ltern, T\u00f6pfen, Einmachgl\u00e4sern und Twist-Off Gl\u00e4sern durch Absaugvorrichtung und Beh\u00e4lter<\/span><\/li><li><span style=\"font-size: medium;\">Individuell einstellbare Schwei\u00dfzeit &#8211; damit k\u00f6nnen Folien bis 200 m\u00b5 (Industriest\u00e4rke) mit einer Breite von bis zu 350 mm <b>3-fach\u00a0verschwei\u00dft<\/b> werden<\/span><\/li><li><span style=\"font-size: medium;\">Vakuumieren und Verschwei\u00dfen von druckempfindlichen Lebensmitteln<\/span><\/li><li><span style=\"font-size: medium;\"><strong>Saugleistung: Echte 35 Liter pro Minute<\/strong><\/span><\/li><li><span style=\"font-size: medium;\">Maximaler Unterdruck: -0,90 bar<\/span><\/li><li><span style=\"font-size: medium;\">Schwei\u00dfbandl\u00e4nge: 350 mm<\/span><\/li><li><span style=\"font-size: medium;\">Max. Nennleistung: 900 Watt<\/span><\/li><li><span style=\"font-size: medium;\">Verwendung von Hochleistungs-Kolbenpumpe mit Kugellagern<\/span><\/li><li><span style=\"font-size: medium;\"><strong>Exakte Druckregulierung<\/strong>\u00a0(gegen geringem Aufpreis)\u00a0m\u00f6glich. Nicht nur wie bei Billig-Ger\u00e4ten \u00fcber die Stopp-Taste<\/span><\/li><li><span style=\"font-size: medium;\">Gegen geringen Mehrpreis kann der Unterdruck eingestellt werden<\/span><\/li><li><span style=\"font-size: medium;\">Serienm\u00e4\u00dfiger Fl\u00fcssigkeitsabscheider &#8211; sch\u00fctzt die Pumpe vor Fl\u00fcssigkeit<\/span><\/li><li><span style=\"font-size: medium;\">\u00dcberdimensional gro\u00dfe Schwei\u00dftrafos, dadurch keine \u00dcberhitzung des Ger\u00e4tes<\/span><\/li><li><span style=\"font-size: medium;\">Bis zu 1000 Schwei\u00dfn\u00e4hte am St\u00fcck oder stundenlanges Arbeiten m\u00f6glich<\/span><\/li><li><span style=\"font-size: medium;\">Stufenlos einstellbare Schwei\u00dfzeit serienm\u00e4\u00dfig, perfekt um versch. starke Folien zu verschwei\u00dfen (von einer d\u00fcnnen Chipst\u00fcte bis hin zum stabilen 200 m\u00b5-Beutel)<\/span><\/li><li><span style=\"font-size: medium;\">Verschwei\u00dfen von Folienbeuteln bis zu 200 m\u00b5 ohne zu vakuumieren<\/span><\/li><li><span style=\"font-size: medium;\">Alle Dichtungen sind nicht verklebt sondern nur gesteckt &#8211; einfacher Austausch m\u00f6glich.<\/span><\/li><li><span style=\"font-size: medium;\"><strong>Wartungsfreie Ausf\u00fchrung &#8211; keine Folgekosten!<\/strong><\/span><\/li><li><span style=\"font-size: medium;\">Abmessungen Ger\u00e4t: 430 x 275 x\u00a0110 mm (BxTxH)<\/span><\/li><li><span style=\"font-size: medium;\">Gewicht: 6,5 kg <\/span><\/li><\/ol><div><b>Video: <a title=\"Vakuumieren mit glatten Siegelrandbeutel\" href=\"https:\/\/www.youtube.com\/watch?time_continue=12&amp;v=rmHiCfqTSJc\" target=\"_blank\" rel=\"noopener\">Vakuumieren mit Lava glatten Siegelrandbeutel<\/a><br \/><\/b><\/div><div><b>\u00a0<\/b><\/div><div><b>Warum Lava Vakuumierger\u00e4te? <\/b><br \/>Das Lava Vakuumierger\u00e4t<\/p><ul><li>hat eine lange Lebensdauer,<\/li><li>ist gefertigt in Deutschland,<\/li><li>ist geeignet f\u00fcr Gastronomie und Gewerbe,<\/li><li>ist f\u00fcr den Einsatz mit Beuteln und Beh\u00e4ltern geeignet,<\/li><li>ist f\u00fcr den t\u00e4glichen Dauereinsatz konzipiert,<\/li><li>kann auch f\u00fcr druckempfindliche Lebensmittel eingesetzt werden.<\/li><\/ul><p><span style=\"font-size: medium;\"><b>5 Jahres Garantie bzw. Garantieverl\u00e4ngerung auf 5 Jahre<\/b><br \/><\/span><\/p><p><span style=\"font-size: medium;\"><br \/>Lava steht als Hersteller zu 100% hinter dem eigenen Produkt. Sie erhalten daher auf alle Vakuumierger\u00e4te bis zu 5 Jahre Herstellergarantie (in der aktuellen Sonderaktion ausw\u00e4hlbar im Set 1 oder au\u00dferhalb der Sonderaktion gegen Mehrpreis bei der Bestellung &#8211; Preise siehe hier unten). Diese verl\u00e4ngerte Herstellergarantie beinhaltet alle elektrischen, beweglichen Bauteile der Vakuumierger\u00e4te wie Pumpe, Trafo, Elektronikplatine oder auch Schalter. Verschlei\u00dfteile wie beispielsweise Dichtungen oder auch Teflonb\u00e4nder sind davon jedoch ausgenommen.<br \/><\/span><\/p><p>V.100 Premium\u00a0 X \u00a0 25,- Euro<br \/>V.200 Premium \u00a0 X\u00a0 25,- Euro<br \/>V.300 Premium X \u00a0\u00a0 25,- Euro<br \/>V.300 Black\/White \u00a0\u00a0 25,- Euro<br \/>V.333 Premium \u00a0 70,- Euro<br \/>V.333 Black \u00a0\u00a0\u00a0 70,- Euro<br \/>V.350 Premium \u00a0\u00a0\u00a0 90,- Euro<br \/>V.400 Premium \u00a0\u00a0\u00a0 90,- Euro<br \/>V.500 Premium \u00a0\u00a0\u00a0 150,- Euro<br \/>V.500 Premium XXL \u00a0\u00a0\u00a0 300,- Euro<\/p><p><span style=\"font-size: medium;\"><b>Hier finden Sie Videos bei Youtube.<\/b><\/span><\/p><p><span style=\"font-size: medium;\">Rehr\u00fccken und Wildbret vakuumieren: <a title=\"Rehr\u00fccken und Wildbret\" href=\"https:\/\/youtu.be\/yaf_L7C6N6U\" target=\"_blank\" rel=\"noopener\">https:\/\/youtu.be\/yaf_L7C6N6U<\/a><br \/><\/span><\/p><p><span style=\"font-size: medium;\">Chilli vakuumieren mit glatten Siegelrandbeuteln: <a title=\"Chilli vakuumieren\" href=\"https:\/\/youtu.be\/rmHiCfqTSJc\" target=\"_blank\" rel=\"noopener\">https:\/\/youtu.be\/rmHiCfqTSJc<\/a><br \/><\/span><\/p><p><span style=\"font-size: medium;\">Fisch vakuumieren: <a title=\"Fisch vakuumieren\" href=\"https:\/\/youtu.be\/f71F8kBnlbc\" target=\"_blank\" rel=\"noopener\">https:\/\/youtu.be\/f71F8kBnlbc<\/a><br \/><\/span><\/p><p><span style=\"font-size: medium;\">K\u00e4se vakuumieren: <a title=\"K\u00e4se Vakuumieren\" href=\"https:\/\/youtu.be\/WFt1dapyhvk\" target=\"_blank\" rel=\"noopener\">https:\/\/youtu.be\/WFt1dapy<\/a><br \/><\/span><\/p><\/div><div><span style=\"font-family: Arial, Helvetica, sans-serif; font-size: medium;\"><strong>Die La.Va Modellreihe &#8211; Qualit\u00e4t Made in Germany<\/strong><\/span><\/div><p><span style=\"font-size: medium;\">Legende: \u2022 ja \u2013 nein<br \/><strong>LCS:<\/strong> Lava Close System, dem patentierten Verschlu\u00dfsystem muss die Vakuumklappe w\u00e4hrend des Unterdruck-Aufbaus nicht mehr gehalten oder eingerastet werden. Schnelleres Arbeiten &#8211; das Ger\u00e4t arbeitet alleine. Es kann sofort der n\u00e4chste Vakuumbeutel mit Ware gef\u00fcllt werden. Einfachere Bedienbarkeit, es entf\u00e4llt ein kompletter Arbeitsschrift.<br \/><strong>LTP:<\/strong> Lava TurboPumpsystem passiert auf den aktuell angebotenen Premium-Modellen auf von Lava entwickelten leistungsstarken, 2-fach kugelgelagerten Kolbenpumpen mit 35 ltr.\/Minute Pumpenleistung und -0,90 bar Unterdruck. Und as alles bei ener gewoht hohen Laufruhe und Zuverl\u00e4ssigkeit im t\u00e4glichen Einsatz. Sekundenschnelles Vakuumieren selbst bei einem gro\u00dfen Vakuumbeutel.<\/span><\/p>","protected":false},"excerpt":{"rendered":"<p>Starterset + 70 \u20ac Gratiszubeh\u00f6r + Druckluftregulierung<\/p>\n","protected":false},"featured_media":2492,"template":"","meta":[],"product_brand":[],"product_cat":[126],"product_tag":[],"class_list":{"0":"post-2491","1":"product","2":"type-product","3":"status-publish","4":"has-post-thumbnail","6":"product_cat-vakuumiergeraete","7":"product_shipping_class-direkt-lava","8":"pa_herstellungsland-deutschland","9":"pa_set-258","10":"pa_set-259","11":"pa_set-260","12":"pa_set-individuell","14":"first","15":"outofstock","16":"taxable","17":"shipping-taxable","18":"purchasable","19":"product-type-variable"},"supplier_id":null,"supplier_sku":"","barcode":null,"atum_controlled":true,"out_stock_date":"2026-01-05 10:00:50","out_stock_threshold":null,"inheritable":true,"inbound_stock":0,"stock_on_hold":0,"sold_today":0,"sales_last_days":1,"reserved_stock":0,"customer_returns":0,"warehouse_damage":0,"lost_in_post":0,"other_logs":0,"out_stock_days":0,"lost_sales":0,"has_location":false,"update_date":"2026-01-05T09:08:13","atum_locations":[],"atum_stock_status":"outofstock","restock_status":false,"low_stock_amount":"","sales_update_date":"2024-10-16T17:06:34","calc_backorders":null,"_links":{"self":[{"href":"https:\/\/wordpress.famberg.de\/index.php\/wp-json\/wp\/v2\/product\/2491","targetHints":{"allow":["GET"]}}],"collection":[{"href":"https:\/\/wordpress.famberg.de\/index.php\/wp-json\/wp\/v2\/product"}],"about":[{"href":"https:\/\/wordpress.famberg.de\/index.php\/wp-json\/wp\/v2\/types\/product"}],"wp:featuredmedia":[{"embeddable":true,"href":"https:\/\/wordpress.famberg.de\/index.php\/wp-json\/wp\/v2\/media\/2492"}],"wp:attachment":[{"href":"https:\/\/wordpress.famberg.de\/index.php\/wp-json\/wp\/v2\/media?parent=2491"}],"wp:term":[{"taxonomy":"product_brand","embeddable":true,"href":"https:\/\/wordpress.famberg.de\/index.php\/wp-json\/wp\/v2\/product_brand?post=2491"},{"taxonomy":"product_cat","embeddable":true,"href":"https:\/\/wordpress.famberg.de\/index.php\/wp-json\/wp\/v2\/product_cat?post=2491"},{"taxonomy":"product_tag","embeddable":true,"href":"https:\/\/wordpress.famberg.de\/index.php\/wp-json\/wp\/v2\/product_tag?post=2491"}],"curies":[{"name":"wp","href":"https:\/\/api.w.org\/{rel}","templated":true}]}}