{"id":2197,"date":"2024-06-12T13:43:26","date_gmt":"2024-06-12T11:43:26","guid":{"rendered":"https:\/\/wordpress.famberg.de\/?post_type=product&#038;p=2197"},"modified":"2025-05-26T11:24:13","modified_gmt":"2025-05-26T09:24:13","slug":"devries-woodie-set-biergarten","status":"publish","type":"product","link":"https:\/\/wordpress.famberg.de\/index.php\/produkt\/devries-woodie-set-biergarten\/","title":{"rendered":"Devries Woodie Bank Set Biergarten"},"content":{"rendered":"<p>Teakholzm\u00f6bel unserer Woodie Serie<\/p><p>Unsere Holzm\u00f6bel der Woodie Serie sind nicht nur extrem vielseitig und g\u00fcnstig, Sie haben mit dieser Serie unz\u00e4hlige Kombinationsm\u00f6glichkeiten unter einander. Woodie ist eine unserer gr\u00f6\u00dften Serien die wir Ihnen anbieten. Entdecken Sie bei uns das komplette Programm.<\/p><p><strong>Corby Set besteht aus:<\/strong><br \/>(2x) Bank ca. 145 x 40 x 46 cm<br \/>(1x) Tisch ca. 180 x 100 x 76 cm<\/p><p><strong>Produkteigenschaften:<\/strong><br \/>U Gestell<br \/>Basic-Teak<br \/>B\u00e4nke k\u00f6nnen unter den Tisch geschoben werden<br \/>sehr massiv<\/p><p>Materialeigenschaften:<br \/>Teakholz<\/p><p>Holz ist ein Naturprodukt, sehr gut zu verarbeiten und dank seiner nat\u00fcrlichen \u00d6le wetterbest\u00e4ndig und langlebig. Neue Holzprodukte enthalten eine Holzfeuchte von 12% \u00b1 2%, weshalb es durch die Austrockung des Holzes (w\u00e4hrend der Sommermonate und im Indoorbereich) zu Unregelm\u00e4\u00dfigkeiten wie Trockenrisse, Unebenheiten, Verwerfungen oder ein leichtes Verziehen kommen kann. Diese Unregelm\u00e4\u00dfigkeiten haben keinen Einfluss auf die Statik oder die Haltbarkeit der Produkte und stellen somit keinen Reklamationsgrund dar. Farbunterschiede r\u00fchren von der zum Teil unterschiedlichen Herkunft der H\u00f6lzer und gleichen sich im Laufe der Zeit immer mehr an. Mit der Zeit entwickelt das Teakholz eine silbergraue Patina &#8211; dies ist ein nat\u00fcrlicher Prozess und stellt ebenfalls keinen Reklamationsgrund dar.<\/p>","protected":false},"excerpt":{"rendered":"<p>Teakholzm\u00f6bel unserer Woodie SerieUnsere Holzm\u00f6bel der Woodie Serie sind nicht nur extrem vielseitig und g\u00fcnstig, Sie haben mit dieser Serie unz\u00e4hlige Kombinationsm\u00f6glichkeiten unter einander. Woodie ist eine unserer gr\u00f6\u00dften Serien die wir Ihnen anbieten. Entdecken Sie bei uns das komplette Programm.Corby Set besteht aus:(2x) Bank ca. 145 x 40 x 46 cm(1x) Tisch ca. 180 [&hellip;]<\/p>\n","protected":false},"featured_media":2198,"template":"","meta":[],"product_brand":[],"product_cat":[110],"product_tag":[],"class_list":{"0":"post-2197","1":"product","2":"type-product","3":"status-publish","4":"has-post-thumbnail","6":"product_cat-gartenmoebel","7":"product_shipping_class-direkt-devries","9":"first","10":"instock","11":"taxable","12":"shipping-taxable","13":"purchasable","14":"product-type-simple"},"supplier_id":1294,"supplier_sku":"66249","barcode":null,"atum_controlled":true,"out_stock_date":null,"out_stock_threshold":null,"inheritable":false,"inbound_stock":0,"stock_on_hold":0,"sold_today":0,"sales_last_days":0,"reserved_stock":0,"customer_returns":0,"warehouse_damage":0,"lost_in_post":0,"other_logs":0,"out_stock_days":0,"lost_sales":0,"has_location":false,"update_date":"2026-03-08T17:32:19","atum_locations":[],"atum_stock_status":"instock","restock_status":false,"low_stock_amount":"","sales_update_date":"2026-03-08T17:32:19","calc_backorders":null,"_links":{"self":[{"href":"https:\/\/wordpress.famberg.de\/index.php\/wp-json\/wp\/v2\/product\/2197","targetHints":{"allow":["GET"]}}],"collection":[{"href":"https:\/\/wordpress.famberg.de\/index.php\/wp-json\/wp\/v2\/product"}],"about":[{"href":"https:\/\/wordpress.famberg.de\/index.php\/wp-json\/wp\/v2\/types\/product"}],"wp:featuredmedia":[{"embeddable":true,"href":"https:\/\/wordpress.famberg.de\/index.php\/wp-json\/wp\/v2\/media\/2198"}],"wp:attachment":[{"href":"https:\/\/wordpress.famberg.de\/index.php\/wp-json\/wp\/v2\/media?parent=2197"}],"wp:term":[{"taxonomy":"product_brand","embeddable":true,"href":"https:\/\/wordpress.famberg.de\/index.php\/wp-json\/wp\/v2\/product_brand?post=2197"},{"taxonomy":"product_cat","embeddable":true,"href":"https:\/\/wordpress.famberg.de\/index.php\/wp-json\/wp\/v2\/product_cat?post=2197"},{"taxonomy":"product_tag","embeddable":true,"href":"https:\/\/wordpress.famberg.de\/index.php\/wp-json\/wp\/v2\/product_tag?post=2197"}],"curies":[{"name":"wp","href":"https:\/\/api.w.org\/{rel}","templated":true}]}}