{"id":1942,"date":"2024-04-11T14:25:38","date_gmt":"2024-04-11T12:25:38","guid":{"rendered":"https:\/\/wordpress.famberg.de\/index.php\/produkt\/getreidemuehle-osttiroler-single-erle-geoelt\/"},"modified":"2024-10-07T12:59:49","modified_gmt":"2024-10-07T10:59:49","slug":"getreidemuehle-osttiroler-single-erle-geoelt","status":"publish","type":"product","link":"https:\/\/wordpress.famberg.de\/index.php\/produkt\/getreidemuehle-osttiroler-single-erle-geoelt\/","title":{"rendered":"Waldner Getreidem\u00fchle Osttiroler Single Erle ge\u00f6lt"},"content":{"rendered":"<div class=\"Stil9\"><span style=\"font-size: medium;\"><strong><span style=\"color: #006600;\">Waldner Single Getreidem\u00fchle<\/span><\/p><p><\/strong>So klein ist gro\u00dfe Leistung. In der verbl\u00fcffend kleinen Osttiroler Haushaltsm\u00fchle SINGLE steckt jede Menge Kraft. Mit ihrem 90mm gro\u00dfen Mahlstein schafft sie einfach alles! Vom kuchenfeinen Vollkornmehl \u00fcber Maismehl, bis hin zu grobem Schrot. Der Feinheitsgrad ist durch das Drehen des Trichters stufenlos einstellbar. Die Waldner Getreidem\u00fchle Single mahlt alle Getreidesorten, auch Mais. Ideal f\u00fcr den Singlehaushalt. Das Geh\u00e4use aus Erle Massivholz ist mit Lein\u00f6l behandelt und erh\u00e4lt dadurch seine samtige Oberfl\u00e4che.<br \/><\/span><\/p><div><p><span style=\"font-size: medium;\"><br \/><u><b>Produktmerkmale<\/b><\/u><br \/><\/span><\/p><ul><li><span style=\"font-size: medium;\">Industriemotor: 360 W<\/span><\/li><li><span style=\"font-size: medium;\">Mahlwerk: Korund\/Keramik<br \/><\/span><\/li><li><span style=\"font-size: medium;\">Mahlleistung je nach Einstellung: 120 g\/min (Feineinstellung)<\/span><\/li><li><span style=\"font-size: medium;\">Mahlgrad: stufenlos einstellbar<\/span><\/li><li><span style=\"font-size: medium;\">Mahlgut: alle Getreidearten, auch Mais<br \/><\/span><\/li><li><span style=\"font-size: medium;\">Trichterf\u00fcllmenge: 800 g<br \/><\/span><\/li><li><span style=\"font-size: medium;\">Geh\u00e4use aus Erle Massivholz, mit Lein\u00f6l behandelt<\/span><\/li><li><span style=\"font-size: medium;\">Gewicht: 7,5 kg<\/span><\/li><li><span style=\"font-size: medium;\">Ma\u00dfe (H x Durchmesser): 290 x 160 mm<\/span><\/li><\/ul><p><span style=\"font-size: medium;\">Herstellergarantie: 5 Jahre\u00a0 &#8211; Diese Garantie umfasst alle Fertigungs- und Materialfehler. Besch\u00e4digungen an zerbrechlichen Teilen, z.B. am Geh\u00e4use oder am Auslauf durch den Benutzer sind nicht eingeschlossen.<\/span><\/p><\/div><p>&nbsp;<\/p><\/div>","protected":false},"excerpt":{"rendered":"<p>Waldner Single Getreidem\u00fchleSo klein ist gro\u00dfe Leistung. In der verbl\u00fcffend kleinen Osttiroler Haushaltsm\u00fchle SINGLE steckt jede Menge Kraft. Mit ihrem 90mm gro\u00dfen Mahlstein schafft sie einfach alles! Vom kuchenfeinen Vollkornmehl \u00fcber Maismehl, bis hin zu grobem Schrot. Der Feinheitsgrad ist durch das Drehen des Trichters stufenlos einstellbar. Die Waldner Getreidem\u00fchle Single mahlt alle Getreidesorten, auch [&hellip;]<\/p>\n","protected":false},"featured_media":1941,"template":"","meta":[],"product_brand":[],"product_cat":[107],"product_tag":[],"class_list":{"0":"post-1942","1":"product","2":"type-product","3":"status-publish","4":"has-post-thumbnail","6":"product_cat-eletrische-getreidemuehlen","7":"pa_farbe-erle","9":"first","10":"instock","11":"taxable","12":"shipping-taxable","13":"purchasable","14":"product-type-simple"},"supplier_id":1283,"supplier_sku":"100-080","barcode":null,"atum_controlled":false,"out_stock_date":null,"out_stock_threshold":null,"inheritable":false,"inbound_stock":0,"stock_on_hold":0,"sold_today":0,"sales_last_days":0,"reserved_stock":0,"customer_returns":0,"warehouse_damage":0,"lost_in_post":0,"other_logs":0,"out_stock_days":0,"lost_sales":0,"has_location":false,"update_date":"2024-10-07T11:00:14","atum_locations":[],"atum_stock_status":"instock","restock_status":false,"low_stock_amount":"","sales_update_date":"2024-09-24T09:52:56","calc_backorders":null,"_links":{"self":[{"href":"https:\/\/wordpress.famberg.de\/index.php\/wp-json\/wp\/v2\/product\/1942","targetHints":{"allow":["GET"]}}],"collection":[{"href":"https:\/\/wordpress.famberg.de\/index.php\/wp-json\/wp\/v2\/product"}],"about":[{"href":"https:\/\/wordpress.famberg.de\/index.php\/wp-json\/wp\/v2\/types\/product"}],"wp:featuredmedia":[{"embeddable":true,"href":"https:\/\/wordpress.famberg.de\/index.php\/wp-json\/wp\/v2\/media\/1941"}],"wp:attachment":[{"href":"https:\/\/wordpress.famberg.de\/index.php\/wp-json\/wp\/v2\/media?parent=1942"}],"wp:term":[{"taxonomy":"product_brand","embeddable":true,"href":"https:\/\/wordpress.famberg.de\/index.php\/wp-json\/wp\/v2\/product_brand?post=1942"},{"taxonomy":"product_cat","embeddable":true,"href":"https:\/\/wordpress.famberg.de\/index.php\/wp-json\/wp\/v2\/product_cat?post=1942"},{"taxonomy":"product_tag","embeddable":true,"href":"https:\/\/wordpress.famberg.de\/index.php\/wp-json\/wp\/v2\/product_tag?post=1942"}],"curies":[{"name":"wp","href":"https:\/\/api.w.org\/{rel}","templated":true}]}}