{"id":1596,"date":"2024-02-24T11:30:52","date_gmt":"2024-02-24T10:30:52","guid":{"rendered":"https:\/\/wordpress.famberg.de\/index.php\/produkt\/gaerautomat-gaerbox-slow-cooker-joghurtgeraet-set-zusatzgitter\/"},"modified":"2025-12-23T11:10:18","modified_gmt":"2025-12-23T10:10:18","slug":"gaerautomat-gaerbox-slow-cooker-joghurtgeraet-set-zusatzgitter","status":"publish","type":"product","link":"https:\/\/wordpress.famberg.de\/index.php\/produkt\/gaerautomat-gaerbox-slow-cooker-joghurtgeraet-set-zusatzgitter\/","title":{"rendered":"Brod Taylor G\u00e4rautomat G\u00e4rbox Slow Cooker Joghurtger\u00e4t Set Zusatzgitter"},"content":{"rendered":"<p>Brod &amp; Taylor &#8211; Neues Modell mit Slow Cooker &#8211; jetzt anstatt nur von 21 bis 49 Grad jetzt bis 90 Grad G\u00e4rautomat, Slow Cooker und Joghurtger\u00e4t in Einem <span style=\"color: #660000;\"><span style=\"color: #990000;\">Zus\u00e4tzlich mit Zusatzgitter. Das Zusatzgitter verdoppelt die Kapazit\u00e4t Ihres Brod&amp;Taylor G\u00e4rautomaten durch eine zweite Etage. Das Gitter ist aus Edelstahl.<\/span><\/span><\/p><p><span style=\"font-size: medium;\">Professionelle Ergebnisse in Ihrer K\u00fcche- Dieses multifunktionale K\u00fcchenger\u00e4t erleichtert das Gehenlassen von Brot oder Pizzateig, die Herstellung von Joghurt, Frischk\u00e4se, Butter und das Schmelzen von Schokolade. Die<br \/>elektronische Temperaturregelung liefert dauerhaft und pr\u00e4zise gleichbleibende W\u00e4rme. Dies ist gerade zur Herstellung von Sauerteig, Hefeteig, probiotiscjen Lebensmitteln und in der Joghurtherstellung besonders wichtig.<br \/>In professionellen B\u00e4ckereien wird deshalb mit G\u00e4r\u00f6fen und Fermentierungsger\u00e4ten gearbeitet. Jetzt k\u00f6nnen Sie mit dem BROD&amp;TAYLOR G\u00e4rautomaten das gleiche tolle Ergebnis erzielen.<br \/><\/span><\/p><p><span style=\"font-size: medium;\">Der traditionelle Sauerteig f\u00fcr Ihr t\u00e4glich frisches Brot gelingt genauso wie Hefeteig f\u00fcr Kuchen und Pizza. Bei der Herstellung f\u00fcr Joghurt und Kefir oder f\u00fcr die vegane Ern\u00e4hrung Soja- oder Kokosmilch haben Sie in wenigen Stunden ein perfektes Ergebnis.<\/span><\/p><p>Der Brod &amp; Taylor<br \/>G\u00e4rautomat gew\u00e4hrleistet Hobbyk\u00f6chen die Vorteile gewerblicher K\u00fcchenger\u00e4te wie exakte Temperaturkontrolle und vorhersehbare Ergebnisse in Form eines g\u00fcnstigen, leistbaren, zusammenklappbaren und leicht aufzubewahrenden Ger\u00e4tes.<\/p><p><span style=\"color: #006600;\"><b>Das Geheimnis<br \/>vieler Verfahren in der K\u00fcche, liegt in der exakten Temperaturkontrolle des Prozesses. Bis zum heutigen Zeitpunkt ist kein vergleichbares Produkt f\u00fcr Heimanwender verf\u00fcgbar. Ob Joghurt herstellen, hausgemachtes<br \/>Brot genie\u00dfen, Superfoods zubereiten, Slow Cooking oder Schokolade perfekt schmelzen, all dies leistet der zusammenklappbare G\u00e4rautomat<\/b><\/span>.<\/p><p>Im Set enthalten ein Zusatzgitter kaufen, dies verdoppelt die Kapazit\u00e4t Ihres Brod&amp;Taylor G\u00e4rautomaten durch eine zweite Etage.<b> <\/b><\/p><p><span style=\"font-family: Verdana;\"><b>Alle Produktmerkmale auf einen Blick<br \/><\/b><\/span><\/p><ul><li>mit wenigen Handgriffen einsatzf\u00e4hig<\/li><li>Modell: FB-205 mit Zusatzgitter<\/li><li>platzsparrend zusammenklappbar<\/li><li>Geh\u00e4usematerial: Verst\u00e4rkter Polypropylenk\u00f6rper mit gro\u00dfem Sichtfenster<\/li><li>Edelstahlgitter<\/li><li>Wasserbeh\u00e4lter aus Aluminium<\/li><li>Feuchtigkeitsbereich: 60- 80%<\/li><li>Temperaturbreich: 21\u00b0-49\u00ba C im G\u00e4rmodus und bis zu 90\u00ba C im Schongarmodus<\/li><li>elektronische Temperaturregelung<\/li><li>entfernbare Teile sp\u00fclmaschinenfest<\/li><li>Leistung: 180-220 Watt<\/li><li>Innenma\u00df (ge\u00f6ffnet)\u00a0BxTxH:: 38 x 32 x 20 cm<\/li><li>Au\u00dfenma\u00df (ge\u00f6ffnet) BxTxH: 46 x 37 x 27 cm<\/li><li>Au\u00dfenma\u00df\u00a0(gefaltet) BxTxH: 46 x 37 x 8 cm<\/li><li>Bedienanleitung mit Rezeptheft<\/li><li>Spannung: 220-240 V, 60 Hz (200 Watt)<\/li><li>Gewicht: 3,2 kg)<\/li><\/ul><p><b><span style=\"font-size: medium;\">So funktioniert es:<\/span><\/b><span style=\"font-size: medium;\"><br \/>Durch eine Heizplatte wird Strahlungsw\u00e4rme erzeugt. Die digitale Steuerung erm\u00f6glicht Temperaturen zwischen 21 und 90\u00b0C. Bei Bedarf kann die Feuchtigkeit durch den Gebrauch des beigef\u00fcgten Wasserbeh\u00e4lters erh\u00f6ht<br \/>werden. Da gleichbleibend niedrige Hitze erzeugt wird, ist der G\u00e4rautomat ein ideales Ger\u00e4t f\u00fcr viele Prozesse bei denen niedrige Temperaturen ben\u00f6tigt werden. Im Inneren des G\u00e4rautomaten wird sie Temperatur exakt aufrecht erhalten.<\/span><\/p><p><b>Der Automat eignet sich hervorragend: <\/b><b>Zum Gehenlassen von Teig<br \/><\/b>Brotteig zubereiten wie ein Profi. Auf Knoopfdruck die ideale kostante G\u00e4rtemperatur und dabei zusehen, wie der Teigling w\u00e4chst. Sie erhalten gleichbleibend gute Ergebnisse bei sauerteig, Vollkornbrot und sogar glutenfreies Brot. Machen Sie Pizzateig so lecker wie beim Italiener. Passen Sie den G\u00e4rvorgang Ihrem Zietplan an. Es lohnt sich zu warten eine langsame, kontrolierte G\u00e4rung erzeugt die besten Aromen.<br \/><b>Als Joghurtger\u00e4t<br \/><\/b>Verwenden Sie Ihre eigenen Gef\u00e4\u00dfe um cremigen Joghurt in beliebiger Menge herzustellen. Joghurt zu Hause zuzubereiten ist nicht nur g\u00fcnstig. Sie k\u00f6nnen Ihre Lieblingsmilch verwenden, auf Zusatzstoffe verzichten und den Zuckergehalt reduzieren. Die einzigartige Hoch-niedrig-Methode ben\u00f6tigt nur 4 Stunden f\u00fcr die Herstellung von bis zu 4,5 Litern Joghurt mit einer feinen cremigen Textur. Auch geeignet f\u00fcr die Joghurtherstellung aus Ziegenmilch oder vegan aus Soja- oder Kokosmilch.<br \/>Die meisten Joghurtger\u00e4te verwenden Plastikbeh\u00e4lter. Der G\u00e4rautomat von Brod&amp;Taylor erm\u00f6glicht den Einsatz eigener Glasbeh\u00e4lter. Plastikfreie Produktion- somit wird der Abfall verringert und die Joghurtproduktion plastikfrei.<b><br \/>Zum Schmelzen von Schokolade<\/b><br \/>Genie\u00dfen Sie, wie einfach und zuverl\u00e4ssig Schokolade geschmolzen wird &#8211; ohne Anbrennen, keine Kl\u00fcmpchen oder Ver\u00e4nderungen der Farbe. Ideal zum Verzieren, zum Dippen f\u00fcr Desserts.<br \/><b>Zur Herstellung von Frischk\u00e4se, Butter<\/b><br \/>Entdecken Sie, wie mit dem G\u00e4rautomaten k\u00f6stlicher Weichk\u00e4se zubereitet werden kann.Durch ideale Temperaturregelung, der f\u00fcr verschiedene K\u00e4sekulturen n\u00f6tigen Reifezeit und ausgew\u00e4hlten Zutaten, erhalten Sie die richtige Konsistenz und volles Aroma. Butter selbst gemacht- kein Problem. Der rahm der Milch setzt sich, durch die perfekte und gleichbleibende Temperaturregelung, ab und l\u00e4sst sich m\u00fchelos weiterverarbeiten. Entscheiden Sie selbst wie das Ergebnis schmecken soll, z.B. durch die Zugabe von Kr\u00e4utern.<br \/><b>NEU mit Slow Cook Mode<\/b><br \/>Die faltbare Slow Cooker im Slow Cook-Modus wird f\u00fcr traditionelles langsames Kochen. Es eignet sich f\u00fcr die Herstellung von schwarzen Knoblauch und Sous Vide garen. Es ist \u00fcber die \u201eKochtopftaste\u201c einzuschalten. Die<br \/>Temperatur kann in 5\u00b0 Stufen von 30\u00b0 bis 90\u00b0 im Schongarprogramm reguliert werden. Der Slow Cooker gart auf niedriger Temperatur, sodass weder etwas brodelt, verkocht oder anbrennt. So haben die Gerichte Zeit<br \/>s\u00e4mtliche Aromen und Gew\u00fcrze zu entfalten und einzuziehen.<br \/><b>Zur Herstellung von Buttermilch, Kefir, Tempeh, Kombucha, Energieriegel<\/b><br \/><span class=\"st\">Kombucha stellen Sie diesen prickelnden, k\u00f6stliche probiotische Tee selbst her. Ideal auch f\u00fcr andere fermentierte Lebensmittel und Getr\u00e4nke wie zum Beispiel Kefir und Tempeh.<\/span><span class=\"st\"><span style=\"font-size: medium;\"><em> Tempeh<\/em> kennen Sie nicht? H\u00f6chste Zeit, das zu \u00e4ndern, denn die Fleischalternative aus Soja hat viel zu bieten. Kreieren Sie Ihre ganz eigenen Energieriegel nach Ihren Ern\u00e4hrungsw\u00fcnschen. Vollgepackt mit reichhaltigen, energiereichen und\/ oder leicht verdaulichen N\u00e4hrstoffen &#8211; ob vollwertig, glutenfrei oder auch kalorienarm &#8211; in der sanften W\u00e4rme des G\u00e4rautomaten schmilzen die Zutaten schonend und lassen sich besonders gut verarbeiten<\/span>.<br \/><\/span><\/p><p>LUBA GmbH gew\u00e4hrt eine freiwillige 3<b> Jahre Herstellergarantie<\/b> bei privater Nutzung auf\u00a0alle Material- und Produktionsfehler. Durch die Herstellergarantie werden die gesetzlichen Rechte aus der Gew\u00e4hrleistung nicht eingeschr\u00e4nkt.\u00a0 Die Herstellergarantie wird von LUBA GmbH, Ober-Eschbacher Stra\u00dfe 37, 61352 Bad Homburg, Deutschland getragen und gilt wenn nicht anders angegeben in Deutschland. Alle n\u00e4heren Informationen liegen ausf\u00fchrlich Ihrem Ger\u00e4t bei.<\/p>","protected":false},"excerpt":{"rendered":"<p>Brod &amp; Taylor &#8211; Neues Modell mit Slow Cooker &#8211; jetzt anstatt nur von 21 bis 49 Grad jetzt bis 90 Grad G\u00e4rautomat, Slow Cooker und Joghurtger\u00e4t in Einem Zus\u00e4tzlich mit Zusatzgitter. Das Zusatzgitter verdoppelt die Kapazit\u00e4t Ihres Brod&amp;Taylor G\u00e4rautomaten durch eine zweite Etage. Das Gitter ist aus Edelstahl.Professionelle Ergebnisse in Ihrer K\u00fcche- Dieses multifunktionale [&hellip;]<\/p>\n","protected":false},"featured_media":759,"template":"","meta":[],"product_brand":[],"product_cat":[134],"product_tag":[],"class_list":{"0":"post-1596","1":"product","2":"type-product","3":"status-publish","4":"has-post-thumbnail","6":"product_cat-kuechengeraete","7":"product_shipping_class-direkt-luba","8":"pa_besonderheiten-zusammenklappbar","9":"pa_besonderheiten-sous-vide-garen","10":"pa_farbe-weiss","12":"first","13":"instock","14":"taxable","15":"shipping-taxable","16":"purchasable","17":"product-type-simple"},"supplier_id":1283,"supplier_sku":"008-425-S","barcode":null,"atum_controlled":true,"out_stock_date":null,"out_stock_threshold":null,"inheritable":false,"inbound_stock":0,"stock_on_hold":0,"sold_today":0,"sales_last_days":1,"reserved_stock":null,"customer_returns":null,"warehouse_damage":null,"lost_in_post":null,"other_logs":null,"out_stock_days":0,"lost_sales":0,"has_location":false,"update_date":"2026-03-27T13:33:58","atum_locations":[],"atum_stock_status":"instock","restock_status":false,"low_stock_amount":"","sales_update_date":"2026-03-27T13:33:58","calc_backorders":null,"_links":{"self":[{"href":"https:\/\/wordpress.famberg.de\/index.php\/wp-json\/wp\/v2\/product\/1596","targetHints":{"allow":["GET"]}}],"collection":[{"href":"https:\/\/wordpress.famberg.de\/index.php\/wp-json\/wp\/v2\/product"}],"about":[{"href":"https:\/\/wordpress.famberg.de\/index.php\/wp-json\/wp\/v2\/types\/product"}],"wp:featuredmedia":[{"embeddable":true,"href":"https:\/\/wordpress.famberg.de\/index.php\/wp-json\/wp\/v2\/media\/759"}],"wp:attachment":[{"href":"https:\/\/wordpress.famberg.de\/index.php\/wp-json\/wp\/v2\/media?parent=1596"}],"wp:term":[{"taxonomy":"product_brand","embeddable":true,"href":"https:\/\/wordpress.famberg.de\/index.php\/wp-json\/wp\/v2\/product_brand?post=1596"},{"taxonomy":"product_cat","embeddable":true,"href":"https:\/\/wordpress.famberg.de\/index.php\/wp-json\/wp\/v2\/product_cat?post=1596"},{"taxonomy":"product_tag","embeddable":true,"href":"https:\/\/wordpress.famberg.de\/index.php\/wp-json\/wp\/v2\/product_tag?post=1596"}],"curies":[{"name":"wp","href":"https:\/\/api.w.org\/{rel}","templated":true}]}}