{"id":1592,"date":"2024-02-24T11:30:46","date_gmt":"2024-02-24T10:30:46","guid":{"rendered":"https:\/\/wordpress.famberg.de\/index.php\/produkt\/mixbehaelter-mini-wildside-jar\/"},"modified":"2025-12-03T21:05:15","modified_gmt":"2025-12-03T20:05:15","slug":"mixbehaelter-mini-wildside-jar","status":"publish","type":"product","link":"https:\/\/wordpress.famberg.de\/index.php\/produkt\/mixbehaelter-mini-wildside-jar\/","title":{"rendered":"Blendtec Mixbeh\u00e4lter Mini WildSide Jar"},"content":{"rendered":"<p><span style=\"font-size: small; font-family: Arial;\"><span style=\"font-size: small;\"><span style=\"font-family: Arial;\"><span style=\"font-size: small;\"><span style=\"font-family: Arial;\">\u00a0<\/span><\/span><\/span><\/span><\/span><span style=\"color: #009900; font-size: medium;\"><strong>Der neue kleine Mixbeh\u00e4lter Mini WildSide Jar &#8211; die perfekte Erg\u00e4nzung zu Ihrem Blendtec Mixer<\/strong><\/span><span style=\"font-size: medium;\"><br \/><span style=\"color: #6600cc;\"><span style=\"color: #000000;\">Genau das Richtige<br \/>f\u00fcr kleinere Portionen.<br \/>Mit dem Mini WildSide Jar k\u00f6nnen Sie ganz einfach kleinere Mengen (wie z.B. Smoothies, Dips, Eiscreme, Babykost u.v.m.) zubereiten. Die Funktionalit\u00e4t ist genauso wie beim gro\u00dfen Modell WildSide+. <\/span><\/span><span style=\"color: #6600cc;\"><span style=\"color: #000000;\"><span style=\"color: #6600cc;\"><span style=\"color: #000000;\">Der Mini WildSide Jar passt auf alle Blendtec Blender und bietet eine gute Erg\u00e4nzung zu den serienm\u00e4\u00dfigen Beh\u00e4ltern. <\/span><\/span>Er ist zudem perfekt f\u00fcr den Single Haushalte geeignet.<br \/><\/span><\/span><span style=\"color: #6600cc;\"><strong><br \/><span style=\"color: #009900;\">Eigenschaften der Blendtec Mixbeh\u00e4lter<\/span><\/strong><\/span><b><br \/><\/b><\/span><\/p><div><ul><li><span style=\"font-size: medium;\"><b>aus stabilen BPA-freien Copolyester, schlagfest<\/b><br \/><\/span><\/li><li><span style=\"font-size: medium;\"><b>extra starke patentierte Sicherheitsklinge<\/b><\/span><\/li><li><span style=\"font-size: medium;\"><b>einfach abzulesende Makierungen am Beh\u00e4lter<\/b><\/span><\/li><li><span style=\"font-size: medium;\"><b>passt auf alle Blendtec Haushalts-Mixer<br \/><\/b><\/span><\/li><\/ul><p><span style=\"color: #009900; font-size: medium;\"><b>Produktmerkmale Mini WildSide Jar<\/b><\/span><span style=\"font-size: medium;\"><br \/><\/span><\/p><ul><li><span style=\"font-size: medium;\">Fassungsverm\u00f6gen: 1360 ml (Messlinien bis zu 700 ml)<\/span><\/li><li><span style=\"font-size: medium;\">Abmessungen (TxBxH) in cm: ca. 12 x 12 x 18<\/span><\/li><li><span style=\"font-size: medium;\">Gewicht: 480 g<\/span><\/li><li><span style=\"font-size: medium;\">Perfekt f\u00fcr Einzel-Portionen<\/span><\/li><li><span style=\"font-size: medium;\">Der einklinkende Deckel h\u00e4lt selbst\u00a0<\/span><\/li><li><span style=\"font-size: medium;\">Die patentierte stumpfe Sicherheitsklinge ist 80 % dicker und 10 x st\u00e4rker als andere Klingen<\/span><\/li><li><span style=\"font-size: medium;\">Die Safeblade Technologie erlaubt sicheres und einfaches Reinigen<\/span><\/li><li><span style=\"font-size: medium;\">Einfach abzulesene Markierungen am Beh\u00e4lter<\/span><\/li><li><span style=\"font-size: medium;\">Gefertigt aus stabilem, BPA-freiem, Copolyester<\/span><\/li><li><span style=\"font-size: medium;\">Kompatibel mit allen Blendtec Blendern<br \/><\/span><\/li><\/ul><p><span style=\"font-size: medium;\">Garantie von 2 Jahren. Die Garantie umfasst alle im Garantiezeitraum auftretenden Fertigungs- und Materialfehler, welche repariert, ersetzt oder erstattet werden. Voraussetzung f\u00fcr diese Garantie ist ein sachgem\u00e4\u00dfer Gebrauch und sachgem\u00e4\u00dfe Pflege gem\u00e4\u00df der Bedienungsanleitung. Von der Garantie ausgeschlossen sind Sch\u00e4den aus Verlust, aus grober Fahrl\u00e4ssigkeit, aus Verschlei\u00df und Folgesch\u00e4den. Die Garantie gilt nur in Deutschland.<br \/>Der Garantiegeber ist: Luba GmbH, Ober-Eschbacher Stra\u00dfe 37, 61352 Bad Homburg\u00a0\u00a0\u00a0<\/span><span style=\"color: #6600cc; font-size: x-large;\"><strong><br \/><\/strong><\/span><\/p><\/div>","protected":false},"excerpt":{"rendered":"<p>\u00a0Der neue kleine Mixbeh\u00e4lter Mini WildSide Jar &#8211; die perfekte Erg\u00e4nzung zu Ihrem Blendtec MixerGenau das Richtigef\u00fcr kleinere Portionen.Mit dem Mini WildSide Jar k\u00f6nnen Sie ganz einfach kleinere Mengen (wie z.B. Smoothies, Dips, Eiscreme, Babykost u.v.m.) zubereiten. Die Funktionalit\u00e4t ist genauso wie beim gro\u00dfen Modell WildSide+. Der Mini WildSide Jar passt auf alle Blendtec Blender [&hellip;]<\/p>\n","protected":false},"featured_media":747,"template":"","meta":[],"product_brand":[],"product_cat":[167],"product_tag":[],"class_list":{"0":"post-1592","1":"product","2":"type-product","3":"status-publish","4":"has-post-thumbnail","6":"product_cat-kuechengeraete-zubehoer","7":"product_shipping_class-direkt-luba","9":"first","10":"instock","11":"taxable","12":"shipping-taxable","13":"purchasable","14":"product-type-simple"},"supplier_id":1283,"supplier_sku":"902-395","barcode":null,"atum_controlled":false,"out_stock_date":null,"out_stock_threshold":null,"inheritable":false,"inbound_stock":0,"stock_on_hold":0,"sold_today":0,"sales_last_days":1,"reserved_stock":null,"customer_returns":null,"warehouse_damage":null,"lost_in_post":null,"other_logs":null,"out_stock_days":0,"lost_sales":0,"has_location":false,"update_date":"2025-12-06T11:42:41","atum_locations":[],"atum_stock_status":"instock","restock_status":false,"low_stock_amount":"","sales_update_date":"2025-12-06T11:42:41","calc_backorders":null,"_links":{"self":[{"href":"https:\/\/wordpress.famberg.de\/index.php\/wp-json\/wp\/v2\/product\/1592","targetHints":{"allow":["GET"]}}],"collection":[{"href":"https:\/\/wordpress.famberg.de\/index.php\/wp-json\/wp\/v2\/product"}],"about":[{"href":"https:\/\/wordpress.famberg.de\/index.php\/wp-json\/wp\/v2\/types\/product"}],"wp:featuredmedia":[{"embeddable":true,"href":"https:\/\/wordpress.famberg.de\/index.php\/wp-json\/wp\/v2\/media\/747"}],"wp:attachment":[{"href":"https:\/\/wordpress.famberg.de\/index.php\/wp-json\/wp\/v2\/media?parent=1592"}],"wp:term":[{"taxonomy":"product_brand","embeddable":true,"href":"https:\/\/wordpress.famberg.de\/index.php\/wp-json\/wp\/v2\/product_brand?post=1592"},{"taxonomy":"product_cat","embeddable":true,"href":"https:\/\/wordpress.famberg.de\/index.php\/wp-json\/wp\/v2\/product_cat?post=1592"},{"taxonomy":"product_tag","embeddable":true,"href":"https:\/\/wordpress.famberg.de\/index.php\/wp-json\/wp\/v2\/product_tag?post=1592"}],"curies":[{"name":"wp","href":"https:\/\/api.w.org\/{rel}","templated":true}]}}