{"id":1580,"date":"2024-02-24T11:30:30","date_gmt":"2024-02-24T10:30:30","guid":{"rendered":"https:\/\/wordpress.famberg.de\/index.php\/produkt\/kornquetsche-novia-flocker-farbiger-trichter-gruen\/"},"modified":"2026-01-12T17:59:15","modified_gmt":"2026-01-12T16:59:15","slug":"kornquetsche-novia-flocker-farbiger-trichter-gruen","status":"publish","type":"product","link":"https:\/\/wordpress.famberg.de\/index.php\/produkt\/kornquetsche-novia-flocker-farbiger-trichter-gruen\/","title":{"rendered":"Eschenfelder Kornquetsche Novia Flocker farbiger Trichter  gr\u00fcn"},"content":{"rendered":"<div style=\"width: 200px;\"><\/div><p><span style=\"color: #336600; font-size: medium;\"><span style=\"font-weight: bold;\">Eschenfelder Kornquetsche novia<\/span>\u00ae<\/span><span style=\"color: #336600; font-size: medium;\"><span style=\"font-weight: bold;\"><br \/>NEU Alutrichter jetzt in frischen Farben, die begeistern!<\/span><\/span><\/p><p>Frisch geflocktes Getreide enth\u00e4lt noch die wertvollen Vitamine, Mineralien und Ballaststoffe des Korns. Sobald es aufgebrochen bzw. gequetscht ist, <span style=\"font-weight: bold;\">setzt ein wertmindernder Oxidationsprozess ein. In frischen Flocken bleiben die Wertstoffe weitestgehend erhalten. Auch Gew\u00fcrze wie Fenchel, <\/span><span style=\"font-weight: bold;\">K\u00fcmmel oder Koriander lassen sich hervorragend mit dem Flocker verarbeiten.<\/span><b><span style=\"font-size: medium;\"> Novia\u00ae ist die neue Korn-Quetsche aus dem Hause Eschenfelder<\/span><\/b><br style=\"font-weight: bold;\" \/><span style=\"font-size: medium;\">Eschenfelder Kornquetschen mit einem Geh\u00e4use aus massiver ged\u00e4mpfter Buche mit einem biologischem Lein\u00f6lfirnis behandelt. Sch\u00fctte, Walzen und Kurbel aus nickelfreiem Edelstahl erm\u00f6glichen eine stufenlos einstellbare Flocken- und Mehlst\u00e4rke f\u00fcr Getreide wie Dinkel, Gerste, Gr\u00fcnkern oder Reis. Auch Gew\u00fcrze, \u00d6lsaaten, Keimlinge, Linsen, gehackte N\u00fcsse oder Tee werden bedarfsgerecht zerkleinert &#8211; f\u00fcr eine optimale aromatische und vitaminreiche Weiterverarbeitung. Durch ihre offene Bauweise sind Eschenfelder Kornquetschen besonders einfach zu reinigen. Tischmodelle werden inklusive Schraubenzwinge geliefert. Die frischen, farblichen Akzente werden durch Naturfarben gesetzt. Sie k\u00f6nnen passend zu Ihrer Einrichtung zwischen drei Farben w\u00e4hlen: rot, gr\u00fcn oder blau. &#8211; Welche passt in Ihre K\u00fcche?<\/span><\/p><p><b>Quetschen Sie:\u00a0<\/b><\/p><ul><li><span style=\"font-size: medium;\"><br \/>Getreide zu Flocken: Hafer, Dinkel, Gerste, Gr\u00fcnkern, Reis&#8230;.<\/span><\/li><li><span style=\"font-size: medium;\">Flocken zu Mehl: Weizen, Roggen, Buchweizen, Hirse&#8230;.<\/span><\/li><li><span style=\"font-size: medium;\">Gew\u00fcrze: K\u00fcmmel, Fenchel, Anis, Pfeffer, Sternanis, Koreander, Ingwer, Bockshornklee, Zimt&#8230;<\/span><\/li><li><span style=\"font-size: medium;\">\u00d6lsaaten: Sesam, Mohn, Senf, Hanf, Leinsamen, Sonnenblumenkerne&#8230;.<\/span><\/li><li><span style=\"font-size: medium;\">und vieles mehr: Keimlinge, Linsen, gehackte N\u00fcsse, Erdn\u00fcsse, Tee, Rosinen als Zugabe, Kokosflocken&#8230;.\u00a0 <\/span><\/li><\/ul><p><span style=\"font-size: medium;\"><br \/><b><u>Produktmerkmale:<\/u><\/b><br \/><\/span><\/p><ul><li><span style=\"font-size: medium;\">Quetschwerk: 2 nickelfreie Edelstahlwalzen, dadurch verschlei\u00dffreier Betrieb ohne Zahnr\u00e4der<\/span><\/li><li><span style=\"font-size: medium;\"><span style=\"line-height: 14px;\">stufenlos einstellbare Flockenst\u00e4rke<\/span><\/span><\/li><li><span style=\"font-size: medium;\"><span style=\"line-height: 14px;\">Sch\u00fctte und Kurbel aus nickelfreiem Edelstahl<\/span><\/span><\/li><li><span style=\"font-size: medium;\"><span style=\"line-height: 14px;\">Trichter (nicht abnehmbar) aus Aluminium, schutzeloxiert, Naturfarben<\/span><\/span><\/li><li><span style=\"font-size: medium;\"><span style=\"line-height: 14px;\">einfache Reinigung durch offene Bauweise<\/span><\/span><\/li><li><span style=\"font-size: medium;\"><span style=\"line-height: 14px;\">Gestell formstabil aus massiver, ged\u00e4mpfter Buche<\/span><\/span><\/li><li><span style=\"font-size: medium;\"><span style=\"line-height: 14px;\">mit Lein\u00f6lfirnis oberfl\u00e4chenbehandelt<\/span><\/span><\/li><li><span style=\"font-size: medium;\">Tischmodelle inklusive Schraubzwinge<\/span><\/li><li><span style=\"font-size: 12pt;\">Flocken\/Minute:<br \/>150g<\/span><\/li><li><span style=\"font-size: 12pt;\">Trichterf\u00fcllmenge:<br \/>200g<\/span><\/li><li><span style=\"font-size: 12pt;\">Unterstellh\u00f6he<br \/>f\u00fcr Sch\u00fcssel: 60 mm<\/span><\/li><li><span style=\"font-size: 12pt;\">quetscht<br \/>alle Getreidearten (au\u00dfer Mais)<\/span><\/li><li><span style=\"font-size: 12pt;\">Gewicht: ca<br \/>2,0 kg<\/span><\/li><li><span style=\"font-size: 12pt;\">Ma\u00dfe mit<br \/>Trichter (H x B x T) in mm: 235 x 122 x 90<\/span><\/li><\/ul><p>&nbsp;<\/p>","protected":false},"excerpt":{"rendered":"<p>Eschenfelder Kornquetsche novia\u00aeNEU Alutrichter jetzt in frischen Farben, die begeistern!Frisch geflocktes Getreide enth\u00e4lt noch die wertvollen Vitamine, Mineralien und Ballaststoffe des Korns. Sobald es aufgebrochen bzw. gequetscht ist, setzt ein wertmindernder Oxidationsprozess ein. In frischen Flocken bleiben die Wertstoffe weitestgehend erhalten. Auch Gew\u00fcrze wie Fenchel, K\u00fcmmel oder Koriander lassen sich hervorragend mit dem Flocker verarbeiten. [&hellip;]<\/p>\n","protected":false},"featured_media":678,"template":"","meta":[],"product_brand":[],"product_cat":[111],"product_tag":[],"class_list":{"0":"post-1580","1":"product","2":"type-product","3":"status-publish","4":"has-post-thumbnail","6":"product_cat-flocker","8":"first","9":"instock","10":"taxable","11":"shipping-taxable","12":"purchasable","13":"product-type-simple"},"supplier_id":1283,"supplier_sku":"115-180","barcode":null,"atum_controlled":false,"out_stock_date":null,"out_stock_threshold":null,"inheritable":false,"inbound_stock":null,"stock_on_hold":0,"sold_today":0,"sales_last_days":0,"reserved_stock":null,"customer_returns":null,"warehouse_damage":null,"lost_in_post":null,"other_logs":null,"out_stock_days":0,"lost_sales":0,"has_location":false,"update_date":"2026-01-12T16:59:16","atum_locations":[],"atum_stock_status":"instock","restock_status":false,"low_stock_amount":"","sales_update_date":"2025-12-11T04:48:42","calc_backorders":null,"_links":{"self":[{"href":"https:\/\/wordpress.famberg.de\/index.php\/wp-json\/wp\/v2\/product\/1580","targetHints":{"allow":["GET"]}}],"collection":[{"href":"https:\/\/wordpress.famberg.de\/index.php\/wp-json\/wp\/v2\/product"}],"about":[{"href":"https:\/\/wordpress.famberg.de\/index.php\/wp-json\/wp\/v2\/types\/product"}],"wp:featuredmedia":[{"embeddable":true,"href":"https:\/\/wordpress.famberg.de\/index.php\/wp-json\/wp\/v2\/media\/678"}],"wp:attachment":[{"href":"https:\/\/wordpress.famberg.de\/index.php\/wp-json\/wp\/v2\/media?parent=1580"}],"wp:term":[{"taxonomy":"product_brand","embeddable":true,"href":"https:\/\/wordpress.famberg.de\/index.php\/wp-json\/wp\/v2\/product_brand?post=1580"},{"taxonomy":"product_cat","embeddable":true,"href":"https:\/\/wordpress.famberg.de\/index.php\/wp-json\/wp\/v2\/product_cat?post=1580"},{"taxonomy":"product_tag","embeddable":true,"href":"https:\/\/wordpress.famberg.de\/index.php\/wp-json\/wp\/v2\/product_tag?post=1580"}],"curies":[{"name":"wp","href":"https:\/\/api.w.org\/{rel}","templated":true}]}}