{"id":1555,"date":"2024-02-24T11:29:51","date_gmt":"2024-02-24T10:29:51","guid":{"rendered":"https:\/\/wordpress.famberg.de\/index.php\/produkt\/mixbehaelter-twister-jar-mixer-zubehoer-twister-jar\/"},"modified":"2026-03-04T14:01:33","modified_gmt":"2026-03-04T13:01:33","slug":"mixbehaelter-twister-jar-mixer-zubehoer-twister-jar","status":"publish","type":"product","link":"https:\/\/wordpress.famberg.de\/index.php\/produkt\/mixbehaelter-twister-jar-mixer-zubehoer-twister-jar\/","title":{"rendered":"Blendtec Mixbeh\u00e4lter Twister Jar Mixer Zubeh\u00f6r -Twister Jar"},"content":{"rendered":"<div><p><span style=\"color: #006600; font-size: medium;\"><strong>Blendtec Twister Jar &#8211; die perfekte Erg\u00e4nzung zu Ihrem Blendtec Mixer<\/strong><\/span><span style=\"font-size: medium;\"><br \/>Ideal f\u00fcr die Zubereitung von dickfl\u00fcssigen Mixturen wie z.B. Nussmus, Hummus, Paniermehl, Pesto, Speiseeis, Shakes, Dressings oder Babynahrung. Auch die Verarbeitung von festen und trockenen Gew\u00fcrzen, Cookies-Kr\u00fcmmel oder Kaffeebohnen ist problemlos gew\u00e4hrleistet. Der Twister Jar ist der erste Beh\u00e4lter seiner Art. Die patentierten Schaber helfen, durch einfaches Drehen des Deckels w\u00e4hrend des Mixvorganges, die Zutaten von der Gef\u00e4sswand zur Klinge zu bringen. So bleibt garantiert nichts am Rand kleben, alle Zutaten werden zur Beh\u00e4ltermitte geleitet und gleichm\u00e4\u00dfig verarbeitet. Der mitgelieferte Spatel l\u00e4sst garantiert keine R\u00fcckst\u00e4nde im Beh\u00e4lter, so k\u00f6nnen Sie Ihre k\u00f6stlichen Speisen und Getr\u00e4nke restlos genie\u00dfen.<br \/><span style=\"color: #006600;\"><strong><br \/>Eigenschaften der Blendtec Mixbeh\u00e4lter<\/strong><\/span><b><br \/><\/b><\/span><\/p><ul><li><span style=\"font-size: medium;\"><b>aus stabilen BPA-freien Copolyester, schlagfest<\/b><br \/><\/span><\/li><li><span style=\"font-size: medium;\"><b>extra starke patentierte Sicherheitsklinge<\/b><\/span><\/li><li><span style=\"font-size: medium;\"><b>einfach abzulesende Makierungen am Beh\u00e4lter<\/b><\/span><\/li><li><span style=\"font-size: medium;\"><b>passt auf alle Blendtec Haushalts-Mixer<br \/><\/b><\/span><\/li><\/ul><p><span style=\"font-size: medium;\"><u><b><span style=\"color: #006600;\">Twister Jar<\/span><br \/><\/b><\/u>Einf\u00fcllmenge: 500 ml (Fl\u00fcssigkeiten)<br \/>Gesamtf\u00fcllmenge: 900 ml<br \/>Makierungen bis 500 ml<u><b><br \/><\/b><\/u>2 Edelstahlmesser<u><b><br \/><\/b><\/u>Abmessungen<b> <\/b>(TxBxH) in cm: 14,5 x 17,8 x 19<b><br \/><\/b>Gewicht: 590 g<br \/>3 Jahre Garantie<br \/><u>Lieferumfang:<\/u><br \/>Twister Mixbeh\u00e4lter<br \/>patentierter Drehdeckel mit 2 Fl\u00fcgeln<br \/>zweiteiliger Mixerdeckel (f\u00fcr normales Mixen)<br \/>Spatel<\/span><\/p><p><span style=\"color: #006600;\"><u><b>Mini Twister Jar<\/b><\/u><\/span><br \/>Der Mini Twister Jar ist der kleine Bruder des Twister Jar. Er ist perfekt f\u00fcr die Verarbeitung von kleineren Mengen von festen Zutaten, z.B.trockenen Gew\u00fcrze, zu Herstellung von Mandelmus, Nussbutter.<\/p><p><span style=\"font-size: medium;\">Fassungsverm\u00f6gen: 600 ml<br \/>Makierungen bis 340 ml<br \/>2 Edelstahlmesser<br \/>Abmessungen<b> <\/b>(TxBxH) in cm: 12 x 16 x 14,5<b> <\/b><br \/>Gewicht: 680 g<br \/>2 Jahre Garantie<br \/><u>Lieferumfang:<\/u><br \/>Mini Twister Mixbeh\u00e4lter<br \/>patentierter Drehdeckel mit 2 Fl\u00fcgeln<br \/>Spatel<\/span><\/p><p>Garantie von 2 Jahren. Die Garantie umfasst alle im Garantiezeitraum auftretenden Fertigungs- und Materialfehler, welche repariert, ersetzt oder erstattet werden. Voraussetzung f\u00fcr diese Garantie ist ein sachgem\u00e4\u00dfer Gebrauch und sachgem\u00e4\u00dfe Pflege gem\u00e4\u00df der Bedienungsanleitung. Von der Garantie ausgeschlossen sind Sch\u00e4den aus Verlust, aus grober Fahrl\u00e4ssigkeit, aus Verschlei\u00df und Folgesch\u00e4den. Die Garantie gilt nur in Deutschland.<\/p><p>Der Garantiegeber ist: Luba GmbH, Ober-Eschbacher Stra\u00dfe 37, 61352 Bad Homburg\u00a0\u00a0\u00a0<span style=\"color: #6600cc;\"><strong><br \/><\/strong><\/span><\/p><\/div>","protected":false},"excerpt":{"rendered":"<p>Blendtec Twister Jar &#8211; die perfekte Erg\u00e4nzung zu Ihrem Blendtec MixerIdeal f\u00fcr die Zubereitung von dickfl\u00fcssigen Mixturen wie z.B. Nussmus, Hummus, Paniermehl, Pesto, Speiseeis, Shakes, Dressings oder Babynahrung. Auch die Verarbeitung von festen und trockenen Gew\u00fcrzen, Cookies-Kr\u00fcmmel oder Kaffeebohnen ist problemlos gew\u00e4hrleistet. Der Twister Jar ist der erste Beh\u00e4lter seiner Art. Die patentierten Schaber helfen, [&hellip;]<\/p>\n","protected":false},"featured_media":654,"template":"","meta":[],"product_brand":[],"product_cat":[167],"product_tag":[],"class_list":{"0":"post-1555","1":"product","2":"type-product","3":"status-publish","4":"has-post-thumbnail","6":"product_cat-kuechengeraete-zubehoer","7":"product_shipping_class-direkt-luba","9":"first","10":"instock","11":"taxable","12":"shipping-taxable","13":"purchasable","14":"product-type-simple"},"supplier_id":1283,"supplier_sku":"902-394","barcode":null,"atum_controlled":true,"out_stock_date":null,"out_stock_threshold":null,"inheritable":false,"inbound_stock":0,"stock_on_hold":0,"sold_today":0,"sales_last_days":1,"reserved_stock":null,"customer_returns":null,"warehouse_damage":null,"lost_in_post":null,"other_logs":null,"out_stock_days":0,"lost_sales":0,"has_location":false,"update_date":"2026-03-04T13:03:46","atum_locations":[],"atum_stock_status":"instock","restock_status":false,"low_stock_amount":"","sales_update_date":"2026-03-04T13:03:46","calc_backorders":null,"_links":{"self":[{"href":"https:\/\/wordpress.famberg.de\/index.php\/wp-json\/wp\/v2\/product\/1555","targetHints":{"allow":["GET"]}}],"collection":[{"href":"https:\/\/wordpress.famberg.de\/index.php\/wp-json\/wp\/v2\/product"}],"about":[{"href":"https:\/\/wordpress.famberg.de\/index.php\/wp-json\/wp\/v2\/types\/product"}],"wp:featuredmedia":[{"embeddable":true,"href":"https:\/\/wordpress.famberg.de\/index.php\/wp-json\/wp\/v2\/media\/654"}],"wp:attachment":[{"href":"https:\/\/wordpress.famberg.de\/index.php\/wp-json\/wp\/v2\/media?parent=1555"}],"wp:term":[{"taxonomy":"product_brand","embeddable":true,"href":"https:\/\/wordpress.famberg.de\/index.php\/wp-json\/wp\/v2\/product_brand?post=1555"},{"taxonomy":"product_cat","embeddable":true,"href":"https:\/\/wordpress.famberg.de\/index.php\/wp-json\/wp\/v2\/product_cat?post=1555"},{"taxonomy":"product_tag","embeddable":true,"href":"https:\/\/wordpress.famberg.de\/index.php\/wp-json\/wp\/v2\/product_tag?post=1555"}],"curies":[{"name":"wp","href":"https:\/\/api.w.org\/{rel}","templated":true}]}}