{"id":1539,"date":"2024-02-24T11:29:28","date_gmt":"2024-02-24T10:29:28","guid":{"rendered":"https:\/\/wordpress.famberg.de\/index.php\/produkt\/getreidemuehle-jumbo-elektrisch-fuers-gewerbe\/"},"modified":"2026-01-30T12:07:44","modified_gmt":"2026-01-30T11:07:44","slug":"getreidemuehle-jumbo-elektrisch-fuers-gewerbe","status":"publish","type":"product","link":"https:\/\/wordpress.famberg.de\/index.php\/produkt\/getreidemuehle-jumbo-elektrisch-fuers-gewerbe\/","title":{"rendered":"Komo Getreidem\u00fchle JUMBO, elektrisch f\u00fcrs Gewerbe"},"content":{"rendered":"<div><span style=\"font-size: medium;\"><span style=\"font-size: medium;\"><span style=\"color: red;\"><span style=\"font-family: arial;\"><span style=\"color: #000000;\"><span style=\"font-size: medium;\"><span style=\"color: red;\"><strong><span style=\"font-family: arial;\"><span style=\"color: #000000;\">Volles Korn aus guten Grund<\/span><\/span><span style=\"font-family: arial;\"><span style=\"color: #000000;\"> &#8211; <\/span><\/span><\/strong><\/span><\/span>Getreide ist ein bedeutender Lieferant f\u00fcr gesunde Kohlenhydrate, wertvolles Eiwei\u00df und lebensnotwendige Inhaltsstoffe wie Vitamine, Eisen und Magnesium.<br \/>Frisches Getreide enth\u00e4lt viele Ballststoffe und bringt dadurch Ihren Darm wieder in Schwung.<\/span> <\/span><\/span><\/span><\/span><\/div><p><span style=\"color: #006600; font-size: medium;\"><b><span style=\"font-family: arial;\"><strong>Gewerbe- Getreidem\u00fchle JUMBO wird nur gewerblich verkauft.<\/strong><\/span><\/b><\/span><\/p><p><b>Wenn\u2019s um mehr geht<\/b>: Die Getreidem\u00fchle f\u00fcr den gewerblichen Einsatz im Bioladen, Reformhaus, Restaurant oder in der Gro\u00dfk\u00fcche. Ein Blick auf die Anleitungsgrafik zeigt die genial einfache Bedienung des Ger\u00e4tes und ist daher auch bestens als Selbstbedienungsm\u00fchle im Bioladen geeignet. Eine Halterung sorgt daf\u00fcr, dass das Mahlgut direkt in der T\u00fcte landen kann. Das macht Freude!<br \/>Extragro\u00dfe Mahlsteine und ein leistungsstarker Motor geben der Jumbo-Getreidem\u00fchle die Kraft alle Getreidearten, auch Mais, zu feinsten Mehl zu verarbeiten.<br \/>Das Geh\u00e4use aus Buche Multiplex ist nahezu unempfindlich gegen Temperatur- und Feuchtigkeitsschwankungen. Es ist robust und mit einem gro\u00dfen Hebel zur stufenlosen Einstellung des Mahlgrades ausgestattet. Der gro\u00dfe Trichter fasst 3 kg Getreide. Die Getreidem\u00fchle Jumbo ben\u00f6tigt einen 230-Volt Stromanschluss, also eine ganz &#8222;normale&#8220; Steckdose.<\/p><p><b>Komo legt weiterhin gro\u00dfen Wert darauf:<\/b><\/p><ul><li><span style=\"font-size: medium;\">in Made Austria oder Made Germany zu produzieren<\/span><\/li><li><span style=\"font-size: medium;\">Fast alle Ger\u00e4te werden komplett in einer Behindertenwerkstatt gefertigt<\/span><\/li><li><span style=\"font-size: medium;\">die regionale Wirtschaft wird unterst\u00fctz, indem mit Zulieferern aus der Umgebung statt aus Fernost gearbeitet wird<\/span><\/li><li><span style=\"font-size: medium;\">das Holz aus nachhaltig-zertifizierter Forstwirtschaft bezogen wird (PEFC Zertifiziert)<\/span><\/li><li><span style=\"font-size: medium;\">Komo bietet auch einen hervorragenden Kundenservice<\/span><\/li><\/ul><p><span style=\"font-size: medium;\"><br \/><span style=\"font-family: arial;\"><b>Starke Technik &#8211; hohe Mahlleistung &#8211; aber leise<\/b><\/span><\/span><\/p><p><u><b>Produktmerkmale:<\/b><\/u><\/p><ul><li><span style=\"font-family: arial; font-size: medium;\">Industriemotor: 750 W<\/span><\/li><li><span style=\"font-family: arial; font-size: medium;\">Lautst\u00e4rke: ca.72 db<br \/><\/span><\/li><li><span style=\"font-family: arial; font-size: medium;\">Mahlwerk: Korund\/Keramik<\/span><\/li><li><span style=\"font-family: arial; font-size: medium;\">Durchmesser Mahlsteine: 130 mm<br \/><\/span><\/li><li><span style=\"font-family: arial; font-size: medium;\">Mahlleistung: 350 g\/min (Feineinstellung)<\/span><\/li><li><span style=\"font-family: arial; font-size: medium;\">Mahlgrad: stufenlos einstellbar<\/span><\/li><li><span style=\"font-family: arial; font-size: medium;\">Mahlgut: alle Getreidearten, <u>auch Mais<\/u><br \/><\/span><\/li><li><span style=\"font-family: arial; font-size: medium;\">Trichterf\u00fcllmenge: 3000 g (bei Weizen)<\/span><\/li><li><span style=\"font-family: arial; font-size: medium;\">Geh\u00e4use: <\/span><span style=\"font-family: arial; font-size: medium;\"><span style=\"font-family: arial;\">Buche <\/span>Multiplex<\/span><\/li><li><span style=\"font-family: arial; font-size: medium;\">Oberfl\u00e4che mit Bio-Pflanzen\u00f6l behandel<br \/><\/span><\/li><li><span style=\"font-family: arial; font-size: medium;\">Gewicht: 32,0 kg<\/span><\/li><li><span style=\"font-family: arial; font-size: medium;\">Ma\u00dfe<\/span><span style=\"font-size: medium;\"> (H x B xT): 560 x 280 x 455 mm<\/span><\/li><li><span style=\"font-size: medium;\">Herstellergarantie: 2 Jahre\u00a0 &#8211; Diese Garantie umfasst alle Fertigungs- und Materialfehler, Besch\u00e4digungen an zerbrechlichen Teilen, z.B. am Geh\u00e4use oder am Auslauf durch den Benutzer nicht eingeschlossen.)<\/span><\/li><li><span style=\"font-size: medium;\">\u00a0<\/span><\/li><\/ul><p><span style=\"font-size: medium;\"><u><b>Lieferumfang:<\/b><\/u><br \/><\/span><\/p><ul><li><span style=\"font-size: medium;\">Elektrische Getreidem\u00fchle FIDIBUS XL mit T\u00fctenhalterung<\/span><\/li><li><span style=\"font-size: medium;\">Gewerbeger\u00e4t &#8211; Verkauf nur ans Gewerbe<br \/><\/span><\/li><\/ul><p align=\"left\"><span style=\"font-size: medium;\"><u><b>\u00a0<\/b><\/u><\/span><\/p><p align=\"left\"><span style=\"font-size: medium;\"><b>Garantie Gewerbegetreidem\u00fchle<\/b><br \/><\/span><\/p><p><span style=\"font-size: medium;\">Komo gew\u00e4hrt eine 2 Jahre Hersteller<br \/>Bring-In-Garantie auf alle Material- und Produktionsfehler. Durch die Herstellergarantie werden die gesetzlichen Rechte aus der Gew\u00e4hrleistung nicht eingeschr\u00e4nkt. Die Herstellergarantie wird von Komo GmbH Habitzheimer Str. 14 in 64835 Otzberg-Lengfeld getragen und gilt wenn nicht anders angegeben in Deutschland. Alle n\u00e4heren Informationen liegen ausf\u00fchrlich Ihrem Ger\u00e4t bei.<\/span><\/p>","protected":false},"excerpt":{"rendered":"<p>Volles Korn aus guten Grund &#8211; Getreide ist ein bedeutender Lieferant f\u00fcr gesunde Kohlenhydrate, wertvolles Eiwei\u00df und lebensnotwendige Inhaltsstoffe wie Vitamine, Eisen und Magnesium.Frisches Getreide enth\u00e4lt viele Ballststoffe und bringt dadurch Ihren Darm wieder in Schwung. Gewerbe- Getreidem\u00fchle JUMBO wird nur gewerblich verkauft.Wenn\u2019s um mehr geht: Die Getreidem\u00fchle f\u00fcr den gewerblichen Einsatz im Bioladen, Reformhaus, [&hellip;]<\/p>\n","protected":false},"featured_media":627,"template":"","meta":[],"product_brand":[],"product_cat":[185],"product_tag":[],"class_list":{"0":"post-1539","1":"product","2":"type-product","3":"status-publish","4":"has-post-thumbnail","6":"product_cat-profigeraete","8":"first","9":"onbackorder","10":"taxable","11":"shipping-taxable","12":"purchasable","13":"product-type-simple"},"supplier_id":1530,"supplier_sku":"05001","barcode":null,"atum_controlled":false,"out_stock_date":null,"out_stock_threshold":null,"inheritable":false,"inbound_stock":null,"stock_on_hold":0,"sold_today":0,"sales_last_days":0,"reserved_stock":null,"customer_returns":null,"warehouse_damage":null,"lost_in_post":null,"other_logs":null,"out_stock_days":0,"lost_sales":0,"has_location":false,"update_date":"2026-01-30T11:07:46","atum_locations":[],"atum_stock_status":"onbackorder","restock_status":false,"low_stock_amount":"","sales_update_date":"2024-09-24T09:53:04","calc_backorders":null,"_links":{"self":[{"href":"https:\/\/wordpress.famberg.de\/index.php\/wp-json\/wp\/v2\/product\/1539","targetHints":{"allow":["GET"]}}],"collection":[{"href":"https:\/\/wordpress.famberg.de\/index.php\/wp-json\/wp\/v2\/product"}],"about":[{"href":"https:\/\/wordpress.famberg.de\/index.php\/wp-json\/wp\/v2\/types\/product"}],"wp:featuredmedia":[{"embeddable":true,"href":"https:\/\/wordpress.famberg.de\/index.php\/wp-json\/wp\/v2\/media\/627"}],"wp:attachment":[{"href":"https:\/\/wordpress.famberg.de\/index.php\/wp-json\/wp\/v2\/media?parent=1539"}],"wp:term":[{"taxonomy":"product_brand","embeddable":true,"href":"https:\/\/wordpress.famberg.de\/index.php\/wp-json\/wp\/v2\/product_brand?post=1539"},{"taxonomy":"product_cat","embeddable":true,"href":"https:\/\/wordpress.famberg.de\/index.php\/wp-json\/wp\/v2\/product_cat?post=1539"},{"taxonomy":"product_tag","embeddable":true,"href":"https:\/\/wordpress.famberg.de\/index.php\/wp-json\/wp\/v2\/product_tag?post=1539"}],"curies":[{"name":"wp","href":"https:\/\/api.w.org\/{rel}","templated":true}]}}

Komo Getreidemühle JUMBO, elektrisch fürs Gewerbe

<div><span style="font-size: medium;"><span style="font-size: medium;"><span style="color: red;"><span style="font-family: arial;"><span style="color: #000000;"><span style="font-size: medium;"><span style="color: red;"><strong><span style="font-family: arial;"><span style="color: #000000;">Volles Korn aus guten Grund</span></span><span style="font-family: arial;"><span style="color: #000000;"> &#8211; </span></span></strong></span></span>Getreide ist ein bedeutender Lieferant für gesunde Kohlenhydrate, wertvolles Eiweiß und lebensnotwendige Inhaltsstoffe wie Vitamine, Eisen und Magnesium.<br />Frisches Getreide enthält viele Ballststoffe und bringt dadurch Ihren Darm wieder in Schwung.</span> </span></span></span></span></div><p><span style="color: #006600; font-size: medium;"><b><span style="font-family: arial;"><strong>Gewerbe- Getreidemühle JUMBO wird nur gewerblich verkauft.</strong></span></b></span></p><p><b>Wenn’s um mehr geht</b>: Die Getreidemühle für den gewerblichen Einsatz im Bioladen, Reformhaus, Restaurant oder in der Großküche. Ein Blick auf die Anleitungsgrafik zeigt die genial einfache Bedienung des Gerätes und ist daher auch bestens als Selbstbedienungsmühle im Bioladen geeignet. Eine Halterung sorgt dafür, dass das Mahlgut direkt in der Tüte landen kann. Das macht Freude!<br />Extragroße Mahlsteine und ein leistungsstarker Motor geben der Jumbo-Getreidemühle die Kraft alle Getreidearten, auch Mais, zu feinsten Mehl zu verarbeiten.<br />Das Gehäuse aus Buche Multiplex ist nahezu unempfindlich gegen Temperatur- und Feuchtigkeitsschwankungen. Es ist robust und mit einem großen Hebel zur stufenlosen Einstellung des Mahlgrades ausgestattet. Der große Trichter fasst 3 kg Getreide. Die Getreidemühle Jumbo benötigt einen 230-Volt Stromanschluss, also eine ganz &#8222;normale&#8220; Steckdose.</p><p><b>Komo legt weiterhin großen Wert darauf:</b></p><ul><li><span style="font-size: medium;">in Made Austria oder Made Germany zu produzieren</span></li><li><span style="font-size: medium;">Fast alle Geräte werden komplett in einer Behindertenwerkstatt gefertigt</span></li><li><span style="font-size: medium;">die regionale Wirtschaft wird unterstütz, indem mit Zulieferern aus der Umgebung statt aus Fernost gearbeitet wird</span></li><li><span style="font-size: medium;">das Holz aus nachhaltig-zertifizierter Forstwirtschaft bezogen wird (PEFC Zertifiziert)</span></li><li><span style="font-size: medium;">Komo bietet auch einen hervorragenden Kundenservice</span></li></ul><p><span style="font-size: medium;"><br /><span style="font-family: arial;"><b>Starke Technik &#8211; hohe Mahlleistung &#8211; aber leise</b></span></span></p><p><u><b>Produktmerkmale:</b></u></p><ul><li><span style="font-family: arial; font-size: medium;">Industriemotor: 750 W</span></li><li><span style="font-family: arial; font-size: medium;">Lautstärke: ca.72 db<br /></span></li><li><span style="font-family: arial; font-size: medium;">Mahlwerk: Korund/Keramik</span></li><li><span style="font-family: arial; font-size: medium;">Durchmesser Mahlsteine: 130 mm<br /></span></li><li><span style="font-family: arial; font-size: medium;">Mahlleistung: 350 g/min (Feineinstellung)</span></li><li><span style="font-family: arial; font-size: medium;">Mahlgrad: stufenlos einstellbar</span></li><li><span style="font-family: arial; font-size: medium;">Mahlgut: alle Getreidearten, <u>auch Mais</u><br /></span></li><li><span style="font-family: arial; font-size: medium;">Trichterfüllmenge: 3000 g (bei Weizen)</span></li><li><span style="font-family: arial; font-size: medium;">Gehäuse: </span><span style="font-family: arial; font-size: medium;"><span style="font-family: arial;">Buche </span>Multiplex</span></li><li><span style="font-family: arial; font-size: medium;">Oberfläche mit Bio-Pflanzenöl behandel<br /></span></li><li><span style="font-family: arial; font-size: medium;">Gewicht: 32,0 kg</span></li><li><span style="font-family: arial; font-size: medium;">Maße</span><span style="font-size: medium;"> (H x B xT): 560 x 280 x 455 mm</span></li><li><span style="font-size: medium;">Herstellergarantie: 2 Jahre  &#8211; Diese Garantie umfasst alle Fertigungs- und Materialfehler, Beschädigungen an zerbrechlichen Teilen, z.B. am Gehäuse oder am Auslauf durch den Benutzer nicht eingeschlossen.)</span></li><li><span style="font-size: medium;"> </span></li></ul><p><span style="font-size: medium;"><u><b>Lieferumfang:</b></u><br /></span></p><ul><li><span style="font-size: medium;">Elektrische Getreidemühle FIDIBUS XL mit Tütenhalterung</span></li><li><span style="font-size: medium;">Gewerbegerät &#8211; Verkauf nur ans Gewerbe<br /></span></li></ul><p align="left"><span style="font-size: medium;"><u><b> </b></u></span></p><p align="left"><span style="font-size: medium;"><b>Garantie Gewerbegetreidemühle</b><br /></span></p><p><span style="font-size: medium;">Komo gewährt eine 2 Jahre Hersteller<br />Bring-In-Garantie auf alle Material- und Produktionsfehler. Durch die Herstellergarantie werden die gesetzlichen Rechte aus der Gewährleistung nicht eingeschränkt. Die Herstellergarantie wird von Komo GmbH Habitzheimer Str. 14 in 64835 Otzberg-Lengfeld getragen und gilt wenn nicht anders angegeben in Deutschland. Alle näheren Informationen liegen ausführlich Ihrem Gerät bei.</span></p>

<p>Volles Korn aus guten Grund &#8211; Getreide ist ein bedeutender Lieferant für gesunde Kohlenhydrate, wertvolles Eiweiß und lebensnotwendige Inhaltsstoffe wie Vitamine, Eisen und Magnesium.Frisches Getreide enthält viele Ballststoffe und bringt dadurch Ihren Darm wieder in Schwung. Gewerbe- Getreidemühle JUMBO wird nur gewerblich verkauft.Wenn’s um mehr geht: Die Getreidemühle für den gewerblichen Einsatz im Bioladen, Reformhaus, [&hellip;]</p>
