{"id":1536,"date":"2024-02-24T11:29:24","date_gmt":"2024-02-24T10:29:24","guid":{"rendered":"https:\/\/wordpress.famberg.de\/index.php\/produkt\/getreidemuehle-fidibus-medium-elektrisch-auch-fuer-mais\/"},"modified":"2025-03-03T13:20:21","modified_gmt":"2025-03-03T12:20:21","slug":"getreidemuehle-fidibus-medium-elektrisch-auch-fuer-mais","status":"publish","type":"product","link":"https:\/\/wordpress.famberg.de\/index.php\/produkt\/getreidemuehle-fidibus-medium-elektrisch-auch-fuer-mais\/","title":{"rendered":"Komo Getreidem\u00fchle Fidibus medium elektrisch auch f\u00fcr Mais"},"content":{"rendered":"<div><b><span style=\"font-size: 12.0pt;\">Volles Korn aus guten Grund &#8211; Getreide ist ein bedeutender Lieferant f\u00fcr gesunde Kohlenhydrate, wertvolles Eiwei\u00df und lebensnotwendige Inhaltsstoffe wie Vitamine, Eisen und Magnesium. Frisches Getreide enth\u00e4lt viele Ballststoffe und bringt dadurch Ihren Darm wieder in Schwung.<\/span><\/b><b> <\/b><\/div><div><b><span style=\"font-size: 12.0pt;\"><br \/>FIDIBUS medium &#8211; Getreidem\u00fchle von Komo<\/span><\/b><br \/><span style=\"font-size: 12.0pt;\"><br \/>Aus zwei mach eins: Diese Getreidem\u00fchle ist die perfekte Mischung aus dem Modell FIDIBUS 21 und der grundsoliden FIDIBUS classic. Im kleinen Geh\u00e4use aus Buchenholz der FIDIBUS 21 stecken jetzt der st\u00e4rkere Motor und die gr\u00f6\u00dferen Mahlsteine der FIDIBUS classic. Damit k\u00f6nnen Sie <b>alle Getreidearten, auch Mais<\/b> m\u00fchelos in einer Minute in 100 g Feinmehl mahlen. Diese Hochleistung im Kleinformat ist auch noch unvergleichlich schonend f\u00fcr Ihren Geldbeutel. <\/span><br \/><span style=\"font-size: 12.0pt;\"><b>Das Mahlwerk dieser Komo Getreidem\u00fchle Fidibus medium ist austauschbar. <\/b><\/span><span style=\"font-size: 12.0pt;\">Mit einem als Zubeh\u00f6r erh\u00e4ltlichen Wechselmahlwerk k\u00f6nnen Sie Ihre Komo-Getreidem\u00fchle auch als Kaffee- oder Gew\u00fcrzm\u00fchle nutzen. <\/span><span style=\"font-size: 12.0pt;\">Ben\u00f6tigen Sie eine Getreidem\u00fchle f\u00fcr Allergiker bzw. f\u00fcr Familienmitglieder die unter einer Glutenunvertr\u00e4glichkeit leiden?\u00a0 Einfach das Mahlwerk austauschen und schon k\u00f6nnen Sie z.B. glutenfreies Getreide mahlen, ohne die<br \/>bef\u00fcrchtete Kontamination des Mahlgutes.\u00a0 <\/span><br \/><span style=\"font-size: 12.0pt;\"><b><u><br \/>Produktmerkmale:<\/u><\/b>\u00a0<\/span><\/p><ul type=\"disc\"><li class=\"MsoNormal\" style=\"line-height: normal;\"><span style=\"font-size: 12.0pt;\">Industriemotor: 360 W<\/span><\/li><li class=\"MsoNormal\" style=\"line-height: normal;\"><span style=\"font-size: 12.0pt;\">Mahlwerk: Korund\/Keramik<\/span><\/li><li class=\"MsoNormal\" style=\"line-height: normal;\"><span style=\"font-size: 12.0pt;\">Mahlleistung: 100 g\/min (Feineinstellung)<\/span><\/li><li class=\"MsoNormal\" style=\"line-height: normal;\"><span style=\"font-size: 12.0pt;\">Mahlgrad: stufenlos einstellbar<\/span><\/li><li class=\"MsoNormal\" style=\"line-height: normal;\"><span style=\"font-size: 12.0pt;\">Mahlgut: alle Getreidearten, <u>auch Mais<\/u><\/span><\/li><li class=\"MsoNormal\" style=\"line-height: normal;\"><span style=\"font-size: 12.0pt;\">Trichterf\u00fcllmenge: 850 g (bei Weizen)<\/span><\/li><li class=\"MsoNormal\" style=\"line-height: normal;\"><span style=\"font-size: 12.0pt;\">Unterstellh\u00f6he f\u00fcr Sch\u00fcssel: 140 mm<\/span><\/li><li class=\"MsoNormal\" style=\"line-height: normal;\"><span style=\"font-size: 12.0pt;\">Geh\u00e4use und Trichter Buche<br \/>Multiplex mit Echtholzfurnier, mit nat\u00fcrlichen Pflanzen\u00f6len behandelt<\/span><\/li><li class=\"MsoNormal\" style=\"line-height: normal;\"><span style=\"font-size: 12.0pt;\">Gewicht: 7,0 kg<\/span><\/li><li class=\"MsoNormal\" style=\"line-height: normal;\"><span style=\"font-size: 12.0pt;\">Ma\u00dfe (H x B xT): 331 x 155 x 160 mm<\/span><\/li><li class=\"MsoNormal\" style=\"line-height: normal;\"><span style=\"font-size: 12.0pt;\">Herstellergarantie: 12<br \/>Jahre\u00a0 &#8211; Diese Garantie umfasst alle Fertigungs- und Materialfehler,<br \/>Besch\u00e4digungen an zerbrechlichen Teilen, z.B. am Geh\u00e4use oder am Auslauf<br \/>durch den Benutzer nicht eingeschlossen.)<\/span><\/li><\/ul><p><u><b><span style=\"font-size: 12.0pt;\">Lieferumfang:<\/span><\/b><\/u><\/p><ul type=\"disc\"><li class=\"MsoNormal\" style=\"line-height: normal;\"><span style=\"font-size: 12.0pt;\">Elektrische Getreidem\u00fchle<br \/>FIDIBUS medium mit Deckel und austauschbaren Mahlkammereinsatz.<\/span><\/li><\/ul><p>Komo gew\u00e4hrt eine 12 Jahre Hersteller Bring-In-Garantie auf alle Material- und Produktionsfehler. Durch die Herstellergarantie werden die gesetzlichen Rechte aus der Gew\u00e4hrleistung nicht eingeschr\u00e4nkt. Die Herstellergarantie wird von KoMo GmbH, Rupert-Mayer-Stra\u00dfe 44, 81379 M\u00fcnchen getragen und gilt wenn nicht anders angegeben in Deutschland. Alle n\u00e4heren Informationen liegen ausf\u00fchrlich Ihrem Ger\u00e4t bei.<\/p><\/div>","protected":false},"excerpt":{"rendered":"<p>Volles Korn aus guten Grund &#8211; Getreide ist ein bedeutender Lieferant f\u00fcr gesunde Kohlenhydrate, wertvolles Eiwei\u00df und lebensnotwendige Inhaltsstoffe wie Vitamine, Eisen und Magnesium. Frisches Getreide enth\u00e4lt viele Ballststoffe und bringt dadurch Ihren Darm wieder in Schwung. FIDIBUS medium &#8211; Getreidem\u00fchle von KomoAus zwei mach eins: Diese Getreidem\u00fchle ist die perfekte Mischung aus dem Modell [&hellip;]<\/p>\n","protected":false},"featured_media":621,"template":"","meta":[],"product_brand":[],"product_cat":[107],"product_tag":[],"class_list":{"0":"post-1536","1":"product","2":"type-product","3":"status-publish","4":"has-post-thumbnail","6":"product_cat-eletrische-getreidemuehlen","7":"product_shipping_class-direkt-komo","8":"pa_farbe-buche","9":"pa_mahlgut-weichgetreide-hartgetreide-gewuerze-huelsenfruechte-kaffee","10":"pa_mahlleistung-fein-100-g-min","11":"pa_mahlstein-85-cm","13":"first","14":"outofstock","15":"taxable","16":"shipping-taxable","17":"purchasable","18":"product-type-simple"},"supplier_id":1530,"supplier_sku":"02004","barcode":null,"atum_controlled":true,"out_stock_date":"2025-03-03 13:20:21","out_stock_threshold":null,"inheritable":false,"inbound_stock":0,"stock_on_hold":0,"sold_today":0,"sales_last_days":3,"reserved_stock":0,"customer_returns":0,"warehouse_damage":0,"lost_in_post":0,"other_logs":0,"out_stock_days":1,"lost_sales":108,"has_location":false,"update_date":"2025-03-04T18:46:31","atum_locations":[],"atum_stock_status":"outofstock","restock_status":false,"low_stock_amount":"","sales_update_date":"2025-03-04T18:46:31","calc_backorders":null,"_links":{"self":[{"href":"https:\/\/wordpress.famberg.de\/index.php\/wp-json\/wp\/v2\/product\/1536","targetHints":{"allow":["GET"]}}],"collection":[{"href":"https:\/\/wordpress.famberg.de\/index.php\/wp-json\/wp\/v2\/product"}],"about":[{"href":"https:\/\/wordpress.famberg.de\/index.php\/wp-json\/wp\/v2\/types\/product"}],"wp:featuredmedia":[{"embeddable":true,"href":"https:\/\/wordpress.famberg.de\/index.php\/wp-json\/wp\/v2\/media\/621"}],"wp:attachment":[{"href":"https:\/\/wordpress.famberg.de\/index.php\/wp-json\/wp\/v2\/media?parent=1536"}],"wp:term":[{"taxonomy":"product_brand","embeddable":true,"href":"https:\/\/wordpress.famberg.de\/index.php\/wp-json\/wp\/v2\/product_brand?post=1536"},{"taxonomy":"product_cat","embeddable":true,"href":"https:\/\/wordpress.famberg.de\/index.php\/wp-json\/wp\/v2\/product_cat?post=1536"},{"taxonomy":"product_tag","embeddable":true,"href":"https:\/\/wordpress.famberg.de\/index.php\/wp-json\/wp\/v2\/product_tag?post=1536"}],"curies":[{"name":"wp","href":"https:\/\/api.w.org\/{rel}","templated":true}]}}