{"id":1532,"date":"2024-02-24T11:29:19","date_gmt":"2024-02-24T10:29:19","guid":{"rendered":"https:\/\/wordpress.famberg.de\/index.php\/produkt\/flockenquetsche-getreideflocker-flicfloc-flic-floc\/"},"modified":"2026-02-03T20:14:49","modified_gmt":"2026-02-03T19:14:49","slug":"flockenquetsche-getreideflocker-flicfloc-flic-floc","status":"publish","type":"product","link":"https:\/\/wordpress.famberg.de\/index.php\/produkt\/flockenquetsche-getreideflocker-flicfloc-flic-floc\/","title":{"rendered":"Komo Flockenquetsche Getreideflocker FlicFloc"},"content":{"rendered":"<div><span style=\"font-size: medium;\"><b><span style=\"color: #006600;\">FlicFloc &#8211; Flockenquetsche von Komo<\/span><\/b><\/span><\/div><p><span style=\"font-size: medium;\"><b><br \/>Frische Flocken im Handumdrehen<\/b>. Ganz sch\u00f6n durchgedreht. Zwei kegelf\u00f6r<\/span><\/p><div style=\"position: absolute; left: 657.144px; top: 439.878px; font-size: 14.1667px; font-family: sans-serif;\" data-canvas-width=\"4.278333333333332\" data-angle=\"0\" data-font-name=\"g_font_1\"><span style=\"font-size: medium;\">&#8211;<\/span><\/div><p><span style=\"font-size: medium;\">mige Edelstahl-Walzen in hochwertigen Kugellagern machen die Bedienung m\u00fchelos. Den FlicFloc mit der Zwinge einfach am Tisch befestigen und schon kann es ohne gro\u00dfen Kraftaufwand losgehen.Hafer, Weizen, Dinkel, Gerste, Roggen, oder Buchweizen &#8211; ein Kinderspiel f\u00fcr die Flockenquetsche FlicFloc von Komo. Sie genie\u00dfen Ihre Getreideflocken frisch mit vollem Aroma, wertvollen Inhaltsstoffen und ganz bestimmt ohne Konservierungstoffe.<\/span><\/p><p>Das sehr schicke und stabile Geh\u00e4use des FlicFloc ist aus dickem, ge\u00f6ltem Buche-Multiplex gefertigt. <span style=\"font-size: medium;\">Gummif\u00fc\u00dfe sorgen f\u00fcr Rutschfestigkeit der Flockenquetsche und schonen zugleich die Oberfl\u00e4che Ihrer Arbeitsplatte. <\/span><span style=\"font-size: medium;\">Der FlicFloc ist auf mitteldicke Flocken fest eingestellt. Ein passendes Glas als Auffangbeh\u00e4lter f\u00fcr Ihre frischen Flocken, sowie eine Schraubzwinge zur Befestigung <\/span><span style=\"font-size: medium;\"><br \/>der FlicFloc Flockenquetsche sind im Lieferumfang enthalten.<br \/><\/span><\/p><p><b><span style=\"font-size: medium;\">Produktmerkmale:<\/span><\/b><\/p><ul><li style=\"list-style-type: none;\"><ul><li><span style=\"font-size: medium;\">Quetschmenge: 80-100 g\/min <\/span><\/li><li><span style=\"font-size: medium;\">Trichterf\u00fcllmenge: 100 g<\/span><\/li><li><span style=\"font-size: medium;\">Flockgut: alle Getreidearten (au\u00dfer Mais), auch \u00d6lsaaten und Kr\u00e4uter<\/span><\/li><li><span style=\"font-size: medium;\">Walzen und Achsen aus Edelstahl <\/span><\/li><li><span style=\"font-size: medium;\">Kurbelradius: 170 mm<\/span><\/li><li><span style=\"font-size: medium;\">Unterstellh\u00f6he f\u00fcr Glas: 80 mm<\/span><\/li><\/ul><\/li><\/ul><ul><li style=\"list-style-type: none;\"><\/li><\/ul><p><span style=\"font-size: medium;\">Ma\u00dfe <\/span><span style=\"font-size: medium;\"><span style=\"font-size: medium;\">(H x B x T) <\/span>in mm: 185 x 120 x 130<br \/><\/span><span style=\"font-size: medium;\">Gewicht: 1700 g<br \/><\/span><span style=\"font-size: medium;\">Herstellergarantie: Komo gew\u00e4hrt auf diesen Artikel 3 Jahre Garantie auf Fertigungs und Materialfehler.<br \/><\/span><\/p><p>Komo gew\u00e4hrt eine 3 Jahre Hersteller Bring-In-Garantie auf alle Material- und Produktionsfehler. Durch die Herstellergarantie werden die gesetzlichen Rechte aus der Gew\u00e4hrleistung nicht eingeschr\u00e4nkt. Die Herstellergarantie wird von KoMo GmbH, Rupert-Mayer-Stra\u00dfe 44, 81379 M\u00fcnchen getragen und gilt wenn nicht anders angegeben in Deutschland. Alle n\u00e4heren Informationen liegen ausf\u00fchrlich Ihrem Ger\u00e4t bei.<\/p>","protected":false},"excerpt":{"rendered":"<p>FlicFloc &#8211; Flockenquetsche von KomoFrische Flocken im Handumdrehen. Ganz sch\u00f6n durchgedreht. Zwei kegelf\u00f6r&#8211;mige Edelstahl-Walzen in hochwertigen Kugellagern machen die Bedienung m\u00fchelos. Den FlicFloc mit der Zwinge einfach am Tisch befestigen und schon kann es ohne gro\u00dfen Kraftaufwand losgehen.Hafer, Weizen, Dinkel, Gerste, Roggen, oder Buchweizen &#8211; ein Kinderspiel f\u00fcr die Flockenquetsche FlicFloc von Komo. Sie genie\u00dfen [&hellip;]<\/p>\n","protected":false},"featured_media":613,"template":"","meta":[],"product_brand":[],"product_cat":[111],"product_tag":[],"class_list":{"0":"post-1532","1":"product","2":"type-product","3":"status-publish","4":"has-post-thumbnail","6":"product_cat-flocker","7":"product_shipping_class-paketversand","8":"pa_mahlleistung-je-nach-einstellung-80-100-g-min","10":"first","11":"outofstock","12":"taxable","13":"shipping-taxable","14":"purchasable","15":"product-type-simple"},"supplier_id":1530,"supplier_sku":"01004","barcode":null,"atum_controlled":true,"out_stock_date":"2026-02-03 20:14:50","out_stock_threshold":null,"inheritable":false,"inbound_stock":6,"stock_on_hold":0,"sold_today":0,"sales_last_days":6,"reserved_stock":0,"customer_returns":0,"warehouse_damage":0,"lost_in_post":0,"other_logs":0,"out_stock_days":6,"lost_sales":892,"has_location":false,"update_date":"2026-02-10T07:49:14","atum_locations":[],"atum_stock_status":"outofstock","restock_status":false,"low_stock_amount":"","sales_update_date":"2026-02-10T07:49:14","calc_backorders":null,"_links":{"self":[{"href":"https:\/\/wordpress.famberg.de\/index.php\/wp-json\/wp\/v2\/product\/1532","targetHints":{"allow":["GET"]}}],"collection":[{"href":"https:\/\/wordpress.famberg.de\/index.php\/wp-json\/wp\/v2\/product"}],"about":[{"href":"https:\/\/wordpress.famberg.de\/index.php\/wp-json\/wp\/v2\/types\/product"}],"wp:featuredmedia":[{"embeddable":true,"href":"https:\/\/wordpress.famberg.de\/index.php\/wp-json\/wp\/v2\/media\/613"}],"wp:attachment":[{"href":"https:\/\/wordpress.famberg.de\/index.php\/wp-json\/wp\/v2\/media?parent=1532"}],"wp:term":[{"taxonomy":"product_brand","embeddable":true,"href":"https:\/\/wordpress.famberg.de\/index.php\/wp-json\/wp\/v2\/product_brand?post=1532"},{"taxonomy":"product_cat","embeddable":true,"href":"https:\/\/wordpress.famberg.de\/index.php\/wp-json\/wp\/v2\/product_cat?post=1532"},{"taxonomy":"product_tag","embeddable":true,"href":"https:\/\/wordpress.famberg.de\/index.php\/wp-json\/wp\/v2\/product_tag?post=1532"}],"curies":[{"name":"wp","href":"https:\/\/api.w.org\/{rel}","templated":true}]}}