{"id":1518,"date":"2024-02-24T11:29:01","date_gmt":"2024-02-24T10:29:01","guid":{"rendered":"https:\/\/wordpress.famberg.de\/index.php\/produkt\/handmuehle-handgetreidemuehle-ch\/"},"modified":"2026-03-23T14:35:05","modified_gmt":"2026-03-23T13:35:05","slug":"handmuehle-handgetreidemuehle-ch","status":"publish","type":"product","link":"https:\/\/wordpress.famberg.de\/index.php\/produkt\/handmuehle-handgetreidemuehle-ch\/","title":{"rendered":"Schnitzer Handm\u00fchle Handgetreidem\u00fchle CH"},"content":{"rendered":"<div><p><span style=\"color: #006600; font-size: medium;\"><b>Schnitzer Handgetreidem\u00fchle CH<\/b><\/span><\/p><p><span style=\"font-size: medium;\">Jeden Tag frisch mahlen und quetschen<\/span><\/p><p><span style=\"font-size: medium;\">Beginnen Sie jeden Tag mit einem gesunden Fr\u00fchst\u00fcck mit h\u00f6chstem Vitalstoffgehalt und stellen sich abwechslungsreich ihr M\u00fcsli selbst zusammen. Kombinieren Sie dazu frische Getreideflocken aus verschiedenen Getreidesorten,\u00a0 \u00a0 \u00d6lsaaten, Trockenfr\u00fcchte, N\u00fcsse und viel frisches Obst. Nicht nur gesundheitlich, sondern im Geschmack \u00fcbertreffen frisch gequetschte Flocken die Varianten &#8222;fertig aus dem Verkaufsregal&#8220;.\u00a0<\/span><\/p><p><span style=\"font-size: medium;\">Die Handgetreidem\u00fchle CH erfreut sich seit fast 40 Jahren gro\u00dfer Beliebtheit. Das liegt sicherlich zum Einen an ihrem sp\u00fclmaschinengeeigneten Auffangbeh\u00e4lter aus Kunststoff, zum Anderen daran dass Sie in diesem Beh\u00e4lter ihr M\u00fcsli praktischerweiser gleich zubereiten k\u00f6nnen.<\/span><\/p><p><span style=\"font-size: medium;\">Je nach Bedarf, ob Sie nun Ihr Getreide fein gemahlen oder grob geschrotet haben wollen, k\u00f6nnen Sie \u00fcber den Knopf am oberen Geh\u00e4use die Einstellung stufenlos regulieren. F\u00fcr die bequeme und sichere Handhabung befestigen Sie bitte die Handgetreidem\u00fchle CH mit der mitgelieferten Tischhalterung.\u00a0<\/span><\/p><p><span style=\"font-size: medium;\"><b>Produktmerkmale<\/b><\/span><\/p><ul><li><span style=\"font-size: medium;\">Mahlgut: alle Getreidearten, au\u00dfer Mais<br \/><\/span><\/li><li><span style=\"font-size: medium;\">Mahlleistung (bei ca. 80 Umdrehungen\/Min): 60 g\/ grob &#8211; 30 g\/ fein<br \/><\/span><\/li><li><span style=\"font-size: medium;\">Mahlwerk: Mahlsteine aus Naxosbasalt<br \/><\/span><\/li><li><span style=\"font-size: medium;\">Einstellung Mahlleistung: bei leerer M\u00fchle, per Drehknopf<br \/><\/span><\/li><li><span style=\"font-size: medium;\">Trichterf\u00fcllmenge: 150 g<br \/><\/span><\/li><li><span style=\"font-size: medium;\">Ma\u00dfe: H 350 mm \/ Durchmesser 95 mm (ohne Kurbel)<br \/><\/span><\/li><li><span style=\"font-size: medium;\">Gewicht: 1,2 kg<br \/><\/span><\/li><li><span style=\"font-size: medium;\">Geh\u00e4usematerial: Kunststoff, wei\u00df\/klar<\/span><\/li><\/ul><\/div>","protected":false},"excerpt":{"rendered":"<p>Schnitzer Handgetreidem\u00fchle CHJeden Tag frisch mahlen und quetschenBeginnen Sie jeden Tag mit einem gesunden Fr\u00fchst\u00fcck mit h\u00f6chstem Vitalstoffgehalt und stellen sich abwechslungsreich ihr M\u00fcsli selbst zusammen. Kombinieren Sie dazu frische Getreideflocken aus verschiedenen Getreidesorten,\u00a0 \u00a0 \u00d6lsaaten, Trockenfr\u00fcchte, N\u00fcsse und viel frisches Obst. Nicht nur gesundheitlich, sondern im Geschmack \u00fcbertreffen frisch gequetschte Flocken die Varianten &#8222;fertig [&hellip;]<\/p>\n","protected":false},"featured_media":582,"template":"","meta":[],"product_brand":[],"product_cat":[182],"product_tag":[],"class_list":{"0":"post-1518","1":"product","2":"type-product","3":"status-publish","4":"has-post-thumbnail","6":"product_cat-handmuehlen","7":"product_shipping_class-paketversand","8":"pa_besonderheiten-manuell","9":"pa_besonderheiten-auffangbehaelter-spuelmaschinengeeignet","10":"pa_farbe-weiss","11":"pa_mahlleistung-je-nach-einstellung-30-60-g-min","12":"pa_produkart-getreidemuehle","14":"first","15":"instock","16":"taxable","17":"shipping-taxable","18":"purchasable","19":"product-type-simple"},"supplier_id":1491,"supplier_sku":"11120","barcode":null,"atum_controlled":true,"out_stock_date":null,"out_stock_threshold":null,"inheritable":false,"inbound_stock":0,"stock_on_hold":0,"sold_today":0,"sales_last_days":0,"reserved_stock":null,"customer_returns":null,"warehouse_damage":null,"lost_in_post":null,"other_logs":null,"out_stock_days":0,"lost_sales":0,"has_location":false,"update_date":"2026-03-27T05:21:15","atum_locations":[],"atum_stock_status":"instock","restock_status":false,"low_stock_amount":"","sales_update_date":"2026-03-27T05:21:15","calc_backorders":null,"_links":{"self":[{"href":"https:\/\/wordpress.famberg.de\/index.php\/wp-json\/wp\/v2\/product\/1518","targetHints":{"allow":["GET"]}}],"collection":[{"href":"https:\/\/wordpress.famberg.de\/index.php\/wp-json\/wp\/v2\/product"}],"about":[{"href":"https:\/\/wordpress.famberg.de\/index.php\/wp-json\/wp\/v2\/types\/product"}],"wp:featuredmedia":[{"embeddable":true,"href":"https:\/\/wordpress.famberg.de\/index.php\/wp-json\/wp\/v2\/media\/582"}],"wp:attachment":[{"href":"https:\/\/wordpress.famberg.de\/index.php\/wp-json\/wp\/v2\/media?parent=1518"}],"wp:term":[{"taxonomy":"product_brand","embeddable":true,"href":"https:\/\/wordpress.famberg.de\/index.php\/wp-json\/wp\/v2\/product_brand?post=1518"},{"taxonomy":"product_cat","embeddable":true,"href":"https:\/\/wordpress.famberg.de\/index.php\/wp-json\/wp\/v2\/product_cat?post=1518"},{"taxonomy":"product_tag","embeddable":true,"href":"https:\/\/wordpress.famberg.de\/index.php\/wp-json\/wp\/v2\/product_tag?post=1518"}],"curies":[{"name":"wp","href":"https:\/\/api.w.org\/{rel}","templated":true}]}}