{"id":1511,"date":"2024-02-24T11:28:50","date_gmt":"2024-02-24T10:28:50","guid":{"rendered":"https:\/\/wordpress.famberg.de\/index.php\/produkt\/flockenquetsche-campo-flocker-getreideflocker\/"},"modified":"2026-04-01T22:19:06","modified_gmt":"2026-04-01T20:19:06","slug":"flockenquetsche-campo-flocker-getreideflocker","status":"publish","type":"product","link":"https:\/\/wordpress.famberg.de\/index.php\/produkt\/flockenquetsche-campo-flocker-getreideflocker\/","title":{"rendered":"Schnitzer Flockenquetsche Campo Flocker Getreideflocker"},"content":{"rendered":"<p><span style=\"font-family: arial; font-size: medium;\">Jeden Tag frisch mahlen und quetschen\u00a0\u00a0<\/span><\/p><p><span style=\"font-family: arial; font-size: medium;\">Beginnen Sie jeden Tag mit einem gesunden Fr\u00fchst\u00fcck mit h\u00f6chstem Vitalstoffgehalt und stellen sich abwechslungsreich ihr M\u00fcsli selbst zusammen. Kombinieren Sie dazu frische Getreideflocken aus verschiedenen Getreidesorten, \u00d6lsaaten, Trockenfr\u00fcchte, N\u00fcsse und viel frisches Obst. Nicht nur gesundheitlich, sondern im Geschmack \u00fcbertreffen frisch gequetschte Flocken die Varianten &#8222;fertig aus dem Verkaufsregal&#8220;.<\/span><\/p><p>Mit diesem Handflocker k\u00f6nnen Sie alle weizenkorngro\u00dfen Getreidesorten quetschen. Die Dicke der Flocken ist stufenlos einstellbar. Die Einstellung erfolgt einfach per Verstellschraube am Geh\u00e4use. Der Getreideflocker CAMPO mit\u00a0Edelstahlwalzen eignet sich zus\u00e4tzlich f\u00fcr die Verarbeitung von Saaten (z.B. Leinsamen oder Sesam) und Gew\u00fcrzen.<br \/><span style=\"font-family: arial; font-size: medium;\"><br \/><\/span><\/p><p><span style=\"font-family: arial; font-size: medium;\">Der Getreideflocker CAMPO ist mit Edelstahlwalzen oder mit Steinwalzen erh\u00e4ltlich.<\/span><span style=\"font-family: arial; font-size: medium;\">\u00a0B<\/span><span style=\"font-family: arial; font-size: medium;\">eim Campo mit Edehlstahlwalzen l\u00e4uft der Antrieb jetzt ohne Zahnr\u00e4der, alleine durch die Reibfl\u00e4chen am Rande der Walzen. Dies ist besonders bei der Reinigung nach dem Quetschen von \u00f6lhaltigen Saaten von gro\u00dfem Vorteil.<\/span><\/p><p>Eine stabile Tischbefestigung aus Metall geh\u00f6rt nat\u00fcrlich zum Lieferumfang der Getreidequetsche Campo von Schnitzer.<\/p><p><span style=\"font-family: arial; font-size: medium;\"><b>Produktmerkmale<\/b><br \/><\/span><\/p><ul><li><span style=\"font-family: arial; font-size: medium;\">Flockgut: Getreide, \u00d6lsaat<br \/><\/span><\/li><li><span style=\"font-family: arial; font-size: medium;\">Flocken (bei ca. 80 Umdrehungen\/Min): 110 g<br \/><\/span><\/li><li><span style=\"font-family: arial; font-size: medium;\">Flockwerk: Edelstahlwalzen oder Steinwahlzen (Bei Ebay entnehmen Sie das bitte der Titelzeile).<br \/><\/span><\/li><li><span style=\"font-family: arial; font-size: medium;\">Verstellbarkeit: stufenlos<br \/><\/span><\/li><li><span style=\"font-family: arial; font-size: medium;\">Walzendurchmesser: 45 mm<br \/><\/span><\/li><li><span style=\"font-family: arial; font-size: medium;\">Kurbelradius: 20 cm<br \/><\/span><\/li><li><span style=\"font-family: arial; font-size: medium;\">Trichterf\u00fcllmenge: 120 g<br \/><\/span><\/li><li><span style=\"font-family: arial; font-size: medium;\">Tischplattenst\u00e4rke: bis 50 mm<br \/><\/span><\/li><li><span style=\"font-family: arial; font-size: medium;\">Unterstellh\u00f6he der Sch\u00fcssel: 55 mm<br \/><\/span><\/li><li><span style=\"font-family: arial; font-size: medium;\">Ma\u00dfe H \/ B \/ T im mm: 250 \/ 120 \/ 200<br \/><\/span><\/li><li><span style=\"font-family: arial; font-size: medium;\">Gewicht: 2,5 kg<br \/><\/span><\/li><li><span style=\"font-family: arial; font-size: medium;\">Geh\u00e4usematerial: Buche, Holztrichter<br \/><\/span><\/li><li><span style=\"font-family: arial; font-size: medium;\">Oberfl\u00e4chenbehandlung: Biofa-Lasur<br \/><\/span><\/li><\/ul><p><span style=\"font-family: arial; font-size: medium;\"><b>Hinweis: Die Sch\u00fcssel geh\u00f6rt nicht zum Lieferumfang.<\/b><\/span><\/p><p>Fa. Schnitzer gew\u00e4hrt auf dieses Produkt 5 Jahre Herstellergarantie bei privater Nutzung. Bei sachgem\u00e4\u00dfem Gebrauch wird f\u00fcr die ersten 2 Jahre eine umfassende Garantie auf alle Material- und Produktionsfehler gew\u00e4hrt. Nach Ablauf von 2 Jahren nach Kaufdatum werden Verschlei\u00dfteile (insbesondere Mahlsteine und Walzen) von der Garantie ausgenommen.<\/p><p>Durch die Herstellergarantie werden die gesetzlichen Rechte aus der Gew\u00e4hrleistung nicht eingeschr\u00e4nkt. Die Herstellergarantie wird getragen von der Fa. Schnitzer GmbH &amp; Co.KG, Marlener Strasse 9, 77656 Offenburg und gilt in Deutschland. Im Garantiefall wenden Sie sich bitte direkt an Schnitzer unter Tel. +49 (0) 781 5047500 oder nat\u00fcrlich gerne auch an uns.<\/p>","protected":false},"excerpt":{"rendered":"<p>Jeden Tag frisch mahlen und quetschen\u00a0\u00a0Beginnen Sie jeden Tag mit einem gesunden Fr\u00fchst\u00fcck mit h\u00f6chstem Vitalstoffgehalt und stellen sich abwechslungsreich ihr M\u00fcsli selbst zusammen. Kombinieren Sie dazu frische Getreideflocken aus verschiedenen Getreidesorten, \u00d6lsaaten, Trockenfr\u00fcchte, N\u00fcsse und viel frisches Obst. Nicht nur gesundheitlich, sondern im Geschmack \u00fcbertreffen frisch gequetschte Flocken die Varianten &#8222;fertig aus dem Verkaufsregal&#8220;.Mit [&hellip;]<\/p>\n","protected":false},"featured_media":561,"template":"","meta":[],"product_brand":[],"product_cat":[111],"product_tag":[],"class_list":{"0":"post-1511","1":"product","2":"type-product","3":"status-publish","4":"has-post-thumbnail","6":"product_cat-flocker","7":"product_shipping_class-paketversand","8":"pa_farbe-buche","10":"first","11":"instock","12":"taxable","13":"shipping-taxable","14":"purchasable","15":"product-type-variable"},"supplier_id":null,"supplier_sku":"","barcode":null,"atum_controlled":true,"out_stock_date":null,"out_stock_threshold":null,"inheritable":true,"inbound_stock":15,"stock_on_hold":0,"sold_today":0,"sales_last_days":6,"reserved_stock":null,"customer_returns":null,"warehouse_damage":null,"lost_in_post":null,"other_logs":null,"out_stock_days":0,"lost_sales":0,"has_location":false,"update_date":"2026-04-02T10:30:28","atum_locations":[],"atum_stock_status":"instock","restock_status":false,"low_stock_amount":"","sales_update_date":"2024-09-24T09:53:02","calc_backorders":null,"_links":{"self":[{"href":"https:\/\/wordpress.famberg.de\/index.php\/wp-json\/wp\/v2\/product\/1511","targetHints":{"allow":["GET"]}}],"collection":[{"href":"https:\/\/wordpress.famberg.de\/index.php\/wp-json\/wp\/v2\/product"}],"about":[{"href":"https:\/\/wordpress.famberg.de\/index.php\/wp-json\/wp\/v2\/types\/product"}],"wp:featuredmedia":[{"embeddable":true,"href":"https:\/\/wordpress.famberg.de\/index.php\/wp-json\/wp\/v2\/media\/561"}],"wp:attachment":[{"href":"https:\/\/wordpress.famberg.de\/index.php\/wp-json\/wp\/v2\/media?parent=1511"}],"wp:term":[{"taxonomy":"product_brand","embeddable":true,"href":"https:\/\/wordpress.famberg.de\/index.php\/wp-json\/wp\/v2\/product_brand?post=1511"},{"taxonomy":"product_cat","embeddable":true,"href":"https:\/\/wordpress.famberg.de\/index.php\/wp-json\/wp\/v2\/product_cat?post=1511"},{"taxonomy":"product_tag","embeddable":true,"href":"https:\/\/wordpress.famberg.de\/index.php\/wp-json\/wp\/v2\/product_tag?post=1511"}],"curies":[{"name":"wp","href":"https:\/\/api.w.org\/{rel}","templated":true}]}}