{"id":1506,"date":"2024-02-24T11:28:42","date_gmt":"2024-02-24T10:28:42","guid":{"rendered":"https:\/\/wordpress.famberg.de\/index.php\/produkt\/getreidemuehle-vario-kombigeraet-muehle-und-flocker\/"},"modified":"2025-11-24T10:52:36","modified_gmt":"2025-11-24T09:52:36","slug":"getreidemuehle-vario-kombigeraet-muehle-und-flocker","status":"publish","type":"product","link":"https:\/\/wordpress.famberg.de\/index.php\/produkt\/getreidemuehle-vario-kombigeraet-muehle-und-flocker\/","title":{"rendered":"Schnitzer Getreidem\u00fchle VARIO Kombiger\u00e4t M\u00fchle und Flocker"},"content":{"rendered":"<div><span style=\"font-family: arial; font-size: medium;\"><b><span style=\"color: #006600;\">Die Schnitzer Vario Getreidem\u00fchle<\/span>\u00a0<\/b><\/span><\/div><div><span style=\"font-family: arial; font-size: medium;\"><span style=\"font-family: arial; font-size: medium;\">vereint als Kombiger\u00e4t alle Vorz\u00fcge von <strong>M\u00fchle und Flocker<\/strong> in einem. Mit ihrem kr\u00e4ftigen 360 Watt Industriemotor ist sie nicht viel gr\u00f6\u00dfer als andere Getreidem\u00fchlen.Die ressourcenschonende Vario Getreidem\u00fchle wurde durch mehrere Funktionen optimiert.<br \/><\/span><\/span><strong>Es gibt jetzt einen Trichter statt zwei Trichtern beim alten Modell der Schnitzer Vario:<\/strong> Ob Sie Mehl mahlen oder Flocken quetschen, entscheidet die Trichterstellung. Durch einfaches Drehen des Trichters w\u00e4hlen Sie die gew\u00fcnschte Funktion.<br \/><strong>Der Trichter der Schnitzer Vario ist jetzt verschlie\u00dfbar: <\/strong>Durch die Getreide-Stopp-Funktion k\u00f6nnen Sie das im Trichter befindliche Mahlgut nach Ihren W\u00fcnschen portionieren oder auch Wiegen. Der Trichter l\u00e4sst sich durch einen Schieber einfach verschliessen und dann abnehmen.<br \/><strong>Platz sparen durch den abgenommen Trichter:<\/strong> Wenn die Kombim\u00fchle Vario mal nicht ben\u00f6tigt wird oder der Platz in der K\u00fcche knapp ist, k\u00f6nnen Sie den Trichter abnehmen und die M\u00fchle im Schrank verstauen. F\u00fcr die \u00d6ffnung oben im Geh\u00e4use liegt der Schnitzer Vario ein passender Deckel bei.Dieses Modell ist mit einem Edelstahltrichter oder mit einem Trichter aus Vollholz erh\u00e4ltlich. Bitte beachten Sie die unterschiedlichen Bestellnummern bei Ihrer Wahl.<span style=\"font-family: arial; font-size: medium;\"><br \/><\/span><span style=\"font-family: arial; font-size: medium;\"><b>Produktmerkmale<\/b><\/span><\/p><ul><li><span style=\"font-family: arial; font-size: medium;\">Leistung des Industriemotors: 1,7 A \/ 360 W<br \/><\/span><\/li><li><span style=\"font-family: arial; font-size: medium;\">Besonderheiten f\u00fcr Mais geeignet<br \/><\/span><\/li><li><span style=\"font-family: arial; font-size: medium;\">Mahlsteine : Korund\/Keramik, selbstsch\u00e4rfend<\/span><\/li><li><span style=\"font-family: arial; font-size: medium;\">Mahlsteindurchmesser: 90 mm<\/span><\/li><li><span style=\"font-family: arial; font-size: medium;\">Mahlkammer: Edelstahlselbstreinigend, abwaschbar<\/span><\/li><li><span style=\"font-family: arial; font-size: medium;\">Mahlleistung fein:\u00a0 110 g\/min<\/span><\/li><li><span style=\"font-family: arial; font-size: medium;\">Mahlleistung grob: 300 g\/min<\/span><\/li><li><span style=\"font-family: arial; font-size: medium;\">Unterstellh\u00f6he f\u00fcr Sch\u00fcssel: 100 mm<\/span><\/li><li><span style=\"font-family: arial; font-size: medium;\">Geh\u00e4use: Buche, Vollholz<\/span><\/li><li><span style=\"font-family: arial; font-size: medium;\">Trichter: Vollholz (Buche) F\u00fcllmenge: 1600 g\u00a0<\/span><span style=\"font-family: arial; font-size: medium;\">oder Edelstahl F\u00fcllmenge: 1400 g<br \/><\/span><\/li><li><span style=\"font-size: medium;\">Ma\u00dfe B\/T in mm: 245\/300\u00a0\u00a0<\/span><\/li><li><span style=\"font-size: medium;\">H\u00f6he in mm: 450 Holztrichter\u00a0<\/span><\/li><li><span style=\"font-size: medium;\">H\u00f6he in mm: 440 Metalltrichter<\/span><\/li><li><span style=\"font-family: arial; font-size: medium;\">Gewicht: 14 kg<\/span><\/li><\/ul><p><span style=\"font-family: arial; font-size: medium;\">Lieferumfang: Schnitzer Getreidem\u00fchle Vario mit Holz- oder Edelstahltrichter<\/span><\/p><\/div>","protected":false},"excerpt":{"rendered":"<p>Die Schnitzer Vario Getreidem\u00fchle\u00a0vereint als Kombiger\u00e4t alle Vorz\u00fcge von M\u00fchle und Flocker in einem. Mit ihrem kr\u00e4ftigen 360 Watt Industriemotor ist sie nicht viel gr\u00f6\u00dfer als andere Getreidem\u00fchlen.Die ressourcenschonende Vario Getreidem\u00fchle wurde durch mehrere Funktionen optimiert.Es gibt jetzt einen Trichter statt zwei Trichtern beim alten Modell der Schnitzer Vario: Ob Sie Mehl mahlen oder Flocken [&hellip;]<\/p>\n","protected":false},"featured_media":544,"template":"","meta":[],"product_brand":[],"product_cat":[184],"product_tag":[],"class_list":{"0":"post-1506","1":"product","2":"type-product","3":"status-publish","4":"has-post-thumbnail","6":"product_cat-kombintgeraete","7":"product_shipping_class-direkt-schnitzer","8":"pa_behaelter-trichterfuellmenge-1600-g","9":"pa_mahlleistung-je-nach-einstellung-110-300-g-min","10":"pa_mahlstein-korund-keramik-selbstschaerfend","12":"first","13":"outofstock","14":"taxable","15":"shipping-taxable","16":"purchasable","17":"product-type-variable"},"supplier_id":null,"supplier_sku":"","barcode":null,"atum_controlled":true,"out_stock_date":null,"out_stock_threshold":null,"inheritable":true,"inbound_stock":0,"stock_on_hold":0,"sold_today":0,"sales_last_days":2,"reserved_stock":null,"customer_returns":null,"warehouse_damage":null,"lost_in_post":null,"other_logs":null,"out_stock_days":0,"lost_sales":0,"has_location":false,"update_date":"2025-11-24T10:44:10","atum_locations":[],"atum_stock_status":"outofstock","restock_status":false,"low_stock_amount":"","sales_update_date":"2024-09-24T09:53:03","calc_backorders":null,"_links":{"self":[{"href":"https:\/\/wordpress.famberg.de\/index.php\/wp-json\/wp\/v2\/product\/1506","targetHints":{"allow":["GET"]}}],"collection":[{"href":"https:\/\/wordpress.famberg.de\/index.php\/wp-json\/wp\/v2\/product"}],"about":[{"href":"https:\/\/wordpress.famberg.de\/index.php\/wp-json\/wp\/v2\/types\/product"}],"wp:featuredmedia":[{"embeddable":true,"href":"https:\/\/wordpress.famberg.de\/index.php\/wp-json\/wp\/v2\/media\/544"}],"wp:attachment":[{"href":"https:\/\/wordpress.famberg.de\/index.php\/wp-json\/wp\/v2\/media?parent=1506"}],"wp:term":[{"taxonomy":"product_brand","embeddable":true,"href":"https:\/\/wordpress.famberg.de\/index.php\/wp-json\/wp\/v2\/product_brand?post=1506"},{"taxonomy":"product_cat","embeddable":true,"href":"https:\/\/wordpress.famberg.de\/index.php\/wp-json\/wp\/v2\/product_cat?post=1506"},{"taxonomy":"product_tag","embeddable":true,"href":"https:\/\/wordpress.famberg.de\/index.php\/wp-json\/wp\/v2\/product_tag?post=1506"}],"curies":[{"name":"wp","href":"https:\/\/api.w.org\/{rel}","templated":true}]}}