{"id":1483,"date":"2024-02-24T11:28:01","date_gmt":"2024-02-24T10:28:01","guid":{"rendered":"https:\/\/wordpress.famberg.de\/index.php\/produkt\/handmuehle-stahlmahlscheiben-getreidemuehle-classico\/"},"modified":"2026-04-07T11:48:16","modified_gmt":"2026-04-07T09:48:16","slug":"handmuehle-stahlmahlscheiben-getreidemuehle-classico","status":"publish","type":"product","link":"https:\/\/wordpress.famberg.de\/index.php\/produkt\/handmuehle-stahlmahlscheiben-getreidemuehle-classico\/","title":{"rendered":"Madalga Handm\u00fchle Stahlmahlscheiben Getreidem\u00fchle Classico"},"content":{"rendered":"<h2><span style=\"font-size: medium;\">Getreidem\u00fchle Classico von Madalga \u2013 Handgetreidem\u00fchle mit Stahlscheiben<\/span><\/h2><p><span style=\"font-size: medium;\">Der Name ist Program, denn die Madalga Classico Handm\u00fchle ist ein Klassiker, ein wahres Schmuckst\u00fcck dass ihre K\u00fcche aufwerten wird. Ohne jeglichen Strom kann mit ihr eine beachtliche Menge Mehl hergestellt<br \/>werden. Satte 1,3 kg (Weizen) fasst der gro\u00dfz\u00fcge Einf\u00fclltrichter. \u00dcber das gro\u00dfe Schwungrad mit Handkurbel wird die M\u00fchle mit Leichtigkeit angetrieben, so einfach kann es sein das eigene Mehl herzustellen und<br \/>dabei keinen Strom zu verbrauchen.<\/span><\/p><p><span style=\"font-size: medium;\">Die Madalga Classico<br \/>Handgetreidem\u00fchle ist extrem solide gefertigt, verf\u00fcgt \u00fcber ein Edelstahlmahlwerk welches nicht nur alle Getreidearten verarbeiten kann, sondern auch jegliche Arten von Saaten sowie getrockneten Mais. Der Mahlgrad l\u00e4sst sich so grossz\u00fcgig einstellen, dass auch Schrott wie Gr\u00fcnkernschrot hergestellt werden kann.\u00a0<\/span><span style=\"font-size: medium;\">Kaffeebohnen und Gew\u00fcrze lassen sich \u00fcber die Feinjustage perfekt verarbeiten, somit wird deine Madalga Classico zur Getreidem\u00fchle, Kaffeem\u00fchle und Gew\u00fcrzm\u00fchle.<\/span><\/p><p><span style=\"font-size: medium;\"><b>Ein Statement f\u00fcr Liebhaber der Authentischen K\u00fcche, f\u00fcr Selbermacher und alle die noch etwas besonderes f\u00fcr ihre Landhausk\u00fcche suchen.<\/b> Sie ist ein wahres Schmuckst\u00fcck und wertet jede K\u00fcche auf. Der nostalgische und klassische Look, die Kombination aus wei\u00df und Holzt\u00f6nen, das verspr\u00fcht ein ganz besonderes Flair.<\/span><\/p><p><span style=\"font-size: medium;\"><b>Deko wie Glasschale, Getreide und das Brett auf den Bildern ist Deko und geh\u00f6rt nicht zum Lieferumfang. Das ist ein ganz normales Brett welches Sie aus Ihrem Haushalt nutzten k\u00f6nnen.<\/b><\/span><\/p><p><span style=\"font-size: medium;\"><b>Hier alle Details zur schnellen \u00dcbersicht zusammengefasst:<\/b><\/span><\/p><ul><li><span style=\"font-size: medium;\">Stahlgeh\u00e4use<\/span><\/li><li><span style=\"font-size: medium;\">Hygienische Pulverbeschichtung<\/span><\/li><li><span style=\"font-size: medium;\">Mahlscheiben aus Edelstahl<\/span><\/li><li><span style=\"font-size: medium;\">Kurbelverl\u00e4ngerung<\/span><\/li><li><span style=\"font-size: medium;\">Einfache Demontage zur Reinigung<\/span><\/li><li><span style=\"font-size: medium;\">Extra gro\u00dfer Trichter fasst ca. 1,3 kg (Weizen)<\/span><\/li><li><span style=\"font-size: medium;\">Gewicht mit Kurbelverl\u00e4ngerung 13 kg<\/span><\/li><li><span style=\"font-size: medium;\">H\u00f6he 39,5 cm<\/span><\/li><li><span style=\"font-size: medium;\">Tiefe mit Kurbel 44,5cm \/ ohne 28 cm<\/span><\/li><li><span style=\"font-size: medium;\">Breite mit Kurbelverl\u00e4ngerung 43,5 cm \/ ohne 31 cm<\/span><\/li><li><span style=\"font-size: medium;\">Kurbelradius mit Verl\u00e4ngerung 26,5 cm \/ ohne 14 cm<\/span><\/li><li><span style=\"font-size: medium;\">2 Jahre Herstellergarantie<\/span><\/li><\/ul><p><span style=\"font-size: medium;\"><b>Eine extrem solide gefertigte M\u00fchle<\/b><br \/>Die Madalga Classico Hand-Getreidem\u00fchle ist aus robustem Metall gefertigt. Hochwertige Fertigung und robust verschwei\u00dft, steht sie f\u00fcr Haltbarkeit und Langlebigkeit.<\/span><\/p><p><span style=\"font-size: medium;\"><b>Geeignet f\u00fcr den Motorbetrieb<br \/><\/b>Mit einem geeignetem Motor kann unsere Madalga Classico, sehr einfach, \u00fcber einen Riemen angetrieben werden. Das gro\u00dfe Antriebsrad\/Schwungrad verf\u00fcgt \u00fcber eine Rille, welches Platz f\u00fcr einen Riemen bietet.<br \/><\/span><\/p><p><span style=\"font-size: medium;\">\u00a0<\/span><span style=\"font-size: medium;\"><b>Das Stahlmahlwerk<\/b><br \/>Das Edelstahlmahlwerk ist geeignet f\u00fcr alle Getreidearten, alle K\u00f6rner und auch Mais. Ebenso geeignet zum Mahlen von Kaffeebohnen, Saaten uvm. So wird die Zubereitung von Gr\u00fcnkernschrot einfach leicht.<\/span><\/p><p><span style=\"font-size: medium;\"><b>Mahlgrad einstellen<\/b><br \/>So einfach wie das laut und leise stellen des Radios, kann die Madalga Classico Hand-Getreidem\u00fchle seitlich an der Mahlscheibe eingestellt werden. Im Uhrzeigersinn wird der Mahlgrad feiner, entgegen grober.<\/span><\/p><p><span style=\"font-size: medium;\"><b>Gro\u00dfer Trichter<\/b><br \/>Der Einf\u00fclltrichter der Madalga Classico ist perfekt, denn er fasst ca. 1,3 kg (Weizen)! So kann mit einem Mahlgang eine gro\u00dfe Menge Mehl hergestellt werden. Ebenso ist ein aus Holz gefertigter Haltegriff im Lieferumfang inbegriffen, welcher oben auf dem Trichter positioniert wird. Dies verspricht eine perfekte Handhabung beim Mahlen.<\/span><\/p><p><span style=\"font-size: medium;\"><b>Lieferumfang<\/b>:<\/span><\/p><ul><li><span style=\"font-size: medium;\">1 x Madalga Handm\u00fchle Classico<\/span><\/li><li><span style=\"font-size: medium;\">1 x Kurbelverl\u00e4ngerung<\/span><\/li><li><span style=\"font-size: medium;\">1 x Handauflage aus Holz f\u00fcr den Einf\u00fclltrichter<\/span><\/li><li><span style=\"font-size: medium;\">1 x Transportplatte (Bohrschablone)<\/span><\/li><li><span style=\"font-size: medium;\">1 x Bedienungsanleitung<\/span><\/li><li><span style=\"font-size: medium;\">\u00a0Zus\u00e4tzlich: 1 x Trichter Gitter<\/span><\/li><\/ul><p>Hawos<br \/>Hawos kennt seine Qualit\u00e4t, daher gibt Hawos auf alle Getreidem\u00fchlen bei Nutzung im privaten Haushalt 10 Jahre Garantie. Sollte in dieser Zeit ein Defekt auftreten, der ohne Fremdeinwirkung entstanden ist, wird das Produkt kostenfrei repariert. Bei gewerblicher Nutzung verringert sich die Garantie auf 2 Jahre. Durch die Herstellergarantie werden die gesetzlichen Rechte aus der Gew\u00e4hrleistung nicht eingeschr\u00e4nkt. Die Herstellergarantie wird von LUBA GmbH, Ober-Eschbacher Stra\u00dfe 37, 61352 Bad Homburg, Deutschland getragen und gilt wenn nicht anders angegeben in Deutschland. Alle n\u00e4heren Informationen liegen ausf\u00fchrlich Ihrem Ger\u00e4t bei.<br \/>Der Garantiegeber ist: hawos Kornm\u00fchlen GmbH, Massenheimer Weg 25, 61352 Bad Homburg, Deutschland<\/p>","protected":false},"excerpt":{"rendered":"<p>Getreidem\u00fchle Classico von Madalga \u2013 Handgetreidem\u00fchle mit StahlscheibenDer Name ist Program, denn die Madalga Classico Handm\u00fchle ist ein Klassiker, ein wahres Schmuckst\u00fcck dass ihre K\u00fcche aufwerten wird. Ohne jeglichen Strom kann mit ihr eine beachtliche Menge Mehl hergestelltwerden. Satte 1,3 kg (Weizen) fasst der gro\u00dfz\u00fcge Einf\u00fclltrichter. \u00dcber das gro\u00dfe Schwungrad mit Handkurbel wird die M\u00fchle [&hellip;]<\/p>\n","protected":false},"featured_media":984,"template":"","meta":[],"product_brand":[],"product_cat":[182],"product_tag":[],"class_list":{"0":"post-1483","1":"product","2":"type-product","3":"status-publish","4":"has-post-thumbnail","6":"product_cat-handmuehlen","7":"product_shipping_class-direkt-luba","8":"pa_mahlgut-weichgetreide-hartgetreide-gewuerze-huelsenfruechte-kaffee","9":"pa_produkttyp-handmuehle","11":"first","12":"instock","13":"taxable","14":"shipping-taxable","15":"purchasable","16":"product-type-simple"},"supplier_id":1283,"supplier_sku":"MA-MM01+MA-TGMM01","barcode":null,"atum_controlled":true,"out_stock_date":null,"out_stock_threshold":null,"inheritable":false,"inbound_stock":0,"stock_on_hold":0,"sold_today":0,"sales_last_days":1,"reserved_stock":null,"customer_returns":null,"warehouse_damage":null,"lost_in_post":null,"other_logs":null,"out_stock_days":0,"lost_sales":0,"has_location":false,"update_date":"2026-04-07T09:48:17","atum_locations":[],"atum_stock_status":"instock","restock_status":false,"low_stock_amount":"","sales_update_date":"2026-04-07T08:34:44","calc_backorders":null,"_links":{"self":[{"href":"https:\/\/wordpress.famberg.de\/index.php\/wp-json\/wp\/v2\/product\/1483","targetHints":{"allow":["GET"]}}],"collection":[{"href":"https:\/\/wordpress.famberg.de\/index.php\/wp-json\/wp\/v2\/product"}],"about":[{"href":"https:\/\/wordpress.famberg.de\/index.php\/wp-json\/wp\/v2\/types\/product"}],"wp:featuredmedia":[{"embeddable":true,"href":"https:\/\/wordpress.famberg.de\/index.php\/wp-json\/wp\/v2\/media\/984"}],"wp:attachment":[{"href":"https:\/\/wordpress.famberg.de\/index.php\/wp-json\/wp\/v2\/media?parent=1483"}],"wp:term":[{"taxonomy":"product_brand","embeddable":true,"href":"https:\/\/wordpress.famberg.de\/index.php\/wp-json\/wp\/v2\/product_brand?post=1483"},{"taxonomy":"product_cat","embeddable":true,"href":"https:\/\/wordpress.famberg.de\/index.php\/wp-json\/wp\/v2\/product_cat?post=1483"},{"taxonomy":"product_tag","embeddable":true,"href":"https:\/\/wordpress.famberg.de\/index.php\/wp-json\/wp\/v2\/product_tag?post=1483"}],"curies":[{"name":"wp","href":"https:\/\/api.w.org\/{rel}","templated":true}]}}