{"id":1468,"date":"2024-02-24T11:27:40","date_gmt":"2024-02-24T10:27:40","guid":{"rendered":"https:\/\/wordpress.famberg.de\/index.php\/produkt\/haushaltsmuehle-silence-getreidemuehle-buche-lackiert\/"},"modified":"2024-10-07T12:59:58","modified_gmt":"2024-10-07T10:59:58","slug":"haushaltsmuehle-silence-getreidemuehle-buche-lackiert","status":"publish","type":"product","link":"https:\/\/wordpress.famberg.de\/index.php\/produkt\/haushaltsmuehle-silence-getreidemuehle-buche-lackiert\/","title":{"rendered":"Waldner Haushaltsm\u00fchle Silence Getreidem\u00fchle Buche lackiert"},"content":{"rendered":"<div class=\"Stil9\"><div><font size=\"3\"><b><font color=\"#990000\"><font color=\"#006600\">Waldner Getreidem\u00fchle Silence <\/font><br \/><\/font>Sch\u00f6n, still und sehr stabil aus massiver Buche<\/b><\/p><p>So still und schlicht. Pssst&#8230; Jetzt wird gemahlen, und zwar ganz leise. Mit der Waldner Haushaltsm\u00fchle SILENCE. Dieses besonders standfeste und schlichte Mahlger\u00e4t ist ein Trumpf f\u00fcr alle Sinne und jeden Haushalt. Das Geh\u00e4use aus massiver Buche geschreinert, perfekt verarbeitet, zeigt es sich in einem zeitlos sch\u00f6nen Design. Die Oberfl\u00e4che ist mit Wasserlack behandelt, dient als Versiegelung und macht das Geh\u00e4use pflegeleicht. Verschmutzungen k\u00f6nnen sie einfach mit einem feuchten Tuch abwischen.<br \/>D<span><span>er 360 Watt Industriemotor und die Mahlsteine aus Korundkeramik verarbeiten m\u00fchelos alle Getreidearten auf Knopfdruck.<\/span><\/span><span><span><span> <\/span><\/span><\/span>Auch zur Verarbeitung von Speisemais ist diese M\u00fchle ideal geeignet. <span>D<\/span>en <span><span>gew\u00fcnschten Feinheitsgrad, egal ob feinstes Mehl oder Schrot, stellen Sie stufenlos durch Drehen des Trichters ein.<\/span><\/span><br \/><u><b><br \/>Produktmerkmale<\/b><\/u><br \/><\/font><\/p><ul><li><font size=\"3\">Industriemotor: 360 W<\/font><\/li><li><font size=\"3\">Mahlwerk: Korund\/Keramik<\/font><\/li><li><font size=\"3\">Durchmesser Mahlsteine: 90 mm <br \/><\/font><\/li><li><font size=\"3\">Mahlleistung je nach Einstellung: 130 g\/min (Feineinstellung)<\/font><\/li><li><font size=\"3\">Mahlgrad: stufenlos einstellbar<\/font><\/li><li><font size=\"3\">Mahlgut: alle Getreidearten, auch Mais<br \/><\/font><\/li><li><font size=\"3\">Trichterf\u00fcllmenge: 1200 g&nbsp;<\/font><\/li><li><font size=\"3\">Unterstellh\u00f6he f\u00fcr Sch\u00fcssel: 100 mm<br \/><\/font><\/li><li><font size=\"3\">Geh\u00e4use aus Buche Massivholz, lackiert<\/font><\/li><li><font size=\"3\">Gewicht: 9,0 kg<\/font><\/li><li><font size=\"3\">Ma\u00dfe (H x B x T): 360 x 190 x 190 mm<\/font><\/li><\/ul><p><font size=\"3\">Herstellergarantie: 5 Jahre<span>&nbsp; &#8211; Diese Garantie umfasst alle Fertigungs- und Materialfehler. <\/span><span><span>Besch\u00e4digungen an zerbrechlichen Teilen, z.B. am Geh\u00e4use oder am Auslauf durch den Benutzer<\/span> sind nicht eingeschlossen.<\/span><\/p><p><\/font><\/p><div><\/div><\/div><p><\/div>","protected":false},"excerpt":{"rendered":"<p>Waldner Getreidem\u00fchle Silence Sch\u00f6n, still und sehr stabil aus massiver BucheSo still und schlicht. Pssst&#8230; Jetzt wird gemahlen, und zwar ganz leise. Mit der Waldner Haushaltsm\u00fchle SILENCE. Dieses besonders standfeste und schlichte Mahlger\u00e4t ist ein Trumpf f\u00fcr alle Sinne und jeden Haushalt. Das Geh\u00e4use aus massiver Buche geschreinert, perfekt verarbeitet, zeigt es sich in einem [&hellip;]<\/p>\n","protected":false},"featured_media":468,"template":"","meta":[],"product_brand":[],"product_cat":[107],"product_tag":[],"class_list":{"0":"post-1468","1":"product","2":"type-product","3":"status-publish","4":"has-post-thumbnail","6":"product_cat-eletrische-getreidemuehlen","8":"first","9":"instock","10":"taxable","11":"shipping-taxable","12":"purchasable","13":"product-type-simple"},"supplier_id":1283,"supplier_sku":"100-095","barcode":null,"atum_controlled":false,"out_stock_date":null,"out_stock_threshold":null,"inheritable":false,"inbound_stock":null,"stock_on_hold":0,"sold_today":0,"sales_last_days":0,"reserved_stock":null,"customer_returns":null,"warehouse_damage":null,"lost_in_post":null,"other_logs":null,"out_stock_days":0,"lost_sales":0,"has_location":null,"update_date":"2024-10-07T11:00:15","atum_locations":[],"atum_stock_status":"instock","restock_status":false,"low_stock_amount":"","sales_update_date":"2024-09-24T09:52:59","calc_backorders":null,"_links":{"self":[{"href":"https:\/\/wordpress.famberg.de\/index.php\/wp-json\/wp\/v2\/product\/1468","targetHints":{"allow":["GET"]}}],"collection":[{"href":"https:\/\/wordpress.famberg.de\/index.php\/wp-json\/wp\/v2\/product"}],"about":[{"href":"https:\/\/wordpress.famberg.de\/index.php\/wp-json\/wp\/v2\/types\/product"}],"wp:featuredmedia":[{"embeddable":true,"href":"https:\/\/wordpress.famberg.de\/index.php\/wp-json\/wp\/v2\/media\/468"}],"wp:attachment":[{"href":"https:\/\/wordpress.famberg.de\/index.php\/wp-json\/wp\/v2\/media?parent=1468"}],"wp:term":[{"taxonomy":"product_brand","embeddable":true,"href":"https:\/\/wordpress.famberg.de\/index.php\/wp-json\/wp\/v2\/product_brand?post=1468"},{"taxonomy":"product_cat","embeddable":true,"href":"https:\/\/wordpress.famberg.de\/index.php\/wp-json\/wp\/v2\/product_cat?post=1468"},{"taxonomy":"product_tag","embeddable":true,"href":"https:\/\/wordpress.famberg.de\/index.php\/wp-json\/wp\/v2\/product_tag?post=1468"}],"curies":[{"name":"wp","href":"https:\/\/api.w.org\/{rel}","templated":true}]}}