{"id":1461,"date":"2024-02-24T11:27:30","date_gmt":"2024-02-24T10:27:30","guid":{"rendered":"https:\/\/wordpress.famberg.de\/index.php\/produkt\/rohkostvorsatz-mit-3-trommeln-fuer-jupiter\/"},"modified":"2025-02-26T19:28:28","modified_gmt":"2025-02-26T18:28:28","slug":"rohkostvorsatz-mit-3-trommeln-fuer-jupiter","status":"publish","type":"product","link":"https:\/\/wordpress.famberg.de\/index.php\/produkt\/rohkostvorsatz-mit-3-trommeln-fuer-jupiter\/","title":{"rendered":"Messerschmidt Rohkostvorsatz mit 3 Trommeln f\u00fcr Jupiter"},"content":{"rendered":"<p><!-- [if gte mso 9]&gt;--><\/p><div><span style=\"color: #006600; font-size: medium;\"><b>Rohkostvorsatz mit Trommelset f\u00fcr Jupiter und Messerschmidt zum schneiden-reiben -raspeln<br \/>Passt an Handm\u00fchle und elektrischen Motorblock<br \/><\/b><\/span><span style=\"font-size: medium;\"><br \/><span style=\"color: windowtext; font-weight: normal;\">Mit diesem Frischkost-Raffelvorsatz erg\u00e4nzen Sie Ihre Grundausstattung der Messerschmidt Handm\u00fchle. Mit den 3 verschiedenen Trommeleins\u00e4tzen k\u00f6nnen Sie nach Bedarf ganz m\u00fchelos Gem\u00fcse &#8211; wie Sellerie, Rote Bete, Kohlrabi, M\u00f6hren oder auch Obst &#8211; wie \u00c4pfel, Birnen u.v.m. reiben, raspeln oder in Scheiben schneiden. Auch N\u00fcsse, K\u00e4se wie Parmesan, Kuvert\u00fcre k\u00f6nnen einfach verarbeitet werden.\u00a0<\/span><\/span><\/p><p class=\"MsoNormal\"><span style=\"font-size: medium;\"><span style=\"color: windowtext; font-weight: normal;\">\u00a0<\/span><\/span><\/p><p class=\"MsoNormal\"><span style=\"font-size: medium;\"><span style=\"color: windowtext; font-weight: normal;\">Trommel<br \/>Nr. 1: &#8211; raspelt fein<\/span><\/span><\/p><p class=\"MsoNormal\"><span style=\"font-size: medium;\"><span style=\"color: windowtext; font-weight: normal;\">Trommel<br \/>Nr. 2: &#8211; schneidet Scheiben<\/span><\/span><\/p><p class=\"MsoNormal\"><span style=\"font-size: medium;\"><span style=\"color: windowtext; font-weight: normal;\">Trommel<br \/>Nr. 3: &#8211; raspelt grob<\/span><\/span><\/p><p class=\"MsoNormal\"><span style=\"font-size: medium;\"><span style=\"color: windowtext; font-weight: normal;\">\u00a0<\/span><\/span><\/p><p><span style=\"font-size: medium;\"><b><u><span style=\"color: windowtext;\">Produktmerkmale:<\/span><\/u><\/b><\/span><\/p><p class=\"MsoNormal\"><span style=\"font-size: medium;\"><span style=\"color: windowtext; font-weight: normal;\">Raffeltrommeln:<br \/>Edelstahl<\/span><\/span><\/p><p class=\"MsoNormal\"><span style=\"font-size: medium;\"><span style=\"color: windowtext; font-weight: normal;\">Trommeldurchmesser:<br \/>75 mm<\/span><\/span><\/p><p class=\"MsoNormal\"><span style=\"font-size: medium;\"><span style=\"color: windowtext; font-weight: normal;\">Geh\u00e4usematerial<br \/>Raffelvorsatz: Kunststoff, wei\u00df<\/span><\/span><\/p><p class=\"MsoNormal\"><span style=\"font-size: medium;\"><span style=\"color: windowtext; font-weight: normal;\">H\u00f6he \/<br \/>Breite \/ Tiefe: 230 \/ 110 \/ 145 mm<\/span><\/span><\/p><p class=\"MsoNormal\"><span style=\"font-size: medium;\"><span style=\"color: windowtext; font-weight: normal;\">Gewicht:<br \/>640 g<\/span><\/span><\/p><\/div>","protected":false},"excerpt":{"rendered":"<p>Rohkostvorsatz mit Trommelset f\u00fcr Jupiter und Messerschmidt zum schneiden-reiben -raspelnPasst an Handm\u00fchle und elektrischen MotorblockMit diesem Frischkost-Raffelvorsatz erg\u00e4nzen Sie Ihre Grundausstattung der Messerschmidt Handm\u00fchle. Mit den 3 verschiedenen Trommeleins\u00e4tzen k\u00f6nnen Sie nach Bedarf ganz m\u00fchelos Gem\u00fcse &#8211; wie Sellerie, Rote Bete, Kohlrabi, M\u00f6hren oder auch Obst &#8211; wie \u00c4pfel, Birnen u.v.m. reiben, raspeln oder in [&hellip;]<\/p>\n","protected":false},"featured_media":450,"template":"","meta":[],"product_brand":[],"product_cat":[167],"product_tag":[],"class_list":{"0":"post-1461","1":"product","2":"type-product","3":"status-publish","4":"has-post-thumbnail","6":"product_cat-kuechengeraete-zubehoer","7":"product_shipping_class-direkt-luba","9":"first","10":"instock","11":"taxable","12":"shipping-taxable","13":"purchasable","14":"product-type-simple"},"supplier_id":1283,"supplier_sku":"862-300","barcode":null,"atum_controlled":true,"out_stock_date":null,"out_stock_threshold":null,"inheritable":false,"inbound_stock":0,"stock_on_hold":0,"sold_today":0,"sales_last_days":0,"reserved_stock":null,"customer_returns":null,"warehouse_damage":null,"lost_in_post":null,"other_logs":null,"out_stock_days":0,"lost_sales":0,"has_location":false,"update_date":"2026-02-18T05:45:27","atum_locations":[],"atum_stock_status":"instock","restock_status":false,"low_stock_amount":"","sales_update_date":"2026-02-18T05:45:27","calc_backorders":null,"_links":{"self":[{"href":"https:\/\/wordpress.famberg.de\/index.php\/wp-json\/wp\/v2\/product\/1461","targetHints":{"allow":["GET"]}}],"collection":[{"href":"https:\/\/wordpress.famberg.de\/index.php\/wp-json\/wp\/v2\/product"}],"about":[{"href":"https:\/\/wordpress.famberg.de\/index.php\/wp-json\/wp\/v2\/types\/product"}],"wp:featuredmedia":[{"embeddable":true,"href":"https:\/\/wordpress.famberg.de\/index.php\/wp-json\/wp\/v2\/media\/450"}],"wp:attachment":[{"href":"https:\/\/wordpress.famberg.de\/index.php\/wp-json\/wp\/v2\/media?parent=1461"}],"wp:term":[{"taxonomy":"product_brand","embeddable":true,"href":"https:\/\/wordpress.famberg.de\/index.php\/wp-json\/wp\/v2\/product_brand?post=1461"},{"taxonomy":"product_cat","embeddable":true,"href":"https:\/\/wordpress.famberg.de\/index.php\/wp-json\/wp\/v2\/product_cat?post=1461"},{"taxonomy":"product_tag","embeddable":true,"href":"https:\/\/wordpress.famberg.de\/index.php\/wp-json\/wp\/v2\/product_tag?post=1461"}],"curies":[{"name":"wp","href":"https:\/\/api.w.org\/{rel}","templated":true}]}}