{"id":1455,"date":"2024-02-24T11:27:21","date_gmt":"2024-02-24T10:27:21","guid":{"rendered":"https:\/\/wordpress.famberg.de\/index.php\/produkt\/mohnmuehle-kornmuehle-edelstahl-fuss-farbig-lackiert-weiss\/"},"modified":"2024-10-24T13:53:08","modified_gmt":"2024-10-24T11:53:08","slug":"mohnmuehle-kornmuehle-edelstahl-fuss-farbig-lackiert-weiss","status":"publish","type":"product","link":"https:\/\/wordpress.famberg.de\/index.php\/produkt\/mohnmuehle-kornmuehle-edelstahl-fuss-farbig-lackiert-weiss\/","title":{"rendered":"Jupiter Mohnm\u00fchle Kornm\u00fchle Edelstahl Fu\u00df farbig lackiert weiss"},"content":{"rendered":"<div style=\"width: 200px;\"><\/div><p><span style=\"font-size: medium;\"><b>Jupiter Mohnm\u00fchle Mohnquetsche<\/b><\/span><\/p><p>Mit dieser Mohnm\u00fchle mahlen Sie \u00d6lsaaten wie Mohn, Sesam, Leinsamen u.\u00e4. aber auch f\u00fcr den sehr fettreichen Hafer ist diese M\u00fchle besonders gut geeignet.<\/p><p>Geh\u00e4useteil und der Trichter bestehen aus Edelstahl. Der lackierte Fu\u00df ist formsch\u00f6n und mit einer stabilen Tischzwinge ausgestattet, welche sich problemlos an bis zu 35 mm dicken (Tisch) -platten befestigen l\u00e4sst.<\/p><p>Die Mohnm\u00fchle Jupiter ist in f\u00fcnf Farben erh\u00e4ltlich: weiss, beige, rot<br \/>Produktmerkmale:<\/p><p>Gewicht: ca. 1 kg<br \/>stufenlos von fein bis grob regulierbar<br \/>Mahlleistung (je nach Einstellung): ca. 40g fein \/ min und grob\u00a0 ca. 60 g \/ min<br \/>Ma\u00dfe H \/ B \/ T : 24 x 7 x 10,5 cm<br \/>Rostfrei<br \/>Trichter aus Edelstahl mit Legierung<\/p><div><span style=\"font-size: medium;\">\u00a0\u00a0\u00a0 Innengeh\u00e4use aus Grauguss<br \/><\/span><\/div><div><\/div><div><span style=\"font-size: medium;\">Die M\u00fchle hat ist nicht so glatt wie man es von Edelstahl kennt. Sie hat aufgrund Ihrer seltenen Bauweise (Innengeh\u00e4use Grauguss) Kratzer.<\/span><\/div><p>&nbsp;<\/p>","protected":false},"excerpt":{"rendered":"<p>Jupiter Mohnm\u00fchle MohnquetscheMit dieser Mohnm\u00fchle mahlen Sie \u00d6lsaaten wie Mohn, Sesam, Leinsamen u.\u00e4. aber auch f\u00fcr den sehr fettreichen Hafer ist diese M\u00fchle besonders gut geeignet.Geh\u00e4useteil und der Trichter bestehen aus Edelstahl. Der lackierte Fu\u00df ist formsch\u00f6n und mit einer stabilen Tischzwinge ausgestattet, welche sich problemlos an bis zu 35 mm dicken (Tisch) -platten befestigen [&hellip;]<\/p>\n","protected":false},"featured_media":973,"template":"","meta":[],"product_brand":[],"product_cat":[182],"product_tag":[],"class_list":{"0":"post-1455","1":"product","2":"type-product","3":"status-publish","4":"has-post-thumbnail","6":"product_cat-handmuehlen","7":"product_shipping_class-direkt-luba","9":"first","10":"instock","11":"taxable","12":"shipping-taxable","13":"purchasable","14":"product-type-simple"},"supplier_id":1283,"supplier_sku":"560-150","barcode":null,"atum_controlled":true,"out_stock_date":null,"out_stock_threshold":null,"inheritable":false,"inbound_stock":0,"stock_on_hold":0,"sold_today":0,"sales_last_days":1,"reserved_stock":null,"customer_returns":null,"warehouse_damage":null,"lost_in_post":null,"other_logs":null,"out_stock_days":0,"lost_sales":0,"has_location":false,"update_date":"2026-01-05T14:18:54","atum_locations":[],"atum_stock_status":"instock","restock_status":false,"low_stock_amount":"","sales_update_date":"2026-01-05T14:18:54","calc_backorders":null,"_links":{"self":[{"href":"https:\/\/wordpress.famberg.de\/index.php\/wp-json\/wp\/v2\/product\/1455","targetHints":{"allow":["GET"]}}],"collection":[{"href":"https:\/\/wordpress.famberg.de\/index.php\/wp-json\/wp\/v2\/product"}],"about":[{"href":"https:\/\/wordpress.famberg.de\/index.php\/wp-json\/wp\/v2\/types\/product"}],"wp:featuredmedia":[{"embeddable":true,"href":"https:\/\/wordpress.famberg.de\/index.php\/wp-json\/wp\/v2\/media\/973"}],"wp:attachment":[{"href":"https:\/\/wordpress.famberg.de\/index.php\/wp-json\/wp\/v2\/media?parent=1455"}],"wp:term":[{"taxonomy":"product_brand","embeddable":true,"href":"https:\/\/wordpress.famberg.de\/index.php\/wp-json\/wp\/v2\/product_brand?post=1455"},{"taxonomy":"product_cat","embeddable":true,"href":"https:\/\/wordpress.famberg.de\/index.php\/wp-json\/wp\/v2\/product_cat?post=1455"},{"taxonomy":"product_tag","embeddable":true,"href":"https:\/\/wordpress.famberg.de\/index.php\/wp-json\/wp\/v2\/product_tag?post=1455"}],"curies":[{"name":"wp","href":"https:\/\/api.w.org\/{rel}","templated":true}]}}