{"id":1409,"date":"2024-02-24T11:26:10","date_gmt":"2024-02-24T10:26:10","guid":{"rendered":"https:\/\/wordpress.famberg.de\/index.php\/produkt\/doerrautomat-0075-72-doerrgeraet-mit-3-kunststoff-gittern\/"},"modified":"2025-11-28T09:27:55","modified_gmt":"2025-11-28T08:27:55","slug":"doerrautomat-0075-72-doerrgeraet-mit-3-kunststoff-gittern","status":"publish","type":"product","link":"https:\/\/wordpress.famberg.de\/index.php\/produkt\/doerrautomat-0075-72-doerrgeraet-mit-3-kunststoff-gittern\/","title":{"rendered":"St\u00f6ckli D\u00f6rrautomat 0075.72 D\u00f6rrger\u00e4t mit 3 Kunststoff Gittern"},"content":{"rendered":"<div><span style=\"font-size: medium;\"><span style=\"font-size: medium;\"><span style=\"color: #990000;\"><b>St\u00f6ckli D\u00f6rrger\u00e4t mit 3 Kunststoff-D\u00f6rrgittern<\/b><\/span><br \/>D\u00f6rren ist die nat\u00fcrlichste und einfachste Art Fr\u00fcchte, Gem\u00fcse, Pilze und Kr\u00e4uter dauerhaft zu konservieren. Ged\u00f6rrte Lebensmittel behalten Ihren hohen N\u00e4hrwert und ist daher nicht nur schmackhaft, sondern auch sehr gesund. Richtig ged\u00f6rrte Nahrungsmittel ben\u00f6tigen keine Konservierungsmittel und werden &#8211; im Gegensatz zu handels\u00fcblichem D\u00f6rrgut &#8211; nicht geschwefelt. Dank dem ST\u00d6CKLI D\u00f6rrger\u00e4t k\u00f6nnen frische Lebensmittel in der jeweiligen Saison verarbeitet und \u00fcber viele Monate gelagert werden.<\/span><\/span>St\u00f6ckli D\u00f6rrger\u00e4t mit <span style=\"font-weight: bold;\">pflegefreundlichem Kunststoffgeh\u00e4use <\/span><span style=\"font-weight: bold;\">stufenloser Temperatur-feineinstellung<\/span> und <span style=\"font-weight: bold;\">aktiver<\/span> <span style=\"font-weight: bold;\">Warmluft<\/span><span style=\"font-weight: bold;\">zirkulation<\/span>. Die verschiedenen D\u00f6rrzeiten f\u00fcr das jeweilige D\u00f6rrgut sind auf dem transparenten \u00a0Deckel eingepr\u00e4gt, die LED-Anzeige leuchtet, wenn die Heizung in Betrieb ist.<br \/>Sie erhalten zusammen mit dem Ger\u00e4t <b>drei geschmacksneutraler Kunststoffd\u00f6rrgitter<\/b>.<br \/>Das D\u00f6rrger\u00e4t kann mit maximal 10 gestapelten Sieben arbeiten. Dabei ist es auch m\u00f6glich Kunststoff- und Edelstahlgitter<br \/>gemischt einzusetzen. Zusatzgitter sind hier im Shop erh\u00e4ltlich. Am Besten gleich<br \/>mitbestellen. Die Gitter sind sp\u00fclmaschinengeeignet.<br \/><strong><span style=\"color: #008000;\"><br \/><\/span><\/strong><strong>Produktmerkmale:<br \/><\/strong><\/p><ul><li><span style=\"font-size: medium;\">Temperatureinstellung, stufenlos zwischen 30\u00b0C und 70\u00b0C<\/span><\/li><li><span style=\"font-size: medium;\">aktive Warmluftzirkulierung f\u00fcr ein gleichm\u00e4\u00dfiges Ergebnis<\/span><\/li><li><span style=\"font-size: medium;\">inklusive 3 Kunststoffgitter (Kunststoffrahmen und INOX-Gitter) f\u00fcr 1,5 kg D\u00f6rrgut<\/span><\/li><li><span style=\"font-size: medium;\">pflegeleichtes Kunststoffgeh\u00e4use, hellgrau<\/span><\/li><li><span style=\"font-size: medium;\">Ma\u00dfe (Hxd) in cm: 28 x 33,5<\/span><\/li><li><span style=\"font-size: medium;\">Leistung 540 W<\/span><\/li><li><span style=\"font-size: medium;\">Swiss Made<br \/><\/span><\/li><\/ul><p><span style=\"font-size: medium;\"><b>Lieferumfang:<\/b><\/span><\/p><ul><li><span style=\"font-size: medium;\"> St\u00f6ckli D\u00f6rrger\u00e4t <\/span><\/li><li><span style=\"font-size: medium;\">transparenter Deckel und Kabel<br \/><\/span><\/li><li><span style=\"font-size: medium;\">3 St\u00fcck geschacksneutrale Kunststoff-D\u00f6rrgitter<\/span><\/li><li><span style=\"font-size: medium;\">ausf\u00fchrliche Bedienungsanleitung <\/span><\/li><\/ul><p><span style=\"font-size: medium;\">Hinweis: Dieser St\u00f6ckli D\u00f6rrautomat ist auch mit Timerfunktion in unserem Shop erh\u00e4ltlich.<br \/><\/span><big><br \/><\/big><span style=\"font-weight: bold;\">\u00a0<\/span><\/p><\/div>","protected":false},"excerpt":{"rendered":"<p>St\u00f6ckli D\u00f6rrger\u00e4t mit 3 Kunststoff-D\u00f6rrgitternD\u00f6rren ist die nat\u00fcrlichste und einfachste Art Fr\u00fcchte, Gem\u00fcse, Pilze und Kr\u00e4uter dauerhaft zu konservieren. Ged\u00f6rrte Lebensmittel behalten Ihren hohen N\u00e4hrwert und ist daher nicht nur schmackhaft, sondern auch sehr gesund. Richtig ged\u00f6rrte Nahrungsmittel ben\u00f6tigen keine Konservierungsmittel und werden &#8211; im Gegensatz zu handels\u00fcblichem D\u00f6rrgut &#8211; nicht geschwefelt. Dank dem ST\u00d6CKLI [&hellip;]<\/p>\n","protected":false},"featured_media":346,"template":"","meta":[],"product_brand":[],"product_cat":[134],"product_tag":[],"class_list":{"0":"post-1409","1":"product","2":"type-product","3":"status-publish","4":"has-post-thumbnail","6":"product_cat-kuechengeraete","7":"product_shipping_class-direkt-luba","9":"first","10":"instock","11":"taxable","12":"shipping-taxable","13":"purchasable","14":"product-type-simple"},"supplier_id":1283,"supplier_sku":"007-572","barcode":null,"atum_controlled":false,"out_stock_date":null,"out_stock_threshold":null,"inheritable":false,"inbound_stock":null,"stock_on_hold":0,"sold_today":0,"sales_last_days":0,"reserved_stock":null,"customer_returns":null,"warehouse_damage":null,"lost_in_post":null,"other_logs":null,"out_stock_days":0,"lost_sales":0,"has_location":false,"update_date":"2025-11-28T08:27:56","atum_locations":[],"atum_stock_status":"instock","restock_status":false,"low_stock_amount":"","sales_update_date":"2024-09-24T09:53:13","calc_backorders":null,"_links":{"self":[{"href":"https:\/\/wordpress.famberg.de\/index.php\/wp-json\/wp\/v2\/product\/1409","targetHints":{"allow":["GET"]}}],"collection":[{"href":"https:\/\/wordpress.famberg.de\/index.php\/wp-json\/wp\/v2\/product"}],"about":[{"href":"https:\/\/wordpress.famberg.de\/index.php\/wp-json\/wp\/v2\/types\/product"}],"wp:featuredmedia":[{"embeddable":true,"href":"https:\/\/wordpress.famberg.de\/index.php\/wp-json\/wp\/v2\/media\/346"}],"wp:attachment":[{"href":"https:\/\/wordpress.famberg.de\/index.php\/wp-json\/wp\/v2\/media?parent=1409"}],"wp:term":[{"taxonomy":"product_brand","embeddable":true,"href":"https:\/\/wordpress.famberg.de\/index.php\/wp-json\/wp\/v2\/product_brand?post=1409"},{"taxonomy":"product_cat","embeddable":true,"href":"https:\/\/wordpress.famberg.de\/index.php\/wp-json\/wp\/v2\/product_cat?post=1409"},{"taxonomy":"product_tag","embeddable":true,"href":"https:\/\/wordpress.famberg.de\/index.php\/wp-json\/wp\/v2\/product_tag?post=1409"}],"curies":[{"name":"wp","href":"https:\/\/api.w.org\/{rel}","templated":true}]}}