{"id":1406,"date":"2024-02-24T11:26:06","date_gmt":"2024-02-24T10:26:06","guid":{"rendered":"https:\/\/wordpress.famberg.de\/index.php\/produkt\/getreidemuehle-tischmuehle-mulino-frisch-im-handumdrehen\/"},"modified":"2026-01-29T01:35:52","modified_gmt":"2026-01-29T00:35:52","slug":"getreidemuehle-tischmuehle-mulino-frisch-im-handumdrehen","status":"publish","type":"product","link":"https:\/\/wordpress.famberg.de\/index.php\/produkt\/getreidemuehle-tischmuehle-mulino-frisch-im-handumdrehen\/","title":{"rendered":"Kornkraft Getreidem\u00fchle Tischm\u00fchle Mulino frisch im Handumdrehen"},"content":{"rendered":"<div style=\"width: 200px;\"><\/div><div><b><span style=\"color: #006600;\"><span style=\"font-size: medium;\">G<\/span><span style=\"font-size: medium;\">etreidem\u00fchle Mulino &#8211; die Charmante von Kornkraft<\/span><\/span><\/b><\/div><div><span style=\"font-size: medium;\">\u00a0<\/span><\/div><div><span style=\"font-size: medium;\">Diese Getreidem\u00fchle ist faszinierend: kraftvoll, fl\u00fcsterleise und ohne viel Raum zu beanspruchen macht sie sich ans t\u00e4gliche (Mahl-)Werk. Dank ihrer handwerklich soliden Verarbeitung steckt sie in der K\u00fcche so manchen Knuff ohne Murren weg. Und flexibel wie sie ist, kann sie sich sowohl als Tischm\u00fchle sehen lassen, als auch in vertrauter Manier zwischen den Knien gehalten werden.<\/span><\/div><div><span style=\"font-size: medium;\">\u00a0<\/span><\/div><div><span style=\"font-size: medium;\">Da bleibt genug Kraft f\u00fcrs Wesentliche: Dank leistungsf\u00e4higem Mahlwerk und hochwertigem Kugellager l\u00e4sst sich die Kurbel aus poliertem Edelstahl kinderleicht drehen, der gleitgelagerte Knauf liegt fest in der Hand. Und der nach zwei Seiten offene Trichter macht das Einf\u00fcllen leicht.<\/span><\/div><div><span style=\"font-size: medium;\">\u00a0<\/span><\/div><div><span style=\"font-size: medium;\">Das selbstsch\u00e4rfende und sich selbst zentrierende Kegelmahlwerk aus Naturmaterialien hat sich bereits seit Jahren bestens bew\u00e4hrt. Es arbeitet r\u00fcckstandsfrei und braucht deshalb nach Gebrauch nicht gereinigt zu werden.<\/span><\/div><div><span style=\"font-size: medium;\">\u00a0<\/span><\/div><div><span style=\"font-size: medium;\">Alle H\u00f6lzer, die Kornkraft verarbeitet, stammen aus heimischer Forstwirtschaft. Die gewachste und seidig polierte Oberfl\u00e4che verbindet sympathische Erscheinung mit \u00f6kologischer Konsequenz.<\/span><\/div><div><span style=\"font-size: medium;\">\u00a0<\/span><\/div><div><span style=\"font-size: medium;\">Die ger\u00e4umige Schublade f\u00e4ngt Ihr Mahlgut vollst\u00e4ndig auf, die Lade l\u00e4sst sich leicht entnehmen. Gleichzeitig wird sie von zwei Federn gesichert, wenn Sie die M\u00fchle schr\u00e4g oder senkrecht halten. Ergonomisch gerundete Seiten erleichtern das Mahlen im Sitzen. Und wenn Ihre M\u00fchle steht sch\u00fctzen die Filzgleiter an der Unterseite ihre M\u00f6bel.<br \/><\/span><\/div><div><span style=\"font-size: medium;\">\u00a0<\/span><\/div><div><span style=\"font-size: medium;\">Die Mahlfeinheit k\u00f6nnen Sie stufenlos an der Holzschraube \u00fcber dem Trichter einstellen.<br \/><\/span><\/div><div><span style=\"font-size: medium;\">\u00a0<\/span><\/div><div><span style=\"font-size: medium;\"><b>Produktmerkmale:<\/b><\/span><\/div><div><ul><li><span style=\"font-size: medium;\">Mahlfeinheit: stufenlos einstellbar von M\u00fcsli bis mehlfein<br \/><\/span><\/li><li><span style=\"font-size: medium;\">Mahlgut: alle Getreidearten, ausser Mais und Amaranth<br \/><\/span><\/li><li><span style=\"font-size: medium;\">Kurbel: Edelstahl, geschliffen und poliert<br \/><\/span><\/li><li><span style=\"font-size: medium;\">Mahlstein: Naxos-Basalt in Magnesit-Salz-Bindung<br \/><\/span><\/li><li><span style=\"font-size: medium;\">Mahlleistung grob: 100 Gramm Weizen\/Minute (entspricht zweieinhalb Portionen M\u00fcsli)<br \/><\/span><\/li><li><span style=\"font-size: medium;\">Mahlleistung fein: 30 Gramm Weizen\/Minute<br \/><\/span><\/li><li><span style=\"font-size: medium;\">F\u00fcllmenge: 200 Gramm<br \/><\/span><\/li><li><span style=\"font-size: medium;\">Geh\u00e4use: Buche<br \/><\/span><\/li><li><span style=\"font-size: medium;\">Oberfl\u00e4che: mit biologischem Auro-Bienenwachsbalsam behandelt<br \/><\/span><\/li><li><span style=\"font-size: medium;\">Ma\u00dfe ohne Kurbel: 24,5 x 15,5 x 15,5 cm<br \/><\/span><\/li><li><span style=\"font-size: medium;\">Kurbelradius: 116 mm<br \/><\/span><\/li><li><span style=\"font-size: medium;\">Gewicht: 1,4 kg<br \/><\/span><\/li><\/ul><p><span style=\"font-size: medium;\">Zubeh\u00f6r: Zwei zus\u00e4tzlich lieferbare Tischhalterungen zur sicheren Montage auf Arbeitsplatten ist in unserem Shop erh\u00e4ltlich.<\/span><\/p><p>Die Firma Kornkraft gew\u00e4hrt auf dieses Produkt 10 Jahre Herstellergarantie. Diese Garantie umfasst alle Fertigungs- und Materialfehler, nicht aber Besch\u00e4digungen an zerbrechlichen Teilen durch den Benutzer. Durch die Garantie werden die gesetzlichen Rechte aus der Gew\u00e4hrleistung nicht eingeschr\u00e4nkt. Die Garantie wird getragen von Kornkraft Getreidem\u00fchlen, H\u00fcttenstra\u00dfe 6 &#8211; 7, 66839 Schmelz und gilt in Deutschland. Im Garantiefall wenden Sie sich direkt an Kornkraft Getreidem\u00fchlen unter Tel. 068871557 oder nat\u00fcrlich gerne an uns.<\/p><p><span style=\"color: #ffffff;\">Luba<\/span><\/p><\/div>","protected":false},"excerpt":{"rendered":"<p>Getreidem\u00fchle Mulino &#8211; die Charmante von Kornkraft\u00a0Diese Getreidem\u00fchle ist faszinierend: kraftvoll, fl\u00fcsterleise und ohne viel Raum zu beanspruchen macht sie sich ans t\u00e4gliche (Mahl-)Werk. Dank ihrer handwerklich soliden Verarbeitung steckt sie in der K\u00fcche so manchen Knuff ohne Murren weg. Und flexibel wie sie ist, kann sie sich sowohl als Tischm\u00fchle sehen lassen, als auch [&hellip;]<\/p>\n","protected":false},"featured_media":335,"template":"","meta":[],"product_brand":[],"product_cat":[182],"product_tag":[],"class_list":{"0":"post-1406","1":"product","2":"type-product","3":"status-publish","4":"has-post-thumbnail","6":"product_cat-handmuehlen","7":"product_shipping_class-direkt-luba","9":"first","10":"instock","11":"sale","12":"taxable","13":"shipping-taxable","14":"purchasable","15":"product-type-simple"},"supplier_id":1283,"supplier_sku":"190-100","barcode":null,"atum_controlled":true,"out_stock_date":null,"out_stock_threshold":null,"inheritable":false,"inbound_stock":0,"stock_on_hold":0,"sold_today":0,"sales_last_days":1,"reserved_stock":0,"customer_returns":0,"warehouse_damage":0,"lost_in_post":0,"other_logs":0,"out_stock_days":0,"lost_sales":0,"has_location":false,"update_date":"2026-01-29T00:35:54","atum_locations":[],"atum_stock_status":"instock","restock_status":false,"low_stock_amount":"","sales_update_date":"2025-11-30T03:34:25","calc_backorders":null,"_links":{"self":[{"href":"https:\/\/wordpress.famberg.de\/index.php\/wp-json\/wp\/v2\/product\/1406","targetHints":{"allow":["GET"]}}],"collection":[{"href":"https:\/\/wordpress.famberg.de\/index.php\/wp-json\/wp\/v2\/product"}],"about":[{"href":"https:\/\/wordpress.famberg.de\/index.php\/wp-json\/wp\/v2\/types\/product"}],"wp:featuredmedia":[{"embeddable":true,"href":"https:\/\/wordpress.famberg.de\/index.php\/wp-json\/wp\/v2\/media\/335"}],"wp:attachment":[{"href":"https:\/\/wordpress.famberg.de\/index.php\/wp-json\/wp\/v2\/media?parent=1406"}],"wp:term":[{"taxonomy":"product_brand","embeddable":true,"href":"https:\/\/wordpress.famberg.de\/index.php\/wp-json\/wp\/v2\/product_brand?post=1406"},{"taxonomy":"product_cat","embeddable":true,"href":"https:\/\/wordpress.famberg.de\/index.php\/wp-json\/wp\/v2\/product_cat?post=1406"},{"taxonomy":"product_tag","embeddable":true,"href":"https:\/\/wordpress.famberg.de\/index.php\/wp-json\/wp\/v2\/product_tag?post=1406"}],"curies":[{"name":"wp","href":"https:\/\/api.w.org\/{rel}","templated":true}]}}