{"id":1307,"date":"2024-02-24T11:23:46","date_gmt":"2024-02-24T10:23:46","guid":{"rendered":"https:\/\/wordpress.famberg.de\/index.php\/produkt\/gartenliege-sonnenliege-flores-deckchair-aus-teakholz-mit-raeder\/"},"modified":"2025-04-08T19:16:18","modified_gmt":"2025-04-08T17:16:18","slug":"gartenliege-sonnenliege-flores-deckchair-aus-teakholz-mit-raeder","status":"publish","type":"product","link":"https:\/\/wordpress.famberg.de\/index.php\/produkt\/gartenliege-sonnenliege-flores-deckchair-aus-teakholz-mit-raeder\/","title":{"rendered":"deVries Gartenliege Sonnenliege Flores Deckchair aus Teakholz mit R\u00e4der"},"content":{"rendered":"<div><p><span style=\"font-size: medium;\"><strong>Gartenliege Flores Deckchair von deVries*<\/strong><\/span><\/p><p>Super bequem und hochwertig verarbeitet, pure Entspannung, so k\u00f6nnen Sie den Sommer geniesen! Die Liege Flores ist aus echtem Teakholz hochwertig verarbeitet. Der Liegestuhl ist im R\u00fcckenteil mehrfach verstellbar, hat<br \/>eine hohe Lehne und gew\u00e4hrleistet dadurch einen sehr angenehmen Sitzkomfort. Zusammenklappbar kann diese Liege platzsparend untergebracht werden.<\/p><\/div><div class=\"grey\"><ul class=\"datenlisting\"><li><span style=\"font-size: medium;\">aus echtem Teakholz, sehr hochwertig verarbeitet<br \/><\/span><\/li><li><span style=\"font-size: medium;\">Deckchair mit mehrfach verstellbarem R\u00fcckenteil<\/span><\/li><li><span style=\"font-size: medium;\">ergonomisch geformte Sitz- und R\u00fcckenfl\u00e4che<\/span><\/li><li><span style=\"font-size: medium;\">mit R\u00e4dern<br \/><\/span><\/li><li><span style=\"font-size: medium;\">zusammenklappbar<\/span><\/li><\/ul><\/div><p><span style=\"font-size: medium;\">Abmessungen:<\/span><\/p><ul><li><span style=\"font-size: medium;\"><strong>Breite :<\/strong> ca. 61cm<\/span><\/li><li><span style=\"font-size: medium;\"><strong>Tiefe :<\/strong>\u00a0ca. 155cm<\/span><\/li><li><span style=\"font-size: medium;\"><strong>Lehnenh\u00f6he :<\/strong> ca. 98cm <\/span><\/li><\/ul><p><span style=\"color: #000000; font-size: medium;\">Mit Teakholzm\u00f6beln von deVries* kommt in Ihrem Garten Sommer-Freude auf. <\/span><span style=\"font-size: medium;\"><br \/><\/span><span style=\"font-family: Arial; font-size: small;\"><span style=\"font-size: medium;\"><span style=\"font-size: 12.0pt;\"><br \/><b>Wir beraten Sie sehr gern.<\/b><\/span><\/span><\/span><\/p><p><span style=\"font-size: medium;\"><span style=\"font-size: medium;\">Im klassischen Teakholzm\u00f6belbereich haben Aktualisierungen des Designs, insbesondere aber auch stabilere Beschl\u00e4ge mit ver\u00e4nderten Konstruktionen zu einer deutlichen qualitativen wie optischen Aufwertung gef\u00fchrt. Die Oberfl\u00e4chenbehandlung fast aller Modelle gibt dem Teakholzm\u00f6belprogramm den &#8222;besonderen Schliff&#8220;. Teakholzm\u00f6bel der Marke DekoVries sind Schmuckst\u00fccke f\u00fcr jeden Garten &#8211; sch\u00f6ne und solide M\u00f6bel, die jeden Gartensitzplatz in einen gem\u00fctlichen Treffpunkt mit einzigartigem Ambiente verwandeln.<\/span><\/span>Das Holz f\u00fcr die Teakholzm\u00f6bel stammt ausschlie\u00dflich aus den Staatsplantagen Indonesiens, die von der Perhutani, der staatlichen<br \/>Forstverwaltung, verwaltet werden. In diesen Plantagen wird seit ca. 100 Jahren Teak nach streng forstwirtschaftlichen Richtlinien an- und abgebaut, um das Gleichgewicht zwischen Holzgewinnung und Neuanpflanzung<br \/>zu gew\u00e4hrleisten. Zur Fertigung der M\u00f6bel setzt DekoVries nur ofengetrocknetes Holz ein. Um die gute Qualit\u00e4t der M\u00f6bel zu gew\u00e4hrleisten, besch\u00e4ftigt DekoVries auf Java unter europ\u00e4ischer Leitung rund 300 Mitarbeiter, die ausschlie\u00dflich f\u00fcr die Endbearbeitung, Qualit\u00e4tskontrolle und Verpackung zust\u00e4ndig sind. Jedes M\u00f6belst\u00fcck wird so auf Verarbeitung und Funktion gepr\u00fcft.<\/p><p><span style=\"font-size: medium;\">\u00a0<\/span><span style=\"font-size: medium;\">Wie jedes Holz reagiert auch Teakholz auf Witterungseinfl\u00fcsse. Farbabweichungen sind ebenso normal wie Haarrisse. Diese beeintr\u00e4chtigen aber in keiner Weise die lange Haltbarkeit der M\u00f6belst\u00fccke. Im Freien aufgestellte Teakholzm\u00f6bel, die nicht behandelt werden, bekommen mit der Zeit eine silbergraue Patine, die von vielen Kunden sogar ausdr\u00fccklich gew\u00fcnscht wird. Sie k\u00f6nnen jedoch mit speziellen Pflegeprodukten, die wir auch anbieten,\u00a0 jederzeit den urspr\u00fcnglichen Farbton zur\u00fcck erhalten. Freuen Sie sich auf den Sommer und lassen Sie sich von unserem umfangreichen Sortiment inspirieren&#8230;<\/span><\/p><p><span style=\"font-size: medium;\">\u00a0<\/span><span style=\"font-size: medium;\">* deVries ist eine Marke der Dekovries GmbH <\/span><\/p>","protected":false},"excerpt":{"rendered":"<p>Gartenliege Flores Deckchair von deVries*Super bequem und hochwertig verarbeitet, pure Entspannung, so k\u00f6nnen Sie den Sommer geniesen! Die Liege Flores ist aus echtem Teakholz hochwertig verarbeitet. Der Liegestuhl ist im R\u00fcckenteil mehrfach verstellbar, hateine hohe Lehne und gew\u00e4hrleistet dadurch einen sehr angenehmen Sitzkomfort. Zusammenklappbar kann diese Liege platzsparend untergebracht werden.aus echtem Teakholz, sehr hochwertig verarbeitetDeckchair [&hellip;]<\/p>\n","protected":false},"featured_media":194,"template":"","meta":[],"product_brand":[],"product_cat":[110],"product_tag":[],"class_list":{"0":"post-1307","1":"product","2":"type-product","3":"status-publish","4":"has-post-thumbnail","6":"product_cat-gartenmoebel","7":"product_shipping_class-spedition","8":"pa_farbe-teak","10":"first","11":"instock","12":"taxable","13":"shipping-taxable","14":"purchasable","15":"product-type-simple"},"supplier_id":1294,"supplier_sku":"62302C","barcode":null,"atum_controlled":true,"out_stock_date":null,"out_stock_threshold":null,"inheritable":false,"inbound_stock":0,"stock_on_hold":0,"sold_today":0,"sales_last_days":0,"reserved_stock":0,"customer_returns":0,"warehouse_damage":0,"lost_in_post":0,"other_logs":0,"out_stock_days":0,"lost_sales":0,"has_location":false,"update_date":"2025-04-08T17:16:19","atum_locations":[],"atum_stock_status":"instock","restock_status":false,"low_stock_amount":"","sales_update_date":"2024-10-23T14:02:45","calc_backorders":null,"_links":{"self":[{"href":"https:\/\/wordpress.famberg.de\/index.php\/wp-json\/wp\/v2\/product\/1307","targetHints":{"allow":["GET"]}}],"collection":[{"href":"https:\/\/wordpress.famberg.de\/index.php\/wp-json\/wp\/v2\/product"}],"about":[{"href":"https:\/\/wordpress.famberg.de\/index.php\/wp-json\/wp\/v2\/types\/product"}],"wp:featuredmedia":[{"embeddable":true,"href":"https:\/\/wordpress.famberg.de\/index.php\/wp-json\/wp\/v2\/media\/194"}],"wp:attachment":[{"href":"https:\/\/wordpress.famberg.de\/index.php\/wp-json\/wp\/v2\/media?parent=1307"}],"wp:term":[{"taxonomy":"product_brand","embeddable":true,"href":"https:\/\/wordpress.famberg.de\/index.php\/wp-json\/wp\/v2\/product_brand?post=1307"},{"taxonomy":"product_cat","embeddable":true,"href":"https:\/\/wordpress.famberg.de\/index.php\/wp-json\/wp\/v2\/product_cat?post=1307"},{"taxonomy":"product_tag","embeddable":true,"href":"https:\/\/wordpress.famberg.de\/index.php\/wp-json\/wp\/v2\/product_tag?post=1307"}],"curies":[{"name":"wp","href":"https:\/\/api.w.org\/{rel}","templated":true}]}}