{"id":1296,"date":"2024-02-24T11:23:33","date_gmt":"2024-02-24T10:23:33","guid":{"rendered":"https:\/\/wordpress.famberg.de\/index.php\/produkt\/schutzhuelle-schutzhaube-strandkorb-schutz-3-groessen-xxl-152-cm\/"},"modified":"2026-03-27T12:10:57","modified_gmt":"2026-03-27T11:10:57","slug":"schutzhuelle-schutzhaube-strandkorb-schutz-3-groessen-xxl-152-cm","status":"publish","type":"product","link":"https:\/\/wordpress.famberg.de\/index.php\/produkt\/schutzhuelle-schutzhaube-strandkorb-schutz-3-groessen-xxl-152-cm\/","title":{"rendered":"deVries Schutzh\u00fclle Schutzhaube f\u00fcr Strandkorb Sommer &#038; Winter XXL 152 cm"},"content":{"rendered":"<h1><span style=\"font-size: medium;\">Hier die neusten Modelle von DeVries Schutzhauben f\u00fcr Ihren Strandkorb!<\/span><\/h1><div class=\"grey\"><ul class=\"datenlisting\"><li><span style=\"font-size: medium;\">f\u00fcr einen optimalen Schutz gegen Witterungseinfl\u00fcsse und Schmutz<\/span><\/li><li><span style=\"font-size: medium;\">verl\u00e4ngert die Lebensdauer Ihres Strandkorbs<\/span><\/li><li><span style=\"font-size: medium;\">formstabiles Polyester-Gewebe <\/span><\/li><li><span style=\"font-size: medium;\">verst\u00e4rkter Rand mit Metall\u00f6sen<\/span><\/li><li><span style=\"font-size: medium;\">mit zwei Rei\u00dfverschl\u00fcssen f\u00fcr einen bequemen \u00dcberwurf<\/span><\/li><li><span style=\"font-size: medium;\">mit zwei seitlichen Ventilations-Fenstern<\/span><\/li><\/ul><\/div><div><span style=\"font-size: medium;\"><strong>Ganzjahreshaube! Diese hochwertige Schutzhaube ist f\u00fcr Sommer und Winter geeignet.<\/strong><\/span><\/div><div><\/div><div><span style=\"font-size: medium;\">Die neuen Schutzhauben von DeVries kommen nicht in der Kuststoffh\u00fclle sondern im Produktkarton.<\/span><\/div><div><\/div><p><span style=\"font-size: medium;\"><u><b>Gr\u00f6\u00dfe &#8222;L&#8220;<\/b><\/u><b>\u00a0\u00a0 <\/b>passend f\u00fcr folgende Strandk\u00f6rbe<\/span><\/p><ul><li><div class=\"grey\"><span style=\"font-size: medium;\">Twin Compact<\/span><\/div><\/li><li><div class=\"grey\"><span style=\"font-size: medium;\">Twin Hiddensee<\/span><\/div><\/li><li><div class=\"grey\"><span style=\"font-size: medium;\">Trend 40<\/span><\/div><\/li><li><div class=\"grey\"><span style=\"font-size: medium;\">TRENDY PURE Eco<\/span><\/div><\/li><li><div class=\"grey\"><span style=\"font-size: medium;\">TRENDY PURE Standard<\/span><\/div><\/li><li><div class=\"grey\"><p><span style=\"font-size: medium;\">TRENDY PURE Greenline 120<\/span><\/p><p>Breite 128 cm &#8211; Tief 95 &#8211; Hoch 165<br \/>Polyester-Gewebe, dunkelgrau<\/p><\/div><\/li><\/ul><p><span style=\"font-size: medium;\"><u><b>Gr\u00f6\u00dfe &#8222;XL&#8220;<\/b><\/u>\u00a0\u00a0 passend f\u00fcr folgende Strandk\u00f6rbe<\/span><\/p><ul class=\"datenlisting\"><li><span style=\"font-size: medium;\">TRENDY PURE Classic XL Sun<\/span><\/li><li><span style=\"font-size: medium;\">TRENDY PURE Greenline 140 XL<\/span><\/li><li><span style=\"font-size: medium;\">PURE Greenline 170 XL<\/span><\/li><li><span style=\"font-size: medium;\">PURE Comfort XL<\/span><\/li><li><span style=\"font-size: medium;\">PURE Friesland XL<\/span><\/li><li><span style=\"font-size: medium;\">PURE Nautic XL<\/span><\/li><li><span style=\"font-size: medium;\">PURE Baltic XL und Baltic XL ALU<\/span><\/li><li><span style=\"font-size: medium;\">PURE Sailor XL<\/span><\/li><\/ul><p><span style=\"font-size: medium;\">\u00a0\u00a0\u00a0\u00a0\u00a0\u00a0\u00a0\u00a0\u00a0\u00a0\u00a0\u00a0 Breite 135 cm &#8211; Tief 95 &#8211; Hoch 165<br \/>Polyester-Gewebe, dunkelgrau<\/span><\/p><p><u><b>Gr\u00f6\u00dfe &#8222;XXL&#8220;\u00a0<\/b><\/u>\u00a0\u00a0 passend f\u00fcr folgende Strandk\u00f6rbe<\/p><ul><li><span style=\"font-size: medium;\">PURE Friesland XXL<\/span><\/li><li><span style=\"font-size: medium;\">PURE Nautic XXL<\/span><\/li><li><span style=\"font-size: medium;\">PURE Baltic XXL<\/span><\/li><\/ul><p><span style=\"font-size: medium;\">\u00a0\u00a0\u00a0\u00a0\u00a0\u00a0\u00a0\u00a0\u00a0 Breite 152 cm &#8211; Tief 95 &#8211; Hoch 165 <\/span><\/p><p><span style=\"font-size: medium;\">\u00a0\u00a0\u00a0\u00a0\u00a0\u00a0\u00a0\u00a0\u00a0 Polyester-Gewebe, dunkelgrau <\/span><\/p><div><span style=\"font-size: medium;\">* deVries ist eine Marke der Dekovries GmbH<\/span><\/div><div>Strandk\u00f6rbe sind nicht wasserdicht. Bei Regen entweder Schutzh\u00fclle benutzen oder alle Kissen aus dem Korb entfernen.<\/div><p>Um Schimmelbildung zu vermeiden, muss der Korb regelm\u00e4\u00dfig bel\u00fcftet werden.<\/p>","protected":false},"excerpt":{"rendered":"<p>Hier die neusten Modelle von DeVries Schutzhauben f\u00fcr Ihren Strandkorb!f\u00fcr einen optimalen Schutz gegen Witterungseinfl\u00fcsse und Schmutzverl\u00e4ngert die Lebensdauer Ihres Strandkorbsformstabiles Polyester-Gewebe verst\u00e4rkter Rand mit Metall\u00f6senmit zwei Rei\u00dfverschl\u00fcssen f\u00fcr einen bequemen \u00dcberwurfmit zwei seitlichen Ventilations-FensternGanzjahreshaube! Diese hochwertige Schutzhaube ist f\u00fcr Sommer und Winter geeignet.Die neuen Schutzhauben von DeVries kommen nicht in der Kuststoffh\u00fclle sondern im [&hellip;]<\/p>\n","protected":false},"featured_media":55,"template":"","meta":[],"product_brand":[],"product_cat":[108],"product_tag":[],"class_list":{"0":"post-1296","1":"product","2":"type-product","3":"status-publish","4":"has-post-thumbnail","6":"product_cat-gartenzubehoer","7":"product_shipping_class-paketversand","8":"pa_farbe-grau","9":"pa_produkart-schutzhaube","11":"first","12":"instock","13":"taxable","14":"shipping-taxable","15":"purchasable","16":"product-type-simple"},"supplier_id":1294,"supplier_sku":"10528","barcode":null,"atum_controlled":true,"out_stock_date":null,"out_stock_threshold":null,"inheritable":false,"inbound_stock":0,"stock_on_hold":0,"sold_today":0,"sales_last_days":2,"reserved_stock":0,"customer_returns":0,"warehouse_damage":0,"lost_in_post":0,"other_logs":0,"out_stock_days":0,"lost_sales":0,"has_location":false,"update_date":"2026-03-27T11:10:59","atum_locations":[],"atum_stock_status":"instock","restock_status":false,"low_stock_amount":"","sales_update_date":null,"calc_backorders":null,"_links":{"self":[{"href":"https:\/\/wordpress.famberg.de\/index.php\/wp-json\/wp\/v2\/product\/1296","targetHints":{"allow":["GET"]}}],"collection":[{"href":"https:\/\/wordpress.famberg.de\/index.php\/wp-json\/wp\/v2\/product"}],"about":[{"href":"https:\/\/wordpress.famberg.de\/index.php\/wp-json\/wp\/v2\/types\/product"}],"wp:featuredmedia":[{"embeddable":true,"href":"https:\/\/wordpress.famberg.de\/index.php\/wp-json\/wp\/v2\/media\/55"}],"wp:attachment":[{"href":"https:\/\/wordpress.famberg.de\/index.php\/wp-json\/wp\/v2\/media?parent=1296"}],"wp:term":[{"taxonomy":"product_brand","embeddable":true,"href":"https:\/\/wordpress.famberg.de\/index.php\/wp-json\/wp\/v2\/product_brand?post=1296"},{"taxonomy":"product_cat","embeddable":true,"href":"https:\/\/wordpress.famberg.de\/index.php\/wp-json\/wp\/v2\/product_cat?post=1296"},{"taxonomy":"product_tag","embeddable":true,"href":"https:\/\/wordpress.famberg.de\/index.php\/wp-json\/wp\/v2\/product_tag?post=1296"}],"curies":[{"name":"wp","href":"https:\/\/api.w.org\/{rel}","templated":true}]}}