{"id":1290,"date":"2024-02-24T11:23:25","date_gmt":"2024-02-24T10:23:25","guid":{"rendered":"https:\/\/wordpress.famberg.de\/index.php\/produkt\/getreidemuehle-oktagon-1-steinmuehle-testsieger\/"},"modified":"2025-12-19T00:03:52","modified_gmt":"2025-12-18T23:03:52","slug":"getreidemuehle-oktagon-1-steinmuehle-testsieger","status":"publish","type":"product","link":"https:\/\/wordpress.famberg.de\/index.php\/produkt\/getreidemuehle-oktagon-1-steinmuehle-testsieger\/","title":{"rendered":"Hawos Getreidem\u00fchle Oktagon 1 Steinm\u00fchle Testsieger"},"content":{"rendered":"<div style=\"width: 200px;\"><\/div><p><strong>\u00a0<\/strong><\/p><div><b><span style=\"font-family: Arial, Helvetica, sans-serif;\"><span style=\"font-size: 12pt; font-family: Arial;\">Getreidem\u00fchle Oktagon 1<br \/><\/span><\/span><\/b><\/div><div><b><span style=\"font-family: Arial, Helvetica, sans-serif;\"><span style=\"font-size: 12pt; font-family: Arial;\">Pure Natur in Ihrer K\u00fcche<\/span><\/span><\/b><\/div><div><span style=\"font-family: Arial, Helvetica, sans-serif;\"><span style=\"font-size: 12pt; font-family: Arial;\">\u00a0<\/span><\/span><\/div><div><p><span style=\"font-family: Arial, Helvetica, sans-serif;\"><span style=\"font-size: 12pt; font-family: Arial;\">Aus jedem Blickwinkel pr\u00e4sentiert Sich die Oktagon anders. <span style=\"font-family: Arial, Helvetica, sans-serif;\">Durch<\/span> Licht und Schatten entstehen immer wieder andere Ansichten der drei oder vier sichtbaren Seiten der Oktagon. Auf den Geh\u00e4useseiten ist die\u00a0Oberfl\u00e4che\u00a0aus massiver Buche, mal hell leuchtend, daneben schattig-samtig. Das Zusammenspiel von eckigen und runden Elementen schafft ein spannendes und gleichwohl harmonisches Design.<\/span><\/span><\/p><p>Bei aller Sch\u00f6neit kommt die Leistung nicht zu kurz wie das <span style=\"font-family: Arial, Helvetica, sans-serif;\">n<\/span>euste Testurteil vom Testmagazin zeigt. Egal ob als kompakte Oktagon 1 oder als grosse Oktagon 2 (diese finden\u00a0Sie auch im Shop) mit kr\u00e4ftigem Motor\u00a0bei geringer Ger\u00e4uscheentwicklung. Auch in der Bedienung ist Sie vielseitig und komfortabel.<\/p><\/div><p>&nbsp;<\/p><div><\/div><p>&nbsp;<\/p><div><span style=\"font-family: Arial, Helvetica, sans-serif;\"><span style=\"font-size: 12pt; font-family: Arial;\">hawo &#8222;s M\u00fchlen \u00fcberzeugen\u00a0durch wertvolle Materialien, ausgereifte Technik und langlebige Funktion.<\/span><\/span><\/div><div><\/div><div><b><span style=\"color: #006600; font-family: Arial, Helvetica, sans-serif;\"><span style=\"font-size: 12pt; font-family: Arial;\"><span style=\"font-family: Arial, Helvetica, sans-serif;\">Die Zeitschrift Testmagazin testete die Oktagon 1 und hat sie auf das Siegertreppchen gestellt. Bei dieser Getreidem\u00fchle passt einfach alles zusammen. Die Oktagon 1 war von 8 getesteten M\u00fchlen die einzige, welche mit dem Testergebnis sehr gut abgeschnitten hat.<br \/><\/span><\/span><\/span><\/b><\/div><div><span style=\"font-family: Arial, Helvetica, sans-serif;\"><span style=\"font-size: 12pt; font-family: Arial;\"><span style=\"font-family: Arial, Helvetica, sans-serif;\"><span style=\"color: #006600;\">Im Test: 1 x sehr gut &#8211; 6 x gut &#8211; 1 x befriedigend<\/span><br \/><\/span><\/span><\/span><\/div><div><span style=\"font-family: Arial, Helvetica, sans-serif;\"><span style=\"font-size: 12pt; font-family: Arial;\"><span style=\"font-family: Arial, Helvetica, sans-serif;\">\u00a0<\/span><\/span><\/span><\/div><ul><li><span style=\"font-family: Arial, Helvetica, sans-serif;\"><span style=\"font-size: 12pt; font-family: Arial;\">Oktagon 1 eignet sich f\u00fcr einen 1-4 Personen-Haushalt<\/span><\/span><\/li><li><span style=\"font-family: Arial, Helvetica, sans-serif;\"><span style=\"font-size: 12pt; font-family: Arial;\">Mahlleistung<span style=\"font-family: Arial, Helvetica, sans-serif;\"> pro Minute, stufenlos einstellbar<\/span> <\/span><\/span><ul><li><span style=\"font-family: Arial, Helvetica, sans-serif;\"><span style=\"font-size: 12pt; font-family: Arial;\">bei Einstellung fein: ca. 125g <\/span><\/span><\/li><li><span style=\"font-family: Arial, Helvetica;\"><span style=\"font-size: 12pt; font-family: Arial;\">bei Einstellung extrafein<span style=\"font-family: Arial, Helvetica;\">:<\/span> ca.100g<\/span><\/span><\/li><li><span style=\"font-family: Arial, Helvetica, sans-serif;\"><span style=\"font-size: 12pt; font-family: Arial;\">bei Einstellung grob: ca. 300g<\/span><\/span><\/li><\/ul><\/li><li><span style=\"font-family: Arial, Helvetica, sans-serif;\"><span style=\"font-size: 12pt; font-family: Arial;\">Trichterf\u00fcllmenge (Weizen) ca. 1100g<\/span><\/span><\/li><li><span style=\"font-family: Arial, Helvetica, sans-serif;\"><span style=\"font-size: 12pt; font-family: Arial;\">Mahlstein Druchmesser: 100mm<\/span><\/span><\/li><li><span style=\"font-family: Arial, Helvetica, sans-serif;\"><span style=\"font-size: 12pt; font-family: Arial;\">Lautstarke in dB: ca. 68<\/span><\/span><\/li><li><span style=\"font-family: Arial, Helvetica, sans-serif;\"><span style=\"font-size: 12pt; font-family: Arial;\">Motorleistung: 360W<\/span><\/span><span style=\"font-size: 12pt; font-family: Arial;\"> \/ 230 V<span style=\"font-family: Arial, Helvetica, sans-serif;\"> mit Aufpreis auch mit 110V lieferbar<\/span><\/span><\/li><li><span style=\"font-family: Arial, Helvetica, sans-serif;\"><span style=\"font-size: 12pt; font-family: Arial;\">Unterstellh\u00f6he f\u00fcr Sch\u00fcssel: 16cm<\/span><\/span><\/li><li><span style=\"font-family: Arial, Helvetica, sans-serif;\"><span style=\"font-size: 12pt; font-family: Arial;\">Ma\u00dfe in mm (BxHxT): 200 x 410 x 200<\/span><\/span><\/li><li><span style=\"font-family: Arial, Helvetica, sans-serif;\"><span style=\"font-size: 12pt; font-family: Arial;\"><span style=\"font-family: Arial, Helvetica, sans-serif;\">Gewicht: 8,8 kg<\/span><\/span><\/span><\/li><li><span style=\"font-family: Arial, Helvetica, sans-serif;\"><span style=\"font-size: 12pt; font-family: Arial;\"><span style=\"font-family: Arial, Helvetica, sans-serif;\">Geh\u00e4use: Buche, massiv<br \/><\/span><\/span><\/span><\/li><li><span style=\"font-family: Arial, Helvetica, sans-serif;\"><span style=\"font-size: 12pt; font-family: Arial;\">Oberfl\u00e4che mit Lein\u00f6lfirnis behandelt<\/span><\/span><\/li><\/ul><p><span style=\"font-size: 12pt; font-family: Arial;\"><b>Glutenfrei!\u00a0 <\/b>Auf Wunsch kann diese Getreidm\u00fchle auch glutenfrei eingemahlen geliefert werden.<\/span><\/p><p>Ralf<br \/>Pigge, Gesch\u00e4ftsf\u00fchrer der hawos kornm\u00fchlen GmbH ist \u00fcberzeugt,<br \/>Qualit\u00e4t hat Zukunft! Deshalb vergoldete er alle<br \/>Haushalts-Getreidem\u00fchlen aus der hawos kornm\u00fchlen GmbH mit einer <span style=\"color: #990000;\"><br \/>Garantiezeit von 10 JAHREN<span style=\"font-family: Arial, Helvetica, sans-serif;\"> <span style=\"color: #000000;\">( bei privater Nutzung, bei gewerblicher Nutzung eine Herstellergarantie von 2 Jahren).<\/span><\/span><\/span><\/p>","protected":false},"excerpt":{"rendered":"<p>\u00a0Getreidem\u00fchle Oktagon 1Pure Natur in Ihrer K\u00fcche\u00a0Aus jedem Blickwinkel pr\u00e4sentiert Sich die Oktagon anders. Durch Licht und Schatten entstehen immer wieder andere Ansichten der drei oder vier sichtbaren Seiten der Oktagon. Auf den Geh\u00e4useseiten ist die\u00a0Oberfl\u00e4che\u00a0aus massiver Buche, mal hell leuchtend, daneben schattig-samtig. Das Zusammenspiel von eckigen und runden Elementen schafft ein spannendes und gleichwohl [&hellip;]<\/p>\n","protected":false},"featured_media":240,"template":"","meta":[],"product_brand":[],"product_cat":[107],"product_tag":[],"class_list":{"0":"post-1290","1":"product","2":"type-product","3":"status-publish","4":"has-post-thumbnail","6":"product_cat-eletrische-getreidemuehlen","7":"product_shipping_class-direkt-luba","9":"first","10":"instock","11":"taxable","12":"shipping-taxable","13":"purchasable","14":"product-type-simple"},"supplier_id":1283,"supplier_sku":"300-800","barcode":null,"atum_controlled":false,"out_stock_date":null,"out_stock_threshold":null,"inheritable":false,"inbound_stock":0,"stock_on_hold":0,"sold_today":0,"sales_last_days":1,"reserved_stock":null,"customer_returns":null,"warehouse_damage":null,"lost_in_post":null,"other_logs":null,"out_stock_days":0,"lost_sales":0,"has_location":false,"update_date":"2025-12-18T23:03:54","atum_locations":[],"atum_stock_status":"instock","restock_status":false,"low_stock_amount":"","sales_update_date":"2025-12-09T19:04:00","calc_backorders":null,"_links":{"self":[{"href":"https:\/\/wordpress.famberg.de\/index.php\/wp-json\/wp\/v2\/product\/1290","targetHints":{"allow":["GET"]}}],"collection":[{"href":"https:\/\/wordpress.famberg.de\/index.php\/wp-json\/wp\/v2\/product"}],"about":[{"href":"https:\/\/wordpress.famberg.de\/index.php\/wp-json\/wp\/v2\/types\/product"}],"wp:featuredmedia":[{"embeddable":true,"href":"https:\/\/wordpress.famberg.de\/index.php\/wp-json\/wp\/v2\/media\/240"}],"wp:attachment":[{"href":"https:\/\/wordpress.famberg.de\/index.php\/wp-json\/wp\/v2\/media?parent=1290"}],"wp:term":[{"taxonomy":"product_brand","embeddable":true,"href":"https:\/\/wordpress.famberg.de\/index.php\/wp-json\/wp\/v2\/product_brand?post=1290"},{"taxonomy":"product_cat","embeddable":true,"href":"https:\/\/wordpress.famberg.de\/index.php\/wp-json\/wp\/v2\/product_cat?post=1290"},{"taxonomy":"product_tag","embeddable":true,"href":"https:\/\/wordpress.famberg.de\/index.php\/wp-json\/wp\/v2\/product_tag?post=1290"}],"curies":[{"name":"wp","href":"https:\/\/api.w.org\/{rel}","templated":true}]}}