{"id":1285,"date":"2024-02-24T11:23:19","date_gmt":"2024-02-24T10:23:19","guid":{"rendered":"https:\/\/wordpress.famberg.de\/index.php\/produkt\/getreidemuehle-billy-2-steinmuehle-elektrisch\/"},"modified":"2026-02-14T12:52:44","modified_gmt":"2026-02-14T11:52:44","slug":"getreidemuehle-billy-2-steinmuehle-elektrisch","status":"publish","type":"product","link":"https:\/\/wordpress.famberg.de\/index.php\/produkt\/getreidemuehle-billy-2-steinmuehle-elektrisch\/","title":{"rendered":"Hawos Getreidem\u00fchle Billy 2 Steinm\u00fchle elektrisch"},"content":{"rendered":"<div style=\"width: 200px;\"><\/div><p><span style=\"font-size: medium;\"><span style=\"color: #006600;\"><b>hawo&#8220;s Billy 200 Getreidem\u00fchle aus Multiplex Birke<\/b><\/span><\/span><\/p><p>Suchen Sie eine Getreidem\u00fchle f\u00fcr Ihre helle, moderne K\u00fcche dann treffen Sie mit der hawo&#8220;s Billy 200 die richtige Wahl.<br \/>Die qualitativ hochwertige hawo&#8220; s M\u00fchlentechnik verpackt in zeitlosen und unaufdringlichen Design und dabei ausgesprochen funktionell.<br \/>Die Motorleistung ist stark genug f\u00fcr alle anfallenden Mahlaufgaben im Haushalt, daf\u00fcr sorgen die extragro\u00dfen Korund-Keramiksteine (100mm). Der Industriemotor mit 600 Watt Leistung arbeitet verschlei\u00dffrei, die gro\u00dfen Mahlsteine mahlen zuverl\u00e4ssig jedes Getreide auch Mais zu feinem, frischen Vollkornmehl- und das Jahrzehnte lang. Das Mahlwerk ist hochelastisch gelagert und arbeitet angenehm leise.<br \/>Die Mahlkammer ist aus hygienischem lebensmittelechtem Kunststoff gearbeitet.<\/p><p>Massives Birken-Multiplex f\u00fcr das Geh\u00e4use! Multiplex (Leimholz) wird unter extrem starken Druck verleimt. Dadurch erh\u00e4lt das Material eine besonders hohe Stabilit\u00e4t und ist unempfindlich gegen Feuchtigkeit. Die hervorragende Holzmischung sorgt f\u00fcr eine langere Haltbarkeit. Die Oberfl\u00e4che wurde abschlie\u00dfend mit Lein\u00f6lfirnis veredelt.<\/p><p>Die hawo&#8220;s Billy 200 ist die extra starke Ausf\u00fchrung der Billy 100- auch in unserem Shop erh\u00e4ltlich!<\/p><p>Bestens geeignet f\u00fcr Vielb\u00e4cker, gro\u00dfe Familien, Gesundheitsberater. Einsetzbar f\u00fcr Kochkurse und den gewerblichen Einsatz im Bioladen, in der Schulk\u00fcche oder auch in der Kantine am Fr\u00fchst\u00fccksb\u00fcfett.<\/p><p>Produktmerkmale:<\/p><p>Mahlleistung:<\/p><ul><li><span style=\"font-size: medium;\">Einstellung fein ca. 220g<\/span><\/li><li><span style=\"font-size: medium;\">Einstellung extrafeiner ca.180g<\/span><\/li><li><span style=\"font-size: medium;\">Einstellung grob ca. 450g<\/span><\/li><li><span style=\"font-size: medium;\">stufenlos einstellbar<\/span><\/li><\/ul><p><span style=\"font-size: medium;\">\u00a0\u00a0\u00a0 Trichterf\u00fcllmenge (Weizen) ca. 1500g<br \/>Mahlgut: alle Getreidearten, auch Mais<br \/>Mahlstein Druchmesser: 100mm<br \/>Mahlkammer: Kunststoff, lebensmittelecht<br \/>Lautstarke in dB: ca. 72<br \/>Motorleistung: 600W<br \/>Unterstellh\u00f6he f\u00fcr Sch\u00fcssel: 17cm<br \/>Geh\u00e4use: Multiplex, Birke<br \/>Oberfl\u00e4che mit Lein\u00f6firnis behandelt<br \/>BxHxT: 210 x 450 x 210<br \/><\/span><\/p><div><span style=\"font-size: medium;\">\u00a0\u00a0\u00a0 Gewicht: 10,6 kg<br \/>Netzspannung: 230 V<\/span><\/div><div><span style=\"font-size: medium;\">\u00a0<\/span><\/div><p><span style=\"font-size: medium;\">Ralf Pigge, Gesch\u00e4ftsf\u00fchrer der hawos kornm\u00fchlen GmbH ist \u00fcberzeugt, Qualit\u00e4t hat Zukunft!<br \/>Deshalb vergoldet ab sofort eine <b>Garantiezeit von 10 JAHREN<\/b>, alle Haushalts-Getreidem\u00fchlen aus der hawos kornm\u00fchlen GmbH<br \/><\/span><\/p>","protected":false},"excerpt":{"rendered":"<p>hawo&#8220;s Billy 200 Getreidem\u00fchle aus Multiplex BirkeSuchen Sie eine Getreidem\u00fchle f\u00fcr Ihre helle, moderne K\u00fcche dann treffen Sie mit der hawo&#8220;s Billy 200 die richtige Wahl.Die qualitativ hochwertige hawo&#8220; s M\u00fchlentechnik verpackt in zeitlosen und unaufdringlichen Design und dabei ausgesprochen funktionell.Die Motorleistung ist stark genug f\u00fcr alle anfallenden Mahlaufgaben im Haushalt, daf\u00fcr sorgen die extragro\u00dfen [&hellip;]<\/p>\n","protected":false},"featured_media":231,"template":"","meta":[],"product_brand":[],"product_cat":[107],"product_tag":[],"class_list":{"0":"post-1285","1":"product","2":"type-product","3":"status-publish","4":"has-post-thumbnail","6":"product_cat-eletrische-getreidemuehlen","7":"product_shipping_class-direkt-luba","9":"first","10":"instock","11":"taxable","12":"shipping-taxable","13":"purchasable","14":"product-type-simple"},"supplier_id":1283,"supplier_sku":"300-349","barcode":null,"atum_controlled":true,"out_stock_date":null,"out_stock_threshold":null,"inheritable":false,"inbound_stock":0,"stock_on_hold":0,"sold_today":0,"sales_last_days":0,"reserved_stock":null,"customer_returns":null,"warehouse_damage":null,"lost_in_post":null,"other_logs":null,"out_stock_days":0,"lost_sales":0,"has_location":false,"update_date":"2026-02-14T11:52:46","atum_locations":[],"atum_stock_status":"instock","restock_status":false,"low_stock_amount":"","sales_update_date":null,"calc_backorders":null,"_links":{"self":[{"href":"https:\/\/wordpress.famberg.de\/index.php\/wp-json\/wp\/v2\/product\/1285","targetHints":{"allow":["GET"]}}],"collection":[{"href":"https:\/\/wordpress.famberg.de\/index.php\/wp-json\/wp\/v2\/product"}],"about":[{"href":"https:\/\/wordpress.famberg.de\/index.php\/wp-json\/wp\/v2\/types\/product"}],"wp:featuredmedia":[{"embeddable":true,"href":"https:\/\/wordpress.famberg.de\/index.php\/wp-json\/wp\/v2\/media\/231"}],"wp:attachment":[{"href":"https:\/\/wordpress.famberg.de\/index.php\/wp-json\/wp\/v2\/media?parent=1285"}],"wp:term":[{"taxonomy":"product_brand","embeddable":true,"href":"https:\/\/wordpress.famberg.de\/index.php\/wp-json\/wp\/v2\/product_brand?post=1285"},{"taxonomy":"product_cat","embeddable":true,"href":"https:\/\/wordpress.famberg.de\/index.php\/wp-json\/wp\/v2\/product_cat?post=1285"},{"taxonomy":"product_tag","embeddable":true,"href":"https:\/\/wordpress.famberg.de\/index.php\/wp-json\/wp\/v2\/product_tag?post=1285"}],"curies":[{"name":"wp","href":"https:\/\/api.w.org\/{rel}","templated":true}]}}